{"id":37448,"date":"2026-04-18T18:05:18","date_gmt":"2026-04-18T18:05:18","guid":{"rendered":"https:\/\/singuli.wpress.me\/index.php\/proizvod\/jar-platinum-kapsule-za-strojno-pranje-posuda-96-kom\/"},"modified":"2026-04-20T12:33:20","modified_gmt":"2026-04-20T12:33:20","slug":"jar-platinum-kapsule-za-strojno-pranje-posuda-96-kom","status":"publish","type":"product","link":"https:\/\/singuli.wpress.me\/index.php\/proizvod\/jar-platinum-kapsule-za-strojno-pranje-posuda-96-kom\/","title":{"rendered":"JAR Platinum, kapsule za strojno pranje posu\u0111a, 96, \u00a0kom"},"content":{"rendered":"<p>\nDOBIJTE VRHUNSKI \u010cISTO POSU\u0110E I UKLONITE \u010cAK I TVRDOKORNE OSTATKE HRANE. Uklonite zahtjevne tvrdokorne mrlje uz kapsule za perilicu posu\u0111a Jar Platinum All in One \u2013 va\u0161e rje\u0161enje za \u010di\u0161\u0107e posu\u0111e i sjajniju perilicu (u odnosu na Jar Original). Sna\u017eno uklanjaju \u010dak i zahtjevne tvrdokorne mrlje, kao \u0161to su sasu\u0161ena masno\u0107a i zape\u010dena hrana, te ostavljaju posu\u0111e i filter blistavo \u010distima. Ba\u0161 kao i teku\u0107i deterd\u017eent za pranje posu\u0111a Jar, ali u obliku prakti\u010dne kapsule. Omot kapsula Jar Platinum iznimno se brzo otapa kako bi odmah po\u010dele djelovati i pru\u017eati sna\u017eno \u010di\u0161\u0107enje. Kapsule kombiniraju teku\u0107i i pra\u0161kasti deterd\u017eent, izvanredno \u010diste i prakti\u010dne su za upotrebu. U\u017eivajte u besprijekornom sjaju i \u010distoj perilici koja miri\u0161e svje\u017ee. Upotreba ovih kapsula za perilicu posu\u0111a nevjerojatno je jednostavna jer sadr\u017ee sol i sredstvo za pomo\u0107 pri ispiranju perilice posu\u0111a. Stavite kapsulu u ladicu za deterd\u017eent i odmah zatvorite. Rukujte kapsulama samo suhim rukama. Ne skidajte omot i ne probijajte kapsulu. Dobro zatvorite ambala\u017eu nakon svake upotrebe.<\/p>\n","protected":false},"excerpt":{"rendered":"<p>Mo\u0107na kombinacija teku\u0107ine i praha s lako\u0107om rje\u0161ava najte\u017ee mrlje poput sasu\u0161ene masno\u0107e i zagorenih ostataka, pru\u017eaju\u0107i ja\u010di u\u010dinak od Jar Originala.<br \/>\nInovativni omot kapsule iznimno se brzo otapa, \u0161to omogu\u0107uje deterd\u017eentu da po\u010dne \u010distiti odmah \u010dim ciklus pranja zapo\u010dne<br \/>\nOsim besprijekornog sjaja posu\u0111a, ove kapsule aktivno \u010diste filter i unutra\u0161njost perilice, ostavljaju\u0107i dugotrajan osje\u0107aj svje\u017eine<\/p>\n","protected":false},"featured_media":37449,"template":"","meta":{"_seopress_robots_primary_cat":"","_seopress_titles_title":"","_seopress_titles_desc":"","_seopress_robots_index":"","iawp_total_views":0},"product_brand":[454],"product_cat":[314,238],"product_tag":[],"class_list":{"0":"post-37448","1":"product","2":"type-product","3":"status-publish","4":"has-post-thumbnail","6":"product_brand-jar","7":"product_cat-pranje-posuda-238","8":"product_cat-sve-za-dom","10":"first","11":"instock","12":"shipping-taxable","13":"purchasable","14":"product-type-simple"},"_links":{"self":[{"href":"https:\/\/singuli.wpress.me\/index.php\/wp-json\/wp\/v2\/product\/37448","targetHints":{"allow":["GET"]}}],"collection":[{"href":"https:\/\/singuli.wpress.me\/index.php\/wp-json\/wp\/v2\/product"}],"about":[{"href":"https:\/\/singuli.wpress.me\/index.php\/wp-json\/wp\/v2\/types\/product"}],"version-history":[{"count":0,"href":"https:\/\/singuli.wpress.me\/index.php\/wp-json\/wp\/v2\/product\/37448\/revisions"}],"wp:featuredmedia":[{"embeddable":true,"href":"https:\/\/singuli.wpress.me\/index.php\/wp-json\/wp\/v2\/media\/37449"}],"wp:attachment":[{"href":"https:\/\/singuli.wpress.me\/index.php\/wp-json\/wp\/v2\/media?parent=37448"}],"wp:term":[{"taxonomy":"product_brand","embeddable":true,"href":"https:\/\/singuli.wpress.me\/index.php\/wp-json\/wp\/v2\/product_brand?post=37448"},{"taxonomy":"product_cat","embeddable":true,"href":"https:\/\/singuli.wpress.me\/index.php\/wp-json\/wp\/v2\/product_cat?post=37448"},{"taxonomy":"product_tag","embeddable":true,"href":"https:\/\/singuli.wpress.me\/index.php\/wp-json\/wp\/v2\/product_tag?post=37448"}],"curies":[{"name":"wp","href":"https:\/\/api.w.org\/{rel}","templated":true}]}}