{"id":37489,"date":"2026-04-18T18:05:39","date_gmt":"2026-04-18T18:05:39","guid":{"rendered":"https:\/\/singuli.wpress.me\/index.php\/proizvod\/herbal-essences-argan-sampon-za-kosu-630-ml\/"},"modified":"2026-04-20T12:33:21","modified_gmt":"2026-04-20T12:33:21","slug":"herbal-essences-argan-sampon-za-kosu-630-ml","status":"publish","type":"product","link":"https:\/\/singuli.wpress.me\/index.php\/proizvod\/herbal-essences-argan-sampon-za-kosu-630-ml\/","title":{"rendered":"HERBAL ESSENCES Argan, \u0161ampon za kosu, 630\u00a0ml"},"content":{"rendered":"<p>Prepustite se njeguju\u0107em zagrljaju prirode. \u0160ampon Herbal Essences Argan Oil Repair poma\u017ee njegovati o\u0161te\u0107enu kosu te je \u010dini glatkom i sjajnom. Oboga\u0107ena \u010distim arganovim uljem iz Maroka, ova veganska formula bez silikona stvara bogatu pjenu i pro\u017eima va\u0161a osjetila za osje\u0107aj revitalizacije. Vratite prirodnu ljepotu svoje kose i otputujte u marokanski vrt pri svakom pranju kose te u\u017eivajte u luksuznom mirisu i \u010distoj njezi. <\/p>\n","protected":false},"excerpt":{"rendered":"<p>DO 3X VI\u0160E NJEGE:* otkrijte na\u0161u dosad najbolju nutritivnu njegu za kosu uz na\u0161u cjelovitu rutinu s kolekcijom Moroccan Argan Oil Repair<br \/>\nNJE\u017dNA NJEGA ZA GLATKU I SJAJNU KOSU: oboga\u0107en marokanskim arganovim uljem, na\u0161 \u0161ampon nje\u017eno \u010disti i obnavlja* meko\u0107u suhih, o\u0161te\u0107enih vlasi kose<br \/>\nNAHRANITE KOSU, UM I DU\u0160U: oboga\u0107ena marokanskim arganovim uljem, ova formula svojim \u0107e vas mirisom odvesti u marokanski vrt<\/p>\n","protected":false},"featured_media":37490,"template":"","meta":{"_seopress_robots_primary_cat":"","_seopress_titles_title":"","_seopress_titles_desc":"","_seopress_robots_index":"","iawp_total_views":0},"product_brand":[483],"product_cat":[268,300],"product_tag":[],"class_list":{"0":"post-37489","1":"product","2":"type-product","3":"status-publish","4":"has-post-thumbnail","6":"product_brand-herbal-essences","7":"product_cat-kozmetika-2","8":"product_cat-njega-kose-268","10":"first","11":"instock","12":"shipping-taxable","13":"purchasable","14":"product-type-simple"},"_links":{"self":[{"href":"https:\/\/singuli.wpress.me\/index.php\/wp-json\/wp\/v2\/product\/37489","targetHints":{"allow":["GET"]}}],"collection":[{"href":"https:\/\/singuli.wpress.me\/index.php\/wp-json\/wp\/v2\/product"}],"about":[{"href":"https:\/\/singuli.wpress.me\/index.php\/wp-json\/wp\/v2\/types\/product"}],"version-history":[{"count":0,"href":"https:\/\/singuli.wpress.me\/index.php\/wp-json\/wp\/v2\/product\/37489\/revisions"}],"wp:featuredmedia":[{"embeddable":true,"href":"https:\/\/singuli.wpress.me\/index.php\/wp-json\/wp\/v2\/media\/37490"}],"wp:attachment":[{"href":"https:\/\/singuli.wpress.me\/index.php\/wp-json\/wp\/v2\/media?parent=37489"}],"wp:term":[{"taxonomy":"product_brand","embeddable":true,"href":"https:\/\/singuli.wpress.me\/index.php\/wp-json\/wp\/v2\/product_brand?post=37489"},{"taxonomy":"product_cat","embeddable":true,"href":"https:\/\/singuli.wpress.me\/index.php\/wp-json\/wp\/v2\/product_cat?post=37489"},{"taxonomy":"product_tag","embeddable":true,"href":"https:\/\/singuli.wpress.me\/index.php\/wp-json\/wp\/v2\/product_tag?post=37489"}],"curies":[{"name":"wp","href":"https:\/\/api.w.org\/{rel}","templated":true}]}}