{"id":37507,"date":"2026-04-18T18:05:54","date_gmt":"2026-04-18T18:05:54","guid":{"rendered":"https:\/\/singuli.wpress.me\/index.php\/proizvod\/old-spice-cold-spice-gel-za-tusiranje-1000-ml\/"},"modified":"2026-04-21T00:26:51","modified_gmt":"2026-04-21T00:26:51","slug":"old-spice-cold-spice-gel-za-tusiranje-1000-ml","status":"publish","type":"product","link":"https:\/\/singuli.wpress.me\/index.php\/proizvod\/old-spice-cold-spice-gel-za-tusiranje-1000-ml\/","title":{"rendered":"OLD SPICE Cold Spice, gel za tu\u0161iranje, 1000\u00a0ml"},"content":{"rendered":"<p>Brrrrrrrrrrrrrr. Pripremi se za trenutni osje\u0107aj svje\u017eine uz Gel Za Tu\u0161iranje I \u0160ampon Old Spice Cold Spice za mu\u0161karce! Oslobodi nezaboravnu dugotrajnu svje\u017einu i fantamirisno samopouzdanje. Njegova formula za dubinsko \u010di\u0161\u0107enje oboga\u0107ena mirisom parfemske kvalitete s mentolom uklanja prljav\u0161tinu i neugodne mirise, a tvoja ko\u017ea ostaje svje\u017ea i \u010dista. Ova vi\u0161enamjenska 3-u-1 formula djelotvorna je za tvoje tijelo, kosu i lice tako da se mo\u017ee\u0161 usredoto\u010diti na svoje najodva\u017enije pothvate. Miris parfemske kvalitete Cool Mint, s osna\u017euju\u0107im notama smrznutog ru\u017emarina i osvje\u017eavaju\u0107im notama citrusa, odvest \u0107e te na pla\u017eu na kojoj pingvini surfaju sa stilom! Igraj na sve ili ni\u0161ta, sada je dostupan u EXTRA-XL pakiranju od 1000 ml.<\/p>\n","protected":false},"excerpt":{"rendered":"<p>PRIPREMI SE ZA NEVJEROJATAN OSJE\u0106AJ SVJE\u017dIIIINE! Gel Za Tu\u0161iranje I \u0160ampon Cold Spice s mentolom za osvje\u017eavaju\u0107i i dugotrajni parfemski miris svje\u017eine. Brrrrrrr<br \/>\nDUBINSKO \u010cI\u0160\u0106ENJE ZA OSJE\u0106AJ \u010cISTE KO\u017dE. Tu\u0161iranje je na novoj razini uz ovaj gel za tu\u0161iranje! Ovaj 3-u-1 gel za tu\u0161iranje ne uklanja samo neugodne mirise, ve\u0107 i tvoju ko\u017eu \u010dini neodoljivo svje\u017eom<br \/>\nISPROBAJ MIRIS PARFEMSKE KVALITETE COLD SPICE! Miris Cool Mint oboga\u0107en aromati\u010dnim biljem i osvje\u017eavaju\u0107om koricom limuna odvest \u0107e te na pla\u017eu na kojoj pingvini surfaju sa stilom<\/p>\n","protected":false},"featured_media":37508,"template":"","meta":{"_seopress_robots_primary_cat":"","_seopress_titles_title":"","_seopress_titles_desc":"","_seopress_robots_index":"","iawp_total_views":0},"product_brand":[448],"product_cat":[268,278],"product_tag":[],"class_list":{"0":"post-37507","1":"product","2":"type-product","3":"status-publish","4":"has-post-thumbnail","6":"product_brand-old-spice","7":"product_cat-kozmetika-2","8":"product_cat-njega-tijela-268","10":"first","11":"outofstock","12":"shipping-taxable","13":"purchasable","14":"product-type-simple"},"_links":{"self":[{"href":"https:\/\/singuli.wpress.me\/index.php\/wp-json\/wp\/v2\/product\/37507","targetHints":{"allow":["GET"]}}],"collection":[{"href":"https:\/\/singuli.wpress.me\/index.php\/wp-json\/wp\/v2\/product"}],"about":[{"href":"https:\/\/singuli.wpress.me\/index.php\/wp-json\/wp\/v2\/types\/product"}],"version-history":[{"count":0,"href":"https:\/\/singuli.wpress.me\/index.php\/wp-json\/wp\/v2\/product\/37507\/revisions"}],"wp:featuredmedia":[{"embeddable":true,"href":"https:\/\/singuli.wpress.me\/index.php\/wp-json\/wp\/v2\/media\/37508"}],"wp:attachment":[{"href":"https:\/\/singuli.wpress.me\/index.php\/wp-json\/wp\/v2\/media?parent=37507"}],"wp:term":[{"taxonomy":"product_brand","embeddable":true,"href":"https:\/\/singuli.wpress.me\/index.php\/wp-json\/wp\/v2\/product_brand?post=37507"},{"taxonomy":"product_cat","embeddable":true,"href":"https:\/\/singuli.wpress.me\/index.php\/wp-json\/wp\/v2\/product_cat?post=37507"},{"taxonomy":"product_tag","embeddable":true,"href":"https:\/\/singuli.wpress.me\/index.php\/wp-json\/wp\/v2\/product_tag?post=37507"}],"curies":[{"name":"wp","href":"https:\/\/api.w.org\/{rel}","templated":true}]}}