{"id":37530,"date":"2026-04-18T18:06:00","date_gmt":"2026-04-18T18:06:00","guid":{"rendered":"https:\/\/singuli.wpress.me\/index.php\/proizvod\/gillette-venus-breeze-patrone-6-kom\/"},"modified":"2026-04-20T12:33:21","modified_gmt":"2026-04-20T12:33:21","slug":"gillette-venus-breeze-patrone-6-kom","status":"publish","type":"product","link":"https:\/\/singuli.wpress.me\/index.php\/proizvod\/gillette-venus-breeze-patrone-6-kom\/","title":{"rendered":"GILLETTE Venus Breeze, patrone, 6\u00a0kom"},"content":{"rendered":"<p>Va\u0161a ko\u017ea zaslu\u017euje najbolje mogu\u0107e brijanje. Stoga je brija\u010d Gillette Venus ComfortGlide za \u017eene posebno osmi\u0161ljen za jedinstvene potrebe va\u0161e ko\u017ee. Pretvorite svoju rutinu brijanja u ugodan spa tretman. S trakicama gela s mirisom frezije, ovaj brija\u010d Venus ComfortGlide stvara pjenu i uklanja dla\u010dice u jednom potezu. Nema potrebe za gelom za brijanje jer je on izravno ugra\u0111en u zamjenjive britvice, a lubrikacija SkinCushion poma\u017ee za\u0161tititi ko\u017eu od iritacija uzrokovanih brijanjem. Brija\u010d s 3 o\u0161trice omogu\u0107uje do 30 dana glatkog brijanja. Zadr\u017eite dr\u0161ku i zamijenite o\u0161trice: na\u0161a protuklizna ergonomska dr\u0161ka omogu\u0107uje vam besprijekorne rezultate, a kompatibilna je i s bilo kojom zamjenskom britvicom za brija\u010d Venus za brijanje po va\u0161oj \u017eelji. Nabavite brija\u010d osmi\u0161ljen za va\u0161u ko\u017eu. Nabavite Gillette Venus ComfortGlide. Tra\u017eite jo\u0161 na\u010dina da ko\u017ei pru\u017eite ljubav koju zaslu\u017euje? Proizvodi Gillette Venus posebno su osmi\u0161ljeni za va\u0161e tijelo i dla\u010dice, bilo da dla\u010dice \u017eelite podrezati, obrijati, oblikovati ili urediti rubove. Istra\u017eite cijelu liniju ve\u0107 danas.<\/p>\n","protected":false},"excerpt":{"rendered":"<p>2-U-1 TRAKICE S GELOM ZA BRIJANJE: brija\u010d Venus ComfortGlide stvara pjenu i uklanja dla\u010dice u jednom potezu za do 30 dana glatko\u0107e<br \/>\nMIRIS FREZIJE: pretvara va\u0161u rutinu brijanja u osvje\u017eavaju\u0107e iskustvo<br \/>\n3 O\u0160TRICE ZA TEMELJITO BRIJANJE: lubrikacija SkinCushion poma\u017ee za\u0161tititi ko\u017eu od iritacija<\/p>\n","protected":false},"featured_media":37531,"template":"","meta":{"_seopress_robots_primary_cat":"","_seopress_titles_title":"","_seopress_titles_desc":"","_seopress_robots_index":"","iawp_total_views":0},"product_brand":[323],"product_cat":[266,265,160],"product_tag":[],"class_list":{"0":"post-37530","1":"product","2":"type-product","3":"status-publish","4":"has-post-thumbnail","6":"product_brand-gillette","7":"product_cat-aparati-za-kuhanje-265","8":"product_cat-kuhinjski-aparati-160","9":"product_cat-mali-kucanski-aparati","11":"first","12":"outofstock","13":"shipping-taxable","14":"purchasable","15":"product-type-simple"},"_links":{"self":[{"href":"https:\/\/singuli.wpress.me\/index.php\/wp-json\/wp\/v2\/product\/37530","targetHints":{"allow":["GET"]}}],"collection":[{"href":"https:\/\/singuli.wpress.me\/index.php\/wp-json\/wp\/v2\/product"}],"about":[{"href":"https:\/\/singuli.wpress.me\/index.php\/wp-json\/wp\/v2\/types\/product"}],"version-history":[{"count":0,"href":"https:\/\/singuli.wpress.me\/index.php\/wp-json\/wp\/v2\/product\/37530\/revisions"}],"wp:featuredmedia":[{"embeddable":true,"href":"https:\/\/singuli.wpress.me\/index.php\/wp-json\/wp\/v2\/media\/37531"}],"wp:attachment":[{"href":"https:\/\/singuli.wpress.me\/index.php\/wp-json\/wp\/v2\/media?parent=37530"}],"wp:term":[{"taxonomy":"product_brand","embeddable":true,"href":"https:\/\/singuli.wpress.me\/index.php\/wp-json\/wp\/v2\/product_brand?post=37530"},{"taxonomy":"product_cat","embeddable":true,"href":"https:\/\/singuli.wpress.me\/index.php\/wp-json\/wp\/v2\/product_cat?post=37530"},{"taxonomy":"product_tag","embeddable":true,"href":"https:\/\/singuli.wpress.me\/index.php\/wp-json\/wp\/v2\/product_tag?post=37530"}],"curies":[{"name":"wp","href":"https:\/\/api.w.org\/{rel}","templated":true}]}}