{"id":37595,"date":"2026-04-18T18:06:22","date_gmt":"2026-04-18T18:06:22","guid":{"rendered":"https:\/\/singuli.wpress.me\/index.php\/proizvod\/oral-b-pro-sensitive-zubna-cetkica\/"},"modified":"2026-04-20T12:33:21","modified_gmt":"2026-04-20T12:33:21","slug":"oral-b-pro-sensitive-zubna-cetkica","status":"publish","type":"product","link":"https:\/\/singuli.wpress.me\/index.php\/proizvod\/oral-b-pro-sensitive-zubna-cetkica\/","title":{"rendered":"ORAL-B Pro-Sensitive, zubna \u010detkica"},"content":{"rendered":"<p>Iskusite nje\u017eno \u010di\u0161\u0107enje uz klasi\u010dnu zubnu \u010detkicu ORAL-B PRO-SENSI ADVANCED s iznimno mekanim vlaknima koja uklanjaju bakterijske zubne naslage, \u010dak i uz rub desni. Ova \u010detkica koristi zna\u010dajke kao \u0161to su vlakna rascijepljena na vrhu za preciznije \u010di\u0161\u0107enje, ravno rezana vlakna za nje\u017enije pranje zubi i mala glava za lak\u0161i pristup svim podru\u010djima. Dobijte blistaviji, bjelji osmijeh te brinite o svom oralnom zdravlju uz ORAL-B, marku koju stomatolozi diljem svijeta najvi\u0161e koriste.*<\/p>\n<p>*Na temelju ispitivanja reprezentativnog uzorka stomatologa iz cijelog svijeta koja se provode za P&amp;G<\/p>\n","protected":false},"excerpt":{"rendered":"<p>ORAL-B PRO-SENSI ADVANCED, klasi\u010dna zubna \u010detkica s iznimno mekanim vlaknima za nje\u017eno \u010di\u0161\u0107enje<br \/>\nZNA\u010cAJKE ZA PRECIZNO \u010cI\u0160\u0106ENJE uklju\u010duju malu glavu za jednostavan pristup svim podru\u010djima i rascijepljena vlakna<br \/>\nUKLANJA BAKTERIJSKE ZUBNE NASLAGE \u010dak i uz rub desni<\/p>\n","protected":false},"featured_media":37596,"template":"","meta":{"_seopress_robots_primary_cat":"","_seopress_titles_title":"","_seopress_titles_desc":"","_seopress_robots_index":"","iawp_total_views":0},"product_brand":[423],"product_cat":[192,208,207],"product_tag":[],"class_list":{"0":"post-37595","1":"product","2":"type-product","3":"status-publish","4":"has-post-thumbnail","6":"product_brand-oral-b-2","7":"product_cat-aparati-za-osobnu-njegu","8":"product_cat-elektricne-i-manualne-cetkice-za-odrasle-i-djecu","9":"product_cat-oralna-higijena","11":"first","12":"instock","13":"shipping-taxable","14":"purchasable","15":"product-type-simple"},"_links":{"self":[{"href":"https:\/\/singuli.wpress.me\/index.php\/wp-json\/wp\/v2\/product\/37595","targetHints":{"allow":["GET"]}}],"collection":[{"href":"https:\/\/singuli.wpress.me\/index.php\/wp-json\/wp\/v2\/product"}],"about":[{"href":"https:\/\/singuli.wpress.me\/index.php\/wp-json\/wp\/v2\/types\/product"}],"version-history":[{"count":0,"href":"https:\/\/singuli.wpress.me\/index.php\/wp-json\/wp\/v2\/product\/37595\/revisions"}],"wp:featuredmedia":[{"embeddable":true,"href":"https:\/\/singuli.wpress.me\/index.php\/wp-json\/wp\/v2\/media\/37596"}],"wp:attachment":[{"href":"https:\/\/singuli.wpress.me\/index.php\/wp-json\/wp\/v2\/media?parent=37595"}],"wp:term":[{"taxonomy":"product_brand","embeddable":true,"href":"https:\/\/singuli.wpress.me\/index.php\/wp-json\/wp\/v2\/product_brand?post=37595"},{"taxonomy":"product_cat","embeddable":true,"href":"https:\/\/singuli.wpress.me\/index.php\/wp-json\/wp\/v2\/product_cat?post=37595"},{"taxonomy":"product_tag","embeddable":true,"href":"https:\/\/singuli.wpress.me\/index.php\/wp-json\/wp\/v2\/product_tag?post=37595"}],"curies":[{"name":"wp","href":"https:\/\/api.w.org\/{rel}","templated":true}]}}