{"id":37771,"date":"2026-04-18T18:07:35","date_gmt":"2026-04-18T18:07:35","guid":{"rendered":"https:\/\/singuli.wpress.me\/index.php\/proizvod\/becutan-48-1-vlazne-maramice\/"},"modified":"2026-04-20T12:33:22","modified_gmt":"2026-04-20T12:33:22","slug":"becutan-48-1-vlazne-maramice","status":"publish","type":"product","link":"https:\/\/singuli.wpress.me\/index.php\/proizvod\/becutan-48-1-vlazne-maramice\/","title":{"rendered":"BECUTAN 48\/1, vla\u017ene maramice"},"content":{"rendered":"<p>Becutan vla\u017ene maramice newborn aqua posebno su razvijene za najosjetljivije razdoblje \u017eivota, sadr\u017ee\u0107i do 99 % pro\u010di\u0161\u0107ene vode. Zahvaljuju\u0107i visokom udjelu vode, imaju klju\u010dnu ulogu u odr\u017eavanju svakodnevne higijene ko\u017ee novoro\u0111en\u010dadi. Pa\u017eljivo odabrana formulacija u potpunosti je bez parfema i alkohola, \u010dime se minimalizira rizik od iritacija. Maramice su iznimno nje\u017ene, hipoalergene i posjeduju neutralnu pH vrijednost, uz potvr\u0111enu dermatolo\u0161ku sigurnost.<\/p>\n","protected":false},"excerpt":{"rendered":"<p>Primarna njega temeljena na vodi, idealna za higijenu ko\u017ee od prvog dana \u017eivota<br \/>\nPosebno prilago\u0111ena ko\u017ei novoro\u0111en\u010dadi, bez dodanih parfema i alkohola<br \/>\nOdr\u017eava prirodnu ravnote\u017eu ko\u017ee, pru\u017eaju\u0107i iznimnu nje\u017enost pri svakom dodiru<\/p>\n","protected":false},"featured_media":37772,"template":"","meta":{"_seopress_robots_primary_cat":"","_seopress_titles_title":"","_seopress_titles_desc":"","_seopress_robots_index":"","iawp_total_views":0},"product_brand":[803],"product_cat":[268,278],"product_tag":[],"class_list":{"0":"post-37771","1":"product","2":"type-product","3":"status-publish","4":"has-post-thumbnail","6":"product_brand-becutan","7":"product_cat-kozmetika-2","8":"product_cat-njega-tijela-268","10":"first","11":"instock","12":"shipping-taxable","13":"purchasable","14":"product-type-simple"},"_links":{"self":[{"href":"https:\/\/singuli.wpress.me\/index.php\/wp-json\/wp\/v2\/product\/37771","targetHints":{"allow":["GET"]}}],"collection":[{"href":"https:\/\/singuli.wpress.me\/index.php\/wp-json\/wp\/v2\/product"}],"about":[{"href":"https:\/\/singuli.wpress.me\/index.php\/wp-json\/wp\/v2\/types\/product"}],"version-history":[{"count":0,"href":"https:\/\/singuli.wpress.me\/index.php\/wp-json\/wp\/v2\/product\/37771\/revisions"}],"wp:featuredmedia":[{"embeddable":true,"href":"https:\/\/singuli.wpress.me\/index.php\/wp-json\/wp\/v2\/media\/37772"}],"wp:attachment":[{"href":"https:\/\/singuli.wpress.me\/index.php\/wp-json\/wp\/v2\/media?parent=37771"}],"wp:term":[{"taxonomy":"product_brand","embeddable":true,"href":"https:\/\/singuli.wpress.me\/index.php\/wp-json\/wp\/v2\/product_brand?post=37771"},{"taxonomy":"product_cat","embeddable":true,"href":"https:\/\/singuli.wpress.me\/index.php\/wp-json\/wp\/v2\/product_cat?post=37771"},{"taxonomy":"product_tag","embeddable":true,"href":"https:\/\/singuli.wpress.me\/index.php\/wp-json\/wp\/v2\/product_tag?post=37771"}],"curies":[{"name":"wp","href":"https:\/\/api.w.org\/{rel}","templated":true}]}}