{"id":37837,"date":"2026-04-18T18:07:48","date_gmt":"2026-04-18T18:07:48","guid":{"rendered":"https:\/\/singuli.wpress.me\/index.php\/proizvod\/radgonske-gorice-biser-fizzy-classic-pjenusac-0-75-ml\/"},"modified":"2026-04-20T12:33:22","modified_gmt":"2026-04-20T12:33:22","slug":"radgonske-gorice-biser-fizzy-classic-pjenusac-0-75-ml","status":"publish","type":"product","link":"https:\/\/singuli.wpress.me\/index.php\/proizvod\/radgonske-gorice-biser-fizzy-classic-pjenusac-0-75-ml\/","title":{"rendered":"RADGONSKE GORICE Biser Fizzy Classic, pjenu\u0161ac, 0.75\u00a0ml"},"content":{"rendered":"<p>Ovaj poluslatki pjenu\u0161ac savr\u0161en je odabir za ljubitelje ne\u0161to mek\u0161ih i zaokru\u017eenijih okusa. Njegov karakter definira skladna ravnote\u017ea izme\u0111u svje\u017eine i nje\u017ene slatko\u0107e, \u0161to ga \u010dini iznimno pitkim i ugodnim za nepce.<\/p>\n<p>Svojim \u017eivahnim mjehuri\u0107ima i lepr\u0161avim aromama, ovaj Cuv\u00e9e unosi vedrinu u svaku priliku. Idealan je za trenutke opu\u0161tanja uz lagane zalogaje, kao i za dru\u0161tvena okupljanja gdje se tra\u017ei pi\u0107e koje \u0107e se svidjeti \u0161irokom krugu gostiju. Profinjen i pristupa\u010dan, ovaj pjenu\u0161ac je pravi &quot;crowd pleaser&quot;.<\/p>\n","protected":false},"excerpt":{"rendered":"<p>Volumen alkohola: 11,0 % vol.<br \/>\nStil: Poluslatko vino<br \/>\nGastro preporuka: Odli\u010dno se sla\u017ee uz lagana jela, grickalice, finger food, nareske, sireve te blago pikantna jela.<\/p>\n","protected":false},"featured_media":37838,"template":"","meta":{"_seopress_robots_primary_cat":"","_seopress_titles_title":"","_seopress_titles_desc":"","_seopress_robots_index":"","iawp_total_views":0},"product_brand":[805],"product_cat":[298,261],"product_tag":[],"class_list":{"0":"post-37837","1":"product","2":"type-product","3":"status-publish","4":"has-post-thumbnail","6":"product_brand-radgonske-gorice","7":"product_cat-alkoholna-pica-261","8":"product_cat-hrana-i-pice","10":"first","11":"instock","12":"shipping-taxable","13":"purchasable","14":"product-type-simple"},"_links":{"self":[{"href":"https:\/\/singuli.wpress.me\/index.php\/wp-json\/wp\/v2\/product\/37837","targetHints":{"allow":["GET"]}}],"collection":[{"href":"https:\/\/singuli.wpress.me\/index.php\/wp-json\/wp\/v2\/product"}],"about":[{"href":"https:\/\/singuli.wpress.me\/index.php\/wp-json\/wp\/v2\/types\/product"}],"version-history":[{"count":0,"href":"https:\/\/singuli.wpress.me\/index.php\/wp-json\/wp\/v2\/product\/37837\/revisions"}],"wp:featuredmedia":[{"embeddable":true,"href":"https:\/\/singuli.wpress.me\/index.php\/wp-json\/wp\/v2\/media\/37838"}],"wp:attachment":[{"href":"https:\/\/singuli.wpress.me\/index.php\/wp-json\/wp\/v2\/media?parent=37837"}],"wp:term":[{"taxonomy":"product_brand","embeddable":true,"href":"https:\/\/singuli.wpress.me\/index.php\/wp-json\/wp\/v2\/product_brand?post=37837"},{"taxonomy":"product_cat","embeddable":true,"href":"https:\/\/singuli.wpress.me\/index.php\/wp-json\/wp\/v2\/product_cat?post=37837"},{"taxonomy":"product_tag","embeddable":true,"href":"https:\/\/singuli.wpress.me\/index.php\/wp-json\/wp\/v2\/product_tag?post=37837"}],"curies":[{"name":"wp","href":"https:\/\/api.w.org\/{rel}","templated":true}]}}