{"id":37841,"date":"2026-04-18T18:07:49","date_gmt":"2026-04-18T18:07:49","guid":{"rendered":"https:\/\/singuli.wpress.me\/index.php\/proizvod\/radgonske-gorice-penina-zlata-rose-selection-pjenusac-0-75-ml\/"},"modified":"2026-04-20T12:33:22","modified_gmt":"2026-04-20T12:33:22","slug":"radgonske-gorice-penina-zlata-rose-selection-pjenusac-0-75-ml","status":"publish","type":"product","link":"https:\/\/singuli.wpress.me\/index.php\/proizvod\/radgonske-gorice-penina-zlata-rose-selection-pjenusac-0-75-ml\/","title":{"rendered":"RADGONSKE GORICE Penina Zlata Rose Selection, pjenu\u0161ac, 0.75\u00a0ml"},"content":{"rendered":"<p>Ovaj pjenu\u0161ac odmah privla\u010di pa\u017enju svojom prekrasnom, svijetlom i pozivaju\u0107om bojom lososova mesa. Krasi ga postojan vijenac i intenzivno perlanje mjehuri\u0107a srednje fino\u0107e koji nagovje\u0161tavaju vrhunsku kvalitetu.<\/p>\n<p>Mirisni buke je jasan i slojevit \u2013 osjete se note paprati, grejpa i badema, uz diskretan dodir korice kruha. Na nepcu je aromati\u010dan, blago za\u010dinjen, s tragovima papra i citrusa. Engleski bi ga poznavatelji opisali kao &quot;bone dry&quot; \u2013 beskompromisno suh, \u0161to ga uz izra\u017eenu svje\u017einu i ugodne kiseline \u010dini savr\u0161enim aperitivom za svaku prigodu.<\/p>\n","protected":false},"excerpt":{"rendered":"<p>Volumen alkohola: 12,0 % vol<br \/>\nVrlo suho (&#8220;bone dry&#8221;), idealno kao vrhunski aperitiv<br \/>\nGastro preporuka: Savr\u0161eno se sla\u017ee s lososom, kozicama, tunom, laganim narescima i svje\u017eim salatama<\/p>\n","protected":false},"featured_media":37842,"template":"","meta":{"_seopress_robots_primary_cat":"","_seopress_titles_title":"","_seopress_titles_desc":"","_seopress_robots_index":"","iawp_total_views":0},"product_brand":[805],"product_cat":[298,261],"product_tag":[],"class_list":{"0":"post-37841","1":"product","2":"type-product","3":"status-publish","4":"has-post-thumbnail","6":"product_brand-radgonske-gorice","7":"product_cat-alkoholna-pica-261","8":"product_cat-hrana-i-pice","10":"first","11":"outofstock","12":"shipping-taxable","13":"purchasable","14":"product-type-simple"},"_links":{"self":[{"href":"https:\/\/singuli.wpress.me\/index.php\/wp-json\/wp\/v2\/product\/37841","targetHints":{"allow":["GET"]}}],"collection":[{"href":"https:\/\/singuli.wpress.me\/index.php\/wp-json\/wp\/v2\/product"}],"about":[{"href":"https:\/\/singuli.wpress.me\/index.php\/wp-json\/wp\/v2\/types\/product"}],"version-history":[{"count":0,"href":"https:\/\/singuli.wpress.me\/index.php\/wp-json\/wp\/v2\/product\/37841\/revisions"}],"wp:featuredmedia":[{"embeddable":true,"href":"https:\/\/singuli.wpress.me\/index.php\/wp-json\/wp\/v2\/media\/37842"}],"wp:attachment":[{"href":"https:\/\/singuli.wpress.me\/index.php\/wp-json\/wp\/v2\/media?parent=37841"}],"wp:term":[{"taxonomy":"product_brand","embeddable":true,"href":"https:\/\/singuli.wpress.me\/index.php\/wp-json\/wp\/v2\/product_brand?post=37841"},{"taxonomy":"product_cat","embeddable":true,"href":"https:\/\/singuli.wpress.me\/index.php\/wp-json\/wp\/v2\/product_cat?post=37841"},{"taxonomy":"product_tag","embeddable":true,"href":"https:\/\/singuli.wpress.me\/index.php\/wp-json\/wp\/v2\/product_tag?post=37841"}],"curies":[{"name":"wp","href":"https:\/\/api.w.org\/{rel}","templated":true}]}}