{"id":37851,"date":"2026-04-18T18:07:50","date_gmt":"2026-04-18T18:07:50","guid":{"rendered":"https:\/\/singuli.wpress.me\/index.php\/proizvod\/radgonske-gorice-penina-srebrna-traminac-pjenusac-0-75-ml\/"},"modified":"2026-04-20T12:33:22","modified_gmt":"2026-04-20T12:33:22","slug":"radgonske-gorice-penina-srebrna-traminac-pjenusac-0-75-ml","status":"publish","type":"product","link":"https:\/\/singuli.wpress.me\/index.php\/proizvod\/radgonske-gorice-penina-srebrna-traminac-pjenusac-0-75-ml\/","title":{"rendered":"RADGONSKE GORICE Penina Srebrna traminac, pjenu\u0161ac, 0.75\u00a0ml"},"content":{"rendered":"<p>Pjenu\u0161avo vino koje \u0107e vas osvojiti svojom posebno\u0161\u0107u, dok \u0107e vas istovremeno \u0161armirati svojom tradicionalno\u0161\u0107u, kako izgledom, tako i okusom. Njegov miris otkriva rascvjetale divlje ru\u017ee s blagim dodirom ugodnih za\u010dina, stvaraju\u0107i bogat i nezaboravan aromatski profil.<\/p>\n<p>Po\u010detna rasko\u0161 aroma pretvara se u eleganciju i nje\u017enost \u010dim prvi mjehuri\u0107i zagolicaju va\u0161 jezik. Ovo je pjenu\u0161ac neovisnog i samouvjerenog stila koji ne ostavlja ravnodu\u0161nim. Dopustite mu da vas zavede svojom profinjeno\u0161\u0107u i postane zvijezda va\u0161ih posebnih trenutaka.<\/p>\n","protected":false},"excerpt":{"rendered":"<p>Volumen alkohola: 12,0 % vol.<br \/>\nSastav: 100% Traminac<br \/>\nGastro preporuka: Idealno se sla\u017ee uz deserte i slatko vo\u0107e<\/p>\n","protected":false},"featured_media":37852,"template":"","meta":{"_seopress_robots_primary_cat":"","_seopress_titles_title":"","_seopress_titles_desc":"","_seopress_robots_index":"","iawp_total_views":0},"product_brand":[805],"product_cat":[298,261],"product_tag":[],"class_list":{"0":"post-37851","1":"product","2":"type-product","3":"status-publish","4":"has-post-thumbnail","6":"product_brand-radgonske-gorice","7":"product_cat-alkoholna-pica-261","8":"product_cat-hrana-i-pice","10":"first","11":"instock","12":"shipping-taxable","13":"purchasable","14":"product-type-simple"},"_links":{"self":[{"href":"https:\/\/singuli.wpress.me\/index.php\/wp-json\/wp\/v2\/product\/37851","targetHints":{"allow":["GET"]}}],"collection":[{"href":"https:\/\/singuli.wpress.me\/index.php\/wp-json\/wp\/v2\/product"}],"about":[{"href":"https:\/\/singuli.wpress.me\/index.php\/wp-json\/wp\/v2\/types\/product"}],"version-history":[{"count":0,"href":"https:\/\/singuli.wpress.me\/index.php\/wp-json\/wp\/v2\/product\/37851\/revisions"}],"wp:featuredmedia":[{"embeddable":true,"href":"https:\/\/singuli.wpress.me\/index.php\/wp-json\/wp\/v2\/media\/37852"}],"wp:attachment":[{"href":"https:\/\/singuli.wpress.me\/index.php\/wp-json\/wp\/v2\/media?parent=37851"}],"wp:term":[{"taxonomy":"product_brand","embeddable":true,"href":"https:\/\/singuli.wpress.me\/index.php\/wp-json\/wp\/v2\/product_brand?post=37851"},{"taxonomy":"product_cat","embeddable":true,"href":"https:\/\/singuli.wpress.me\/index.php\/wp-json\/wp\/v2\/product_cat?post=37851"},{"taxonomy":"product_tag","embeddable":true,"href":"https:\/\/singuli.wpress.me\/index.php\/wp-json\/wp\/v2\/product_tag?post=37851"}],"curies":[{"name":"wp","href":"https:\/\/api.w.org\/{rel}","templated":true}]}}