{"id":37864,"date":"2026-04-18T18:07:52","date_gmt":"2026-04-18T18:07:52","guid":{"rendered":"https:\/\/singuli.wpress.me\/index.php\/proizvod\/raid-sredstvo-protiv-moljaca-miris-lavande-2-kom\/"},"modified":"2026-04-21T00:26:53","modified_gmt":"2026-04-21T00:26:53","slug":"raid-sredstvo-protiv-moljaca-miris-lavande-2-kom","status":"publish","type":"product","link":"https:\/\/singuli.wpress.me\/index.php\/proizvod\/raid-sredstvo-protiv-moljaca-miris-lavande-2-kom\/","title":{"rendered":"RAID, sredstvo protiv moljaca, miris lavande, 2\u00a0kom"},"content":{"rendered":"<p><span style=\"font-weight: bold\">Raid\u00ae Sredstvo protiv moljaca<\/span> \u0161titi va\u0161u odje\u0107u tijekom cijele sezone. Esencija lavande ostavlja ugodan miris u va\u0161im ormarima i ladicama.<\/p>\n<p><span style=\"font-weight: bold\">Upute za uporabu: <\/span><br \/>\nUklonite aluminijsku membranu s pole\u0111ine. Pomo\u0107u kukice postavite u ormar, ladicu ili na drugu ravnu povr\u0161inu. Izbjegavajte direktan kontakt propustljive membrane sa odje\u0107om, ormarom i povr\u0161inama polica. U ormarima veli\u010dine 0,5m3 preporu\u010duje se kori\u0161tenje 2 komada. Zamijenite na kraju svake sezone ili kada se gel osu\u0161i i miris nestane. Za maksimalnu u\u010dinkovitost dr\u017eite ladice i ormare zatvorenima. <\/p>\n","protected":false},"excerpt":{"rendered":"<p>Uni\u0161tava moljce kroz 14 dana<br \/>\nZa odje\u0107u ugodnog mirisa<br \/>\nTerme s mirisom lavande<\/p>\n","protected":false},"featured_media":37865,"template":"","meta":{"_seopress_robots_primary_cat":"","_seopress_titles_title":"","_seopress_titles_desc":"","_seopress_robots_index":"","iawp_total_views":0},"product_brand":[457],"product_cat":[274,238],"product_tag":[],"class_list":{"0":"post-37864","1":"product","2":"type-product","3":"status-publish","4":"has-post-thumbnail","6":"product_brand-raid","7":"product_cat-kucanski-pribor-238","8":"product_cat-sve-za-dom","10":"first","11":"instock","12":"shipping-taxable","13":"purchasable","14":"product-type-simple"},"_links":{"self":[{"href":"https:\/\/singuli.wpress.me\/index.php\/wp-json\/wp\/v2\/product\/37864","targetHints":{"allow":["GET"]}}],"collection":[{"href":"https:\/\/singuli.wpress.me\/index.php\/wp-json\/wp\/v2\/product"}],"about":[{"href":"https:\/\/singuli.wpress.me\/index.php\/wp-json\/wp\/v2\/types\/product"}],"version-history":[{"count":0,"href":"https:\/\/singuli.wpress.me\/index.php\/wp-json\/wp\/v2\/product\/37864\/revisions"}],"wp:featuredmedia":[{"embeddable":true,"href":"https:\/\/singuli.wpress.me\/index.php\/wp-json\/wp\/v2\/media\/37865"}],"wp:attachment":[{"href":"https:\/\/singuli.wpress.me\/index.php\/wp-json\/wp\/v2\/media?parent=37864"}],"wp:term":[{"taxonomy":"product_brand","embeddable":true,"href":"https:\/\/singuli.wpress.me\/index.php\/wp-json\/wp\/v2\/product_brand?post=37864"},{"taxonomy":"product_cat","embeddable":true,"href":"https:\/\/singuli.wpress.me\/index.php\/wp-json\/wp\/v2\/product_cat?post=37864"},{"taxonomy":"product_tag","embeddable":true,"href":"https:\/\/singuli.wpress.me\/index.php\/wp-json\/wp\/v2\/product_tag?post=37864"}],"curies":[{"name":"wp","href":"https:\/\/api.w.org\/{rel}","templated":true}]}}