{"id":37982,"date":"2026-04-18T18:08:30","date_gmt":"2026-04-18T18:08:30","guid":{"rendered":"https:\/\/singuli.wpress.me\/index.php\/proizvod\/becutan-hidratantna-krema-200-ml\/"},"modified":"2026-04-20T12:33:23","modified_gmt":"2026-04-20T12:33:23","slug":"becutan-hidratantna-krema-200-ml","status":"publish","type":"product","link":"https:\/\/singuli.wpress.me\/index.php\/proizvod\/becutan-hidratantna-krema-200-ml\/","title":{"rendered":"BECUTAN, hidratantna krema, 200\u00a0ml"},"content":{"rendered":"<p>Pru\u017eite svojoj bebi najnje\u017eniju njegu uz Becutan dje\u010dju hidratantnu kremu. Ova krema dolazi s osobito laganom formulom koja je posebno razvijena za potrebe osjetljive bebine ko\u017ee. Oboga\u0107ena mo\u0107nim kompleksom vitamina A, C i E te bogatom mje\u0161avinom prirodnih ulja (maslina, sjemenke gro\u017e\u0111a, badem i suncokret), dubinski hrani ko\u017eu i ja\u010da njezinu prirodnu za\u0161titnu barijeru. Zahvaljuju\u0107i laganoj teksturi, krema se upija u trenutku, ostavljaju\u0107i ko\u017eu mekanom i mirisnom tijekom cijelog dana, bez osje\u0107aja masno\u0107e.<\/p>\n","protected":false},"excerpt":{"rendered":"<p>Sadr\u017ei vitamine A, C i E te \u010detiri prirodna ulja koja osiguravaju vrhunsku hidrataciju i njegu<br \/>\nPosebno osmi\u0161ljena formula omogu\u0107uje ko\u017ei da odmah upije kremu, ostavljaju\u0107i je nje\u017enom i glatkom bez iritacija<br \/>\nProizvod je klini\u010dki ispitan, ne sadr\u017ei alkohol ni parabene te ima prilago\u0111enu pH vrijednost za najosjetljiviju ko\u017eu<\/p>\n","protected":false},"featured_media":37983,"template":"","meta":{"_seopress_robots_primary_cat":"","_seopress_titles_title":"","_seopress_titles_desc":"","_seopress_robots_index":"","iawp_total_views":0},"product_brand":[803],"product_cat":[268,278],"product_tag":[],"class_list":{"0":"post-37982","1":"product","2":"type-product","3":"status-publish","4":"has-post-thumbnail","6":"product_brand-becutan","7":"product_cat-kozmetika-2","8":"product_cat-njega-tijela-268","10":"first","11":"instock","12":"shipping-taxable","13":"purchasable","14":"product-type-simple"},"_links":{"self":[{"href":"https:\/\/singuli.wpress.me\/index.php\/wp-json\/wp\/v2\/product\/37982","targetHints":{"allow":["GET"]}}],"collection":[{"href":"https:\/\/singuli.wpress.me\/index.php\/wp-json\/wp\/v2\/product"}],"about":[{"href":"https:\/\/singuli.wpress.me\/index.php\/wp-json\/wp\/v2\/types\/product"}],"version-history":[{"count":0,"href":"https:\/\/singuli.wpress.me\/index.php\/wp-json\/wp\/v2\/product\/37982\/revisions"}],"wp:featuredmedia":[{"embeddable":true,"href":"https:\/\/singuli.wpress.me\/index.php\/wp-json\/wp\/v2\/media\/37983"}],"wp:attachment":[{"href":"https:\/\/singuli.wpress.me\/index.php\/wp-json\/wp\/v2\/media?parent=37982"}],"wp:term":[{"taxonomy":"product_brand","embeddable":true,"href":"https:\/\/singuli.wpress.me\/index.php\/wp-json\/wp\/v2\/product_brand?post=37982"},{"taxonomy":"product_cat","embeddable":true,"href":"https:\/\/singuli.wpress.me\/index.php\/wp-json\/wp\/v2\/product_cat?post=37982"},{"taxonomy":"product_tag","embeddable":true,"href":"https:\/\/singuli.wpress.me\/index.php\/wp-json\/wp\/v2\/product_tag?post=37982"}],"curies":[{"name":"wp","href":"https:\/\/api.w.org\/{rel}","templated":true}]}}