{"id":37986,"date":"2026-04-18T18:08:31","date_gmt":"2026-04-18T18:08:31","guid":{"rendered":"https:\/\/singuli.wpress.me\/index.php\/proizvod\/paclan-expert-punjive-vrecice-za-hranu-350-kom\/"},"modified":"2026-04-20T12:33:23","modified_gmt":"2026-04-20T12:33:23","slug":"paclan-expert-punjive-vrecice-za-hranu-350-kom","status":"publish","type":"product","link":"https:\/\/singuli.wpress.me\/index.php\/proizvod\/paclan-expert-punjive-vrecice-za-hranu-350-kom\/","title":{"rendered":"PACLAN Expert, punjive vre\u0107ice za hranu, 350 kom"},"content":{"rendered":"<p>Paclan Expert vre\u0107ice na roli od HDPE materijala certificiranog za kontakt s hranom. Ekonomi\u010dno pakiranje od 350 komada. Prakti\u010dne i izdr\u017eljive vre\u0107ice idealne za svakodnevno kori\u0161tenje.<\/p>\n","protected":false},"excerpt":{"rendered":"<p>Certificirano za kontakt s hranom \u2014 izra\u0111ene od HDPE materijala s osiguranom sigurno\u0161\u0107u i higijenom<br \/>\n350 komada u roli \u2014 super ekonomi\u010dno pakiranje za intenzivnu svakodnevnu upotrebu<br \/>\nLagane ali \u010dvrste \u2014 jednostavne za upotrebu i idealne za svakodnevno kori\u0161tenje<\/p>\n","protected":false},"featured_media":37987,"template":"","meta":{"_seopress_robots_primary_cat":"","_seopress_titles_title":"","_seopress_titles_desc":"","_seopress_robots_index":"","iawp_total_views":0},"product_brand":[474],"product_cat":[274,238],"product_tag":[],"class_list":{"0":"post-37986","1":"product","2":"type-product","3":"status-publish","4":"has-post-thumbnail","6":"product_brand-paclan","7":"product_cat-kucanski-pribor-238","8":"product_cat-sve-za-dom","10":"first","11":"outofstock","12":"shipping-taxable","13":"purchasable","14":"product-type-simple"},"_links":{"self":[{"href":"https:\/\/singuli.wpress.me\/index.php\/wp-json\/wp\/v2\/product\/37986","targetHints":{"allow":["GET"]}}],"collection":[{"href":"https:\/\/singuli.wpress.me\/index.php\/wp-json\/wp\/v2\/product"}],"about":[{"href":"https:\/\/singuli.wpress.me\/index.php\/wp-json\/wp\/v2\/types\/product"}],"version-history":[{"count":0,"href":"https:\/\/singuli.wpress.me\/index.php\/wp-json\/wp\/v2\/product\/37986\/revisions"}],"wp:featuredmedia":[{"embeddable":true,"href":"https:\/\/singuli.wpress.me\/index.php\/wp-json\/wp\/v2\/media\/37987"}],"wp:attachment":[{"href":"https:\/\/singuli.wpress.me\/index.php\/wp-json\/wp\/v2\/media?parent=37986"}],"wp:term":[{"taxonomy":"product_brand","embeddable":true,"href":"https:\/\/singuli.wpress.me\/index.php\/wp-json\/wp\/v2\/product_brand?post=37986"},{"taxonomy":"product_cat","embeddable":true,"href":"https:\/\/singuli.wpress.me\/index.php\/wp-json\/wp\/v2\/product_cat?post=37986"},{"taxonomy":"product_tag","embeddable":true,"href":"https:\/\/singuli.wpress.me\/index.php\/wp-json\/wp\/v2\/product_tag?post=37986"}],"curies":[{"name":"wp","href":"https:\/\/api.w.org\/{rel}","templated":true}]}}