{"id":38044,"date":"2026-04-18T18:08:46","date_gmt":"2026-04-18T18:08:46","guid":{"rendered":"https:\/\/singuli.wpress.me\/index.php\/proizvod\/radgonske-gorice-penina-zlata-brut-pjenusac-0-75-ml\/"},"modified":"2026-04-20T12:33:23","modified_gmt":"2026-04-20T12:33:23","slug":"radgonske-gorice-penina-zlata-brut-pjenusac-0-75-ml","status":"publish","type":"product","link":"https:\/\/singuli.wpress.me\/index.php\/proizvod\/radgonske-gorice-penina-zlata-brut-pjenusac-0-75-ml\/","title":{"rendered":"RADGONSKE GORICE Penina Zlata Brut, pjenu\u0161ac, 0.75\u00a0ml"},"content":{"rendered":"<p>Pjenu\u0161avo vino stvoreno da zadovolji i najzahtjevnija nepca. Rije\u010d je o iznimno suhom (extra brut) pjenu\u0161cu koji iznena\u0111uje svojom \u017eivahno\u0161\u0107u i besprijekornom svje\u017einom.<\/p>\n<p>Njegov miris i okus su opojni; dominiraju vo\u0107ne note koje prizivaju sje\u0107anja na livade pune proljetnog cvije\u0107a. U pozadini se suptilno javljaju karakteristi\u010dne, ali delikatne note dozrijevanja, poput mirisa svje\u017ee pe\u010denog kruha i tosta, koje ispunjavaju nepce i otkrivaju svu rasko\u0161 &quot;Selection&quot; linije u punom sjaju.<\/p>\n","protected":false},"excerpt":{"rendered":"<p>Volumen alkohola: 12,0 % vol.<br \/>\nVrlo suho: Idealno za ljubitelje &#8220;extra brut&#8221; stila.<br \/>\nGastro preporuka: Savr\u0161en uz sushi, plodove mora, pr\u0161ut, zrele sireve i razne slane zalogaje<\/p>\n","protected":false},"featured_media":38045,"template":"","meta":{"_seopress_robots_primary_cat":"","_seopress_titles_title":"","_seopress_titles_desc":"","_seopress_robots_index":"","iawp_total_views":0},"product_brand":[805],"product_cat":[298,261],"product_tag":[],"class_list":{"0":"post-38044","1":"product","2":"type-product","3":"status-publish","4":"has-post-thumbnail","6":"product_brand-radgonske-gorice","7":"product_cat-alkoholna-pica-261","8":"product_cat-hrana-i-pice","10":"first","11":"instock","12":"shipping-taxable","13":"purchasable","14":"product-type-simple"},"_links":{"self":[{"href":"https:\/\/singuli.wpress.me\/index.php\/wp-json\/wp\/v2\/product\/38044","targetHints":{"allow":["GET"]}}],"collection":[{"href":"https:\/\/singuli.wpress.me\/index.php\/wp-json\/wp\/v2\/product"}],"about":[{"href":"https:\/\/singuli.wpress.me\/index.php\/wp-json\/wp\/v2\/types\/product"}],"version-history":[{"count":0,"href":"https:\/\/singuli.wpress.me\/index.php\/wp-json\/wp\/v2\/product\/38044\/revisions"}],"wp:featuredmedia":[{"embeddable":true,"href":"https:\/\/singuli.wpress.me\/index.php\/wp-json\/wp\/v2\/media\/38045"}],"wp:attachment":[{"href":"https:\/\/singuli.wpress.me\/index.php\/wp-json\/wp\/v2\/media?parent=38044"}],"wp:term":[{"taxonomy":"product_brand","embeddable":true,"href":"https:\/\/singuli.wpress.me\/index.php\/wp-json\/wp\/v2\/product_brand?post=38044"},{"taxonomy":"product_cat","embeddable":true,"href":"https:\/\/singuli.wpress.me\/index.php\/wp-json\/wp\/v2\/product_cat?post=38044"},{"taxonomy":"product_tag","embeddable":true,"href":"https:\/\/singuli.wpress.me\/index.php\/wp-json\/wp\/v2\/product_tag?post=38044"}],"curies":[{"name":"wp","href":"https:\/\/api.w.org\/{rel}","templated":true}]}}