{"id":38118,"date":"2026-04-18T18:09:13","date_gmt":"2026-04-18T18:09:13","guid":{"rendered":"https:\/\/singuli.wpress.me\/index.php\/proizvod\/pampers-premium-care-pelene-vel-7-15kg-99-kom\/"},"modified":"2026-04-20T12:33:23","modified_gmt":"2026-04-20T12:33:23","slug":"pampers-premium-care-pelene-vel-7-15kg-99-kom","status":"publish","type":"product","link":"https:\/\/singuli.wpress.me\/index.php\/proizvod\/pampers-premium-care-pelene-vel-7-15kg-99-kom\/","title":{"rendered":"PAMPERS Premium Care, pelene, Vel. 7, 15kg+, 99\u00a0kom"},"content":{"rendered":"<p>NA\u0160A NAJBOLJA ZA\u0160TITA KO\u017dE I ZA\u0160TITA OD PROPU\u0160TANJA. Pampersova najbolja udobnost i za\u0161tita za osjetljivu bebinu ko\u017eu \u2013 testirale i odobrile bebe! Pampersove pelene Br. 1 osmislili smo posebno za nje\u017enu ko\u017eu novoro\u0111en\u010dadi. A ovo je i na\u0161 Br. 1 protiv propu\u0161tanja. Pelene Pampers Premium Care pru\u017eaju na\u0161u najbolju za\u0161titu, zahvaljuju\u0107i zna\u010dajkama kao \u0161to su: 1) TRENUTNO UPIJANJE s preko 1000 upijaju\u0107ih sitnih pora koje u trenu odvla\u010de vla\u017enost i rijetku stolicu kako bi ko\u017ea ostala suha i za\u0161ti\u0107ena. 2) D\u017dEP STOP &amp; PROTECT koji spre\u010dava propu\u0161tanje rijetke stolice odostraga. 3) JASTU\u010cASTI, IZNIMNO MEKANI MATERIJALI koji obavijaju bebinu ko\u017eu poput ugodnog, za\u0161titnog obla\u010di\u0107a. 4) Na\u0161e UDOBNO PRIANJANJE sa sustavom pri\u010dvr\u0161\u0107ivanja trakicama koje se preklapaju. I 5) na\u0161 iznimno nje\u017ean POJAS FLEX &amp; PROTECT posebno osmi\u0161ljen za za\u0161titu osjetljive bebine ko\u017ee na trbu\u0161\u010di\u0107u. Dje\u010dje pelene Pampers Premium Care 100% su sigurne za bebinu ko\u017eu: dermatolo\u0161ki su ispitane i odobrili su ih dermatolozi udru\u017eenja Skin Health Alliance. Nije ni \u010dudo da ih novoro\u0111en\u010dad odobrava!<\/p>\n","protected":false},"excerpt":{"rendered":"<p>Na\u0161a najbolja za\u0161tita ko\u017ee i za\u0161tita od propu\u0161tanja: Poseban POJAS FLEX &amp; PROTECT udobno prianja i poma\u017ee za\u0161tititi osjetljivu ko\u017eu!<br \/>\nJEDINSTVEN SLOJ DERMA COMFORT s vi\u0161e od 1000 SITNIH PORA za odvla\u010denje rijetke stolice i vla\u017enosti od ko\u017ee<br \/>\nIZNIMNA PROZRA\u010cNOST ZA KO\u017dU u dodiru s bebinom osjetljivom ko\u017eom<\/p>\n","protected":false},"featured_media":38119,"template":"","meta":{"_seopress_robots_primary_cat":"","_seopress_titles_title":"","_seopress_titles_desc":"","_seopress_robots_index":"","iawp_total_views":0},"product_brand":[444],"product_cat":[211,310],"product_tag":[],"class_list":{"0":"post-38118","1":"product","2":"type-product","3":"status-publish","4":"has-post-thumbnail","6":"product_brand-pampers","7":"product_cat-njega-majke-i-djeteta","8":"product_cat-pelene-211","10":"first","11":"instock","12":"shipping-taxable","13":"purchasable","14":"product-type-simple"},"_links":{"self":[{"href":"https:\/\/singuli.wpress.me\/index.php\/wp-json\/wp\/v2\/product\/38118","targetHints":{"allow":["GET"]}}],"collection":[{"href":"https:\/\/singuli.wpress.me\/index.php\/wp-json\/wp\/v2\/product"}],"about":[{"href":"https:\/\/singuli.wpress.me\/index.php\/wp-json\/wp\/v2\/types\/product"}],"version-history":[{"count":0,"href":"https:\/\/singuli.wpress.me\/index.php\/wp-json\/wp\/v2\/product\/38118\/revisions"}],"wp:featuredmedia":[{"embeddable":true,"href":"https:\/\/singuli.wpress.me\/index.php\/wp-json\/wp\/v2\/media\/38119"}],"wp:attachment":[{"href":"https:\/\/singuli.wpress.me\/index.php\/wp-json\/wp\/v2\/media?parent=38118"}],"wp:term":[{"taxonomy":"product_brand","embeddable":true,"href":"https:\/\/singuli.wpress.me\/index.php\/wp-json\/wp\/v2\/product_brand?post=38118"},{"taxonomy":"product_cat","embeddable":true,"href":"https:\/\/singuli.wpress.me\/index.php\/wp-json\/wp\/v2\/product_cat?post=38118"},{"taxonomy":"product_tag","embeddable":true,"href":"https:\/\/singuli.wpress.me\/index.php\/wp-json\/wp\/v2\/product_tag?post=38118"}],"curies":[{"name":"wp","href":"https:\/\/api.w.org\/{rel}","templated":true}]}}