{"id":38416,"date":"2026-04-18T18:09:59","date_gmt":"2026-04-18T18:09:59","guid":{"rendered":"https:\/\/singuli.wpress.me\/index.php\/proizvod\/jar-original-kapsule-za-strojno-pranje-posuda-84-kapsula-84-kom\/"},"modified":"2026-04-21T00:26:56","modified_gmt":"2026-04-21T00:26:56","slug":"jar-original-kapsule-za-strojno-pranje-posuda-84-kapsula-84-kom","status":"publish","type":"product","link":"https:\/\/singuli.wpress.me\/index.php\/proizvod\/jar-original-kapsule-za-strojno-pranje-posuda-84-kapsula-84-kom\/","title":{"rendered":"JAR Original, kapsule za strojno pranje posu\u0111a, 84 kapsula, 84\u00a0kom"},"content":{"rendered":"<p>ISKUSITE \u010cI\u0160\u0106ENJE ODMAH U 1. PRANJU I U\u010cINKOVITO UKLANJANJE 100% MASNO\u0106E. Operite sve odmah u 1. pranju uz kapsule za perilicu posu\u0111a Jar Original All in One \u2013 va\u0161e rje\u0161enje za besprijekorno blistavo posu\u0111e bez ponovnog pranja. Osmi\u0161ljene su tako da u\u010dinkovito uklone 100% masno\u0107e, \u010dak i onu sasu\u0161enu. Ba\u0161 kao i teku\u0107i deterd\u017eent za pranje posu\u0111a Jar, ali u obliku prakti\u010dne kapsule. Omot kapsula Jar Original iznimno se brzo otapa kako bi odmah po\u010dele djelovati i pru\u017eati sna\u017eno \u010di\u0161\u0107enje. Kapsule kombiniraju teku\u0107i i pra\u0161kasti deterd\u017eent, izvanredno \u010diste i prakti\u010dne su za upotrebu. U\u017eivajte u besprijekornom sjaju i \u010distoj perilici koja miri\u0161e svje\u017ee. Upotreba ovih kapsula za perilicu posu\u0111a nevjerojatno je jednostavna jer sadr\u017ee sol i sredstvo za pomo\u0107 pri ispiranju perilice posu\u0111a. Stavite kapsulu u ladicu za deterd\u017eent i odmah zatvorite. Rukujte kapsulama samo suhim rukama. Ne skidajte omot i ne probijajte kapsulu. Dobro zatvorite ambala\u017eu nakon svake upotrebe.<\/p>\n","protected":false},"excerpt":{"rendered":"<p>\u010cI\u0160\u0106ENJE ODMAH U 1. PRANJU, BEZ PONOVNOG PRANJA: Kapsule za perilicu posu\u0111a Jar Original \u010diste odmah u 1. pranju bez potrebe za ponovnim pranjem<br \/>\nBESPRIJEKORAN SJAJ, BEZ TRAGOVA: Neka stakleno i srebrno posu\u0111e blistavo sjaji, bez tragova deterd\u017eenta<br \/>\nU\u010cINKOVITO UKLANJAJU 100% MASNO\u0106E: Kapsule za perilicu posu\u0111a u\u010dinkovito \u010diste \u010dak i sasu\u0161enu masno\u0107u, za blistavo \u010disto posu\u0111e<\/p>\n","protected":false},"featured_media":0,"template":"","meta":{"_seopress_robots_primary_cat":"","_seopress_titles_title":"","_seopress_titles_desc":"","_seopress_robots_index":"","iawp_total_views":0},"product_brand":[454],"product_cat":[314,238],"product_tag":[],"class_list":{"0":"post-38416","1":"product","2":"type-product","3":"status-publish","5":"product_brand-jar","6":"product_cat-pranje-posuda-238","7":"product_cat-sve-za-dom","9":"first","10":"outofstock","11":"shipping-taxable","12":"purchasable","13":"product-type-simple"},"_links":{"self":[{"href":"https:\/\/singuli.wpress.me\/index.php\/wp-json\/wp\/v2\/product\/38416","targetHints":{"allow":["GET"]}}],"collection":[{"href":"https:\/\/singuli.wpress.me\/index.php\/wp-json\/wp\/v2\/product"}],"about":[{"href":"https:\/\/singuli.wpress.me\/index.php\/wp-json\/wp\/v2\/types\/product"}],"version-history":[{"count":0,"href":"https:\/\/singuli.wpress.me\/index.php\/wp-json\/wp\/v2\/product\/38416\/revisions"}],"wp:attachment":[{"href":"https:\/\/singuli.wpress.me\/index.php\/wp-json\/wp\/v2\/media?parent=38416"}],"wp:term":[{"taxonomy":"product_brand","embeddable":true,"href":"https:\/\/singuli.wpress.me\/index.php\/wp-json\/wp\/v2\/product_brand?post=38416"},{"taxonomy":"product_cat","embeddable":true,"href":"https:\/\/singuli.wpress.me\/index.php\/wp-json\/wp\/v2\/product_cat?post=38416"},{"taxonomy":"product_tag","embeddable":true,"href":"https:\/\/singuli.wpress.me\/index.php\/wp-json\/wp\/v2\/product_tag?post=38416"}],"curies":[{"name":"wp","href":"https:\/\/api.w.org\/{rel}","templated":true}]}}