{"id":38522,"date":"2026-04-18T18:10:31","date_gmt":"2026-04-18T18:10:31","guid":{"rendered":"https:\/\/singuli.wpress.me\/index.php\/proizvod\/barbie-extra-lutka-u-ruzicastoj-jakni\/"},"modified":"2026-04-21T00:26:57","modified_gmt":"2026-04-21T00:26:57","slug":"barbie-extra-lutka-u-ruzicastoj-jakni","status":"publish","type":"product","link":"https:\/\/singuli.wpress.me\/index.php\/proizvod\/barbie-extra-lutka-u-ruzicastoj-jakni\/","title":{"rendered":"BARBIE Extra, lutka, u ru\u017ei\u010dastoj jakni"},"content":{"rendered":"<p>Ova Barbie lutka ima stav! Uklju\u010duje 15 dodataka u koje spadaju modni dodatci, kao i presladak ljubimac, pra\u0161\u010di\u0107 i njegovi dodatci. <br \/>\nNjena posebno duga kosa pro\u0161arana je rozim pramenovima , stilizirana pun\u0111icama i ukosnicama!<\/p>\n<p>Dodatci uklju\u010duju: torbicu u obliku \u010dokoladice, prsten, nakit, nao\u010dale, te stilizirne \u010dizmice s krilima., te prekrasnog  ljubimca, pra\u0161\u010di\u0107a koji dolazi sa svojim dodatcima \u2013 krilima i rogom koji se mogu skinuti, te oblakom za spavanje. <\/p>\n","protected":false},"excerpt":{"rendered":"<p>Uklju\u010duje 15 dodataka<br \/>\nPosebno duga kosa s pramenovima<br \/>\nStilizirana kosa i dodaci<\/p>\n","protected":false},"featured_media":38523,"template":"","meta":{"_seopress_robots_primary_cat":"","_seopress_titles_title":"","_seopress_titles_desc":"","_seopress_robots_index":"","iawp_total_views":0},"product_brand":[324],"product_cat":[221,291],"product_tag":[],"class_list":{"0":"post-38522","1":"product","2":"type-product","3":"status-publish","4":"has-post-thumbnail","6":"product_brand-barbie","7":"product_cat-igracke","8":"product_cat-igracke-za-djecu-221","10":"first","11":"outofstock","12":"shipping-taxable","13":"purchasable","14":"product-type-simple"},"_links":{"self":[{"href":"https:\/\/singuli.wpress.me\/index.php\/wp-json\/wp\/v2\/product\/38522","targetHints":{"allow":["GET"]}}],"collection":[{"href":"https:\/\/singuli.wpress.me\/index.php\/wp-json\/wp\/v2\/product"}],"about":[{"href":"https:\/\/singuli.wpress.me\/index.php\/wp-json\/wp\/v2\/types\/product"}],"version-history":[{"count":0,"href":"https:\/\/singuli.wpress.me\/index.php\/wp-json\/wp\/v2\/product\/38522\/revisions"}],"wp:featuredmedia":[{"embeddable":true,"href":"https:\/\/singuli.wpress.me\/index.php\/wp-json\/wp\/v2\/media\/38523"}],"wp:attachment":[{"href":"https:\/\/singuli.wpress.me\/index.php\/wp-json\/wp\/v2\/media?parent=38522"}],"wp:term":[{"taxonomy":"product_brand","embeddable":true,"href":"https:\/\/singuli.wpress.me\/index.php\/wp-json\/wp\/v2\/product_brand?post=38522"},{"taxonomy":"product_cat","embeddable":true,"href":"https:\/\/singuli.wpress.me\/index.php\/wp-json\/wp\/v2\/product_cat?post=38522"},{"taxonomy":"product_tag","embeddable":true,"href":"https:\/\/singuli.wpress.me\/index.php\/wp-json\/wp\/v2\/product_tag?post=38522"}],"curies":[{"name":"wp","href":"https:\/\/api.w.org\/{rel}","templated":true}]}}