{"id":38542,"date":"2026-04-18T18:10:40","date_gmt":"2026-04-18T18:10:40","guid":{"rendered":"https:\/\/singuli.wpress.me\/index.php\/proizvod\/manner-napolitanke-ljesnjak-400-g\/"},"modified":"2026-04-20T12:33:25","modified_gmt":"2026-04-20T12:33:25","slug":"manner-napolitanke-ljesnjak-400-g","status":"publish","type":"product","link":"https:\/\/singuli.wpress.me\/index.php\/proizvod\/manner-napolitanke-ljesnjak-400-g\/","title":{"rendered":"MANNER, napolitanke, lje\u0161njak, 400\u00a0g"},"content":{"rendered":"<p>Josef Manner I., otac tvrtke Manner, izumio je davne 1898. godine dana\u0161nje klasi\u010dne Manner vafle: poslastice od pet slojeva svijetlih vafla, od kojih su \u010detiri prekrivena izvrsnom kremom s lje\u0161njacima i kakaom. Slasti\u010darski proizvod koji mnogi od milja zovu upravo &quot;Mannerjeva napolitanka&quot;, priprema se od najboljih namirnica i uvijek pru\u017ea najsla\u0111e trenutke. &quot;Mannerjeva napolitanka&quot; prati mlade i stare uvijek i svugdje &#8211; vi\u0161e od jednog stolje\u0107a!<\/p>\n<p>Classic Manner napolitanke, najpoznatije napolitanke na svijetu, dostupne su u klasi\u010dnom d\u017eepnom omotu iu prakti\u010dnoj vre\u0107ici (400 g).<\/p>\n<p>Dali si znao?<\/p>\n<p>Oblatne su i danas zadr\u017eale svoj izvorni oblik, a pripremaju se i po originalnoj recepturi. Vre\u0107ica (400 g) sadr\u017ei mno\u0161tvo ukusnih napolitanki i izvorni okus slasti\u010darske povijesti &#8211; bezgrani\u010dni slatki u\u017eici za svaki d\u017eep!<\/p>\n<p>Manner klasi\u010dne napolitanke pripremljene su prema Mannerovim na\u010delima i kriterijima za osiguranje kvalitete proizvoda te sadr\u017ee kakao uzgojen prema na\u010delima odr\u017eivosti.<\/p>\n","protected":false},"excerpt":{"rendered":"<p>Slatki\u0161i od pet slojeva svijetlih vafla s kremom s lje\u0161njacima i kakaom<br \/>\nU klasi\u010dnom d\u017eepnom omotu<br \/>\nNeograni\u010deni slatki u\u017eici za svaki d\u017eep.<\/p>\n","protected":false},"featured_media":38543,"template":"","meta":{"_seopress_robots_primary_cat":"","_seopress_titles_title":"","_seopress_titles_desc":"","_seopress_robots_index":"","iawp_total_views":0},"product_brand":[810],"product_cat":[261,277],"product_tag":[],"class_list":{"0":"post-38542","1":"product","2":"type-product","3":"status-publish","4":"has-post-thumbnail","6":"product_brand-manner","7":"product_cat-hrana-i-pice","8":"product_cat-slatkisi-i-grickalice-261","10":"first","11":"instock","12":"shipping-taxable","13":"purchasable","14":"product-type-simple"},"_links":{"self":[{"href":"https:\/\/singuli.wpress.me\/index.php\/wp-json\/wp\/v2\/product\/38542","targetHints":{"allow":["GET"]}}],"collection":[{"href":"https:\/\/singuli.wpress.me\/index.php\/wp-json\/wp\/v2\/product"}],"about":[{"href":"https:\/\/singuli.wpress.me\/index.php\/wp-json\/wp\/v2\/types\/product"}],"version-history":[{"count":0,"href":"https:\/\/singuli.wpress.me\/index.php\/wp-json\/wp\/v2\/product\/38542\/revisions"}],"wp:featuredmedia":[{"embeddable":true,"href":"https:\/\/singuli.wpress.me\/index.php\/wp-json\/wp\/v2\/media\/38543"}],"wp:attachment":[{"href":"https:\/\/singuli.wpress.me\/index.php\/wp-json\/wp\/v2\/media?parent=38542"}],"wp:term":[{"taxonomy":"product_brand","embeddable":true,"href":"https:\/\/singuli.wpress.me\/index.php\/wp-json\/wp\/v2\/product_brand?post=38542"},{"taxonomy":"product_cat","embeddable":true,"href":"https:\/\/singuli.wpress.me\/index.php\/wp-json\/wp\/v2\/product_cat?post=38542"},{"taxonomy":"product_tag","embeddable":true,"href":"https:\/\/singuli.wpress.me\/index.php\/wp-json\/wp\/v2\/product_tag?post=38542"}],"curies":[{"name":"wp","href":"https:\/\/api.w.org\/{rel}","templated":true}]}}