{"id":38544,"date":"2026-04-18T18:10:41","date_gmt":"2026-04-18T18:10:41","guid":{"rendered":"https:\/\/singuli.wpress.me\/index.php\/proizvod\/natureta-dzem-visnja-320-g\/"},"modified":"2026-04-20T12:33:25","modified_gmt":"2026-04-20T12:33:25","slug":"natureta-dzem-visnja-320-g","status":"publish","type":"product","link":"https:\/\/singuli.wpress.me\/index.php\/proizvod\/natureta-dzem-visnja-320-g\/","title":{"rendered":"NATURETA, d\u017eem , vi\u0161nja, 320\u00a0g"},"content":{"rendered":"<p>Gotovo netaknute vi\u0161nje iz prirode u va\u0161oj staklenoj posudi prava su vo\u0107na delicija koja \u0107e obogatiti razne vrste peciva, frapea pa \u010dak i kola\u010da, a odli\u010dne su i uz pala\u010dinke ili na komadu svje\u017eeg kruha. <\/p>\n<p>So\u010dni plodovi razmazit \u0107e va\u0161e nepce, u\u017eivaju\u0107i u pravom prirodnom okusu pomno biranih vi\u0161anja. <\/p>\n<p>Posebnost Natureta vo\u0107nih d\u017eemova je i ni\u017ea nutritivna vrijednost s 30% manje \u0161e\u0107era u odnosu na obi\u010dne vo\u0107ne d\u017eemove te \u010dinjenica da su napravljeni od cijelog vo\u0107a.<\/p>\n","protected":false},"excerpt":{"rendered":"<p>D\u017eem napravljen od cijelog vo\u0107a<br \/>\nSadr\u017ei 30% manje \u0161e\u0107era od obi\u010dnog vo\u0107nog d\u017eema<br \/>\nIzvrstan okus<\/p>\n","protected":false},"featured_media":38545,"template":"","meta":{"_seopress_robots_primary_cat":"","_seopress_titles_title":"","_seopress_titles_desc":"","_seopress_robots_index":"","iawp_total_views":0},"product_brand":[811],"product_cat":[261,299],"product_tag":[],"class_list":{"0":"post-38544","1":"product","2":"type-product","3":"status-publish","4":"has-post-thumbnail","6":"product_brand-natureta","7":"product_cat-hrana-i-pice","8":"product_cat-konzervirana-i-gotova-hrana-261","10":"first","11":"outofstock","12":"shipping-taxable","13":"purchasable","14":"product-type-simple"},"_links":{"self":[{"href":"https:\/\/singuli.wpress.me\/index.php\/wp-json\/wp\/v2\/product\/38544","targetHints":{"allow":["GET"]}}],"collection":[{"href":"https:\/\/singuli.wpress.me\/index.php\/wp-json\/wp\/v2\/product"}],"about":[{"href":"https:\/\/singuli.wpress.me\/index.php\/wp-json\/wp\/v2\/types\/product"}],"version-history":[{"count":0,"href":"https:\/\/singuli.wpress.me\/index.php\/wp-json\/wp\/v2\/product\/38544\/revisions"}],"wp:featuredmedia":[{"embeddable":true,"href":"https:\/\/singuli.wpress.me\/index.php\/wp-json\/wp\/v2\/media\/38545"}],"wp:attachment":[{"href":"https:\/\/singuli.wpress.me\/index.php\/wp-json\/wp\/v2\/media?parent=38544"}],"wp:term":[{"taxonomy":"product_brand","embeddable":true,"href":"https:\/\/singuli.wpress.me\/index.php\/wp-json\/wp\/v2\/product_brand?post=38544"},{"taxonomy":"product_cat","embeddable":true,"href":"https:\/\/singuli.wpress.me\/index.php\/wp-json\/wp\/v2\/product_cat?post=38544"},{"taxonomy":"product_tag","embeddable":true,"href":"https:\/\/singuli.wpress.me\/index.php\/wp-json\/wp\/v2\/product_tag?post=38544"}],"curies":[{"name":"wp","href":"https:\/\/api.w.org\/{rel}","templated":true}]}}