{"id":38554,"date":"2026-04-18T18:10:43","date_gmt":"2026-04-18T18:10:43","guid":{"rendered":"https:\/\/singuli.wpress.me\/index.php\/proizvod\/manner-snack-minis-napolitanke-ljesnjak-25-g\/"},"modified":"2026-04-20T12:33:25","modified_gmt":"2026-04-20T12:33:25","slug":"manner-snack-minis-napolitanke-ljesnjak-25-g","status":"publish","type":"product","link":"https:\/\/singuli.wpress.me\/index.php\/proizvod\/manner-snack-minis-napolitanke-ljesnjak-25-g\/","title":{"rendered":"MANNER Snack Minis, napolitanke, lje\u0161njak, 25\u00a0g"},"content":{"rendered":"<p>Hrskava poslastica? Uvijek s tobom!<br \/>\nBez obzira gdje se nalazili &#8211; kao raznovrsna poslastica tijekom pauze u uredu, savr\u0161eni pratitelj na izletu ili mala nagrada &quot;po\u010dastite se&quot; nakon napornog dana &#8211; Manner Snack Minis su uvijek s vama.<\/p>\n<p>Oni su raznoliki kao i va\u0161 \u017eivot i svaki odmor pretvaraju u hrskavi u\u017eitak. Tako hrskavo, tako kremasto &#8211; okus mlije\u010dne kreme, koji uvjerljivo nadopunjuje jedinstvena krema od lje\u0161njaka s komadi\u0107ima lje\u0161njaka, u 3 sloja hrskavog vafla. A najbolji dio? U proizvodnji, u srcu Be\u010da, koriste isklju\u010divo kakao sa 100% Fairtrade certifikatom!<\/p>\n<p>Prakti\u010dno pakiranje od 25 grama stane u svaki d\u017eep i obe\u0107ava hrskave trenutke u\u017eitka bilo kada i bilo gdje.<\/p>\n","protected":false},"excerpt":{"rendered":"<p>Hrskava poslastica uvijek s vama<br \/>\nOkus savr\u0161eno zaokru\u017euju komadi\u0107i lje\u0161njaka<br \/>\n100% kakao iz vlastite pr\u017eionice<\/p>\n","protected":false},"featured_media":38555,"template":"","meta":{"_seopress_robots_primary_cat":"","_seopress_titles_title":"","_seopress_titles_desc":"","_seopress_robots_index":"","iawp_total_views":0},"product_brand":[810],"product_cat":[261,277],"product_tag":[],"class_list":{"0":"post-38554","1":"product","2":"type-product","3":"status-publish","4":"has-post-thumbnail","6":"product_brand-manner","7":"product_cat-hrana-i-pice","8":"product_cat-slatkisi-i-grickalice-261","10":"first","11":"instock","12":"shipping-taxable","13":"purchasable","14":"product-type-simple"},"_links":{"self":[{"href":"https:\/\/singuli.wpress.me\/index.php\/wp-json\/wp\/v2\/product\/38554","targetHints":{"allow":["GET"]}}],"collection":[{"href":"https:\/\/singuli.wpress.me\/index.php\/wp-json\/wp\/v2\/product"}],"about":[{"href":"https:\/\/singuli.wpress.me\/index.php\/wp-json\/wp\/v2\/types\/product"}],"version-history":[{"count":0,"href":"https:\/\/singuli.wpress.me\/index.php\/wp-json\/wp\/v2\/product\/38554\/revisions"}],"wp:featuredmedia":[{"embeddable":true,"href":"https:\/\/singuli.wpress.me\/index.php\/wp-json\/wp\/v2\/media\/38555"}],"wp:attachment":[{"href":"https:\/\/singuli.wpress.me\/index.php\/wp-json\/wp\/v2\/media?parent=38554"}],"wp:term":[{"taxonomy":"product_brand","embeddable":true,"href":"https:\/\/singuli.wpress.me\/index.php\/wp-json\/wp\/v2\/product_brand?post=38554"},{"taxonomy":"product_cat","embeddable":true,"href":"https:\/\/singuli.wpress.me\/index.php\/wp-json\/wp\/v2\/product_cat?post=38554"},{"taxonomy":"product_tag","embeddable":true,"href":"https:\/\/singuli.wpress.me\/index.php\/wp-json\/wp\/v2\/product_tag?post=38554"}],"curies":[{"name":"wp","href":"https:\/\/api.w.org\/{rel}","templated":true}]}}