{"id":38558,"date":"2026-04-18T18:10:44","date_gmt":"2026-04-18T18:10:44","guid":{"rendered":"https:\/\/singuli.wpress.me\/index.php\/proizvod\/natureta-slanutak-300-g\/"},"modified":"2026-04-21T00:26:57","modified_gmt":"2026-04-21T00:26:57","slug":"natureta-slanutak-300-g","status":"publish","type":"product","link":"https:\/\/singuli.wpress.me\/index.php\/proizvod\/natureta-slanutak-300-g\/","title":{"rendered":"NATURETA, slanutak , 300\u00a0g"},"content":{"rendered":"<p>Slanutak je me\u0111u mahunarkama koje su sve cijenjenije zbog visoke hranjivosti, jednostavne pripreme, \u0161iroke dostupnosti i svestrane uporabnosti. <\/p>\n<p>Lak\u0161e se probavlja od graha. Pripisuju mu se mnoga blagotvorna djelovanja na organizam: \u010disti organizam, poti\u010de rad bubrega, sprje\u010dava i inhibira kardiovaskularne bolesti, sni\u017eava kolesterol, smanjuje rizik od mo\u017edanog udara, pro\u010di\u0161\u0107ava krv, a sadr\u017ei i dijetalna vlakna koja osiguravaju zdravu probavu, kao ve\u017eu toksine iz crijeva i poma\u017eu u njihovom izbacivanju.<\/p>\n","protected":false},"excerpt":{"rendered":"<p>Visoka hranjiva vrijednost<br \/>\nSvestrana uporabnost<br \/>\nIzvrstan okus<\/p>\n","protected":false},"featured_media":38559,"template":"","meta":{"_seopress_robots_primary_cat":"","_seopress_titles_title":"","_seopress_titles_desc":"","_seopress_robots_index":"","iawp_total_views":0},"product_brand":[811],"product_cat":[261,299],"product_tag":[],"class_list":{"0":"post-38558","1":"product","2":"type-product","3":"status-publish","4":"has-post-thumbnail","6":"product_brand-natureta","7":"product_cat-hrana-i-pice","8":"product_cat-konzervirana-i-gotova-hrana-261","10":"first","11":"outofstock","12":"shipping-taxable","13":"purchasable","14":"product-type-simple"},"_links":{"self":[{"href":"https:\/\/singuli.wpress.me\/index.php\/wp-json\/wp\/v2\/product\/38558","targetHints":{"allow":["GET"]}}],"collection":[{"href":"https:\/\/singuli.wpress.me\/index.php\/wp-json\/wp\/v2\/product"}],"about":[{"href":"https:\/\/singuli.wpress.me\/index.php\/wp-json\/wp\/v2\/types\/product"}],"version-history":[{"count":0,"href":"https:\/\/singuli.wpress.me\/index.php\/wp-json\/wp\/v2\/product\/38558\/revisions"}],"wp:featuredmedia":[{"embeddable":true,"href":"https:\/\/singuli.wpress.me\/index.php\/wp-json\/wp\/v2\/media\/38559"}],"wp:attachment":[{"href":"https:\/\/singuli.wpress.me\/index.php\/wp-json\/wp\/v2\/media?parent=38558"}],"wp:term":[{"taxonomy":"product_brand","embeddable":true,"href":"https:\/\/singuli.wpress.me\/index.php\/wp-json\/wp\/v2\/product_brand?post=38558"},{"taxonomy":"product_cat","embeddable":true,"href":"https:\/\/singuli.wpress.me\/index.php\/wp-json\/wp\/v2\/product_cat?post=38558"},{"taxonomy":"product_tag","embeddable":true,"href":"https:\/\/singuli.wpress.me\/index.php\/wp-json\/wp\/v2\/product_tag?post=38558"}],"curies":[{"name":"wp","href":"https:\/\/api.w.org\/{rel}","templated":true}]}}