{"id":38580,"date":"2026-04-18T18:10:52","date_gmt":"2026-04-18T18:10:52","guid":{"rendered":"https:\/\/singuli.wpress.me\/index.php\/proizvod\/sdf-motorno-ulje-gear-90-ls-209-l\/"},"modified":"2026-04-20T12:33:25","modified_gmt":"2026-04-20T12:33:25","slug":"sdf-motorno-ulje-gear-90-ls-209-l","status":"publish","type":"product","link":"https:\/\/singuli.wpress.me\/index.php\/proizvod\/sdf-motorno-ulje-gear-90-ls-209-l\/","title":{"rendered":"SDF, motorno ulje, GEAR 90 LS , 209\u00a0l"},"content":{"rendered":"<p>Visokokvalitetno ulje za diferencijale sa ili bez &quot;Limited-Slip&quot; svojstvima svih traktora Same Deutz-Fahr kao i za poljoprivrednu i terensku opremu drugih prizvo\u0111a\u010da. Posebno odabrani aditivi osiguravaju iznimna svostva protiv tro\u0161enja, hr\u0111e i oksidacije. Odlikuju ih toplinska stabilnost kao i potreban koeficijent trenja za ispunjavanje zahtjeva diferencijala s ograni\u010denim proklizavanjem. <\/p>\n<p>Specifikacije i odobrenja : API GL-5 i GL-5 LS; ZF:TE-ML 05C (ispunjava zahtjeve).<\/p>\n","protected":false},"excerpt":{"rendered":"<p>Visokokvalitetno ulje za diferencijale sa ili bez &#8220;Limited-Slip&#8221; svojstvima svih traktora Same Deutz-Fahr kao i za poljoprivrednu i terensku opremu drugih prizvo\u0111a\u010da<br \/>\nOdlikuju ih toplinska stabilnost kao i potreban koeficijent trenja za ispunjavanje zahtjeva diferencijala s ograni\u010denim proklizavanjem<br \/>\nPosebno odabrani aditivi<\/p>\n","protected":false},"featured_media":38581,"template":"","meta":{"_seopress_robots_primary_cat":"","_seopress_titles_title":"","_seopress_titles_desc":"","_seopress_robots_index":"","iawp_total_views":0},"product_brand":[816],"product_cat":[243,276],"product_tag":[],"class_list":{"0":"post-38580","1":"product","2":"type-product","3":"status-publish","4":"has-post-thumbnail","6":"product_brand-sdf","7":"product_cat-automobili-i-motori","8":"product_cat-industrijska-i-specijalna-ulja-243","10":"first","11":"outofstock","12":"shipping-taxable","13":"purchasable","14":"product-type-simple"},"_links":{"self":[{"href":"https:\/\/singuli.wpress.me\/index.php\/wp-json\/wp\/v2\/product\/38580","targetHints":{"allow":["GET"]}}],"collection":[{"href":"https:\/\/singuli.wpress.me\/index.php\/wp-json\/wp\/v2\/product"}],"about":[{"href":"https:\/\/singuli.wpress.me\/index.php\/wp-json\/wp\/v2\/types\/product"}],"version-history":[{"count":0,"href":"https:\/\/singuli.wpress.me\/index.php\/wp-json\/wp\/v2\/product\/38580\/revisions"}],"wp:featuredmedia":[{"embeddable":true,"href":"https:\/\/singuli.wpress.me\/index.php\/wp-json\/wp\/v2\/media\/38581"}],"wp:attachment":[{"href":"https:\/\/singuli.wpress.me\/index.php\/wp-json\/wp\/v2\/media?parent=38580"}],"wp:term":[{"taxonomy":"product_brand","embeddable":true,"href":"https:\/\/singuli.wpress.me\/index.php\/wp-json\/wp\/v2\/product_brand?post=38580"},{"taxonomy":"product_cat","embeddable":true,"href":"https:\/\/singuli.wpress.me\/index.php\/wp-json\/wp\/v2\/product_cat?post=38580"},{"taxonomy":"product_tag","embeddable":true,"href":"https:\/\/singuli.wpress.me\/index.php\/wp-json\/wp\/v2\/product_tag?post=38580"}],"curies":[{"name":"wp","href":"https:\/\/api.w.org\/{rel}","templated":true}]}}