{"id":38620,"date":"2026-04-18T18:11:13","date_gmt":"2026-04-18T18:11:13","guid":{"rendered":"https:\/\/singuli.wpress.me\/index.php\/proizvod\/pantene-pro-v-aqualight-regenerator-za-kosu-275-ml\/"},"modified":"2026-04-20T12:33:25","modified_gmt":"2026-04-20T12:33:25","slug":"pantene-pro-v-aqualight-regenerator-za-kosu-275-ml","status":"publish","type":"product","link":"https:\/\/singuli.wpress.me\/index.php\/proizvod\/pantene-pro-v-aqualight-regenerator-za-kosu-275-ml\/","title":{"rendered":"PANTENE Pro-V Aqualight, regenerator za kosu, 275\u00a0ml"},"content":{"rendered":"<p>Va\u0161a dnevna doza hranjivih tvari za kosu. Nahranite kosu jedinstvenom mje\u0161avinom Pantene Pro-V s osna\u017euju\u0107im lipidima i za\u0161titnim antioksidansima.<\/p>\n<p>Regenerator za kosu Pantene Pro-V Aqualight oboga\u0107en s dvostruko vi\u0161e hranjivih tvari* duboko prodire u kosu kako bi je obnovio iznutra. Poma\u017ee oja\u010dati tanku kosu tako \u0161to joj podaje potrebne hranjive tvari bez osje\u0107aja te\u017eine.<\/p>\n<p>* u odnosu na na\u0161e \u0161ampone s regeneratorom<\/p>\n","protected":false},"excerpt":{"rendered":"<p>Dubinski regenerator i intenzivan tretman s omegom 9<br \/>\nBalzam za tanku kosu sklonu ma\u0161\u0107enju<br \/>\nOstavlja kosu svje\u017eom, laganom i punom \u017eivota<\/p>\n","protected":false},"featured_media":38621,"template":"","meta":{"_seopress_robots_primary_cat":"","_seopress_titles_title":"","_seopress_titles_desc":"","_seopress_robots_index":"","iawp_total_views":0},"product_brand":[411],"product_cat":[268,300],"product_tag":[],"class_list":{"0":"post-38620","1":"product","2":"type-product","3":"status-publish","4":"has-post-thumbnail","6":"product_brand-pantene","7":"product_cat-kozmetika-2","8":"product_cat-njega-kose-268","10":"first","11":"outofstock","12":"shipping-taxable","13":"purchasable","14":"product-type-simple"},"_links":{"self":[{"href":"https:\/\/singuli.wpress.me\/index.php\/wp-json\/wp\/v2\/product\/38620","targetHints":{"allow":["GET"]}}],"collection":[{"href":"https:\/\/singuli.wpress.me\/index.php\/wp-json\/wp\/v2\/product"}],"about":[{"href":"https:\/\/singuli.wpress.me\/index.php\/wp-json\/wp\/v2\/types\/product"}],"version-history":[{"count":0,"href":"https:\/\/singuli.wpress.me\/index.php\/wp-json\/wp\/v2\/product\/38620\/revisions"}],"wp:featuredmedia":[{"embeddable":true,"href":"https:\/\/singuli.wpress.me\/index.php\/wp-json\/wp\/v2\/media\/38621"}],"wp:attachment":[{"href":"https:\/\/singuli.wpress.me\/index.php\/wp-json\/wp\/v2\/media?parent=38620"}],"wp:term":[{"taxonomy":"product_brand","embeddable":true,"href":"https:\/\/singuli.wpress.me\/index.php\/wp-json\/wp\/v2\/product_brand?post=38620"},{"taxonomy":"product_cat","embeddable":true,"href":"https:\/\/singuli.wpress.me\/index.php\/wp-json\/wp\/v2\/product_cat?post=38620"},{"taxonomy":"product_tag","embeddable":true,"href":"https:\/\/singuli.wpress.me\/index.php\/wp-json\/wp\/v2\/product_tag?post=38620"}],"curies":[{"name":"wp","href":"https:\/\/api.w.org\/{rel}","templated":true}]}}