{"id":38627,"date":"2026-04-18T18:11:15","date_gmt":"2026-04-18T18:11:15","guid":{"rendered":"https:\/\/singuli.wpress.me\/index.php\/proizvod\/bissell-crosswave-multisurface-cetka-za-usisavac\/"},"modified":"2026-04-21T00:26:57","modified_gmt":"2026-04-21T00:26:57","slug":"bissell-crosswave-multisurface-cetka-za-usisavac","status":"publish","type":"product","link":"https:\/\/singuli.wpress.me\/index.php\/proizvod\/bissell-crosswave-multisurface-cetka-za-usisavac\/","title":{"rendered":"BISSELL CrossWave MultiSurface, \u010detka, za usisava\u010d"},"content":{"rendered":"<p>Rotiraju\u0107a \u010detka Multi-Surface s dvostrukim djelovanjem koristi inovativnu \u010detkicu od mikrovlakana i najlona za istovremeno brisanje i skupljanje suhog otpada. Ta \u010detka za razli\u010dite povr\u0161ine na\u010dinjena je od inovativnih mikrovlakana i najlona te djeluje kako na tvrdim podovima, tako i na tepisima.            <\/p>\n","protected":false},"excerpt":{"rendered":"<p>Brzo i lako uklanja masno\u0107u i prljav\u0161tinu sa svih tvrdih podova<br \/>\nNe ostavlja tragove na podu, kao ni naslage koje smanjuju sjaj<br \/>\nSigurno je za kori\u0161tenje sa svim ure\u0111ajima za impregnirane povr\u0161ine<\/p>\n","protected":false},"featured_media":38628,"template":"","meta":{"_seopress_robots_primary_cat":"","_seopress_titles_title":"","_seopress_titles_desc":"","_seopress_robots_index":"","iawp_total_views":0},"product_brand":[819],"product_cat":[160,271],"product_tag":[],"class_list":{"0":"post-38627","1":"product","2":"type-product","3":"status-publish","4":"has-post-thumbnail","6":"product_brand-bissell","7":"product_cat-mali-kucanski-aparati","8":"product_cat-usisavaci-i-ciscenje-160","10":"first","11":"outofstock","12":"shipping-taxable","13":"purchasable","14":"product-type-simple"},"_links":{"self":[{"href":"https:\/\/singuli.wpress.me\/index.php\/wp-json\/wp\/v2\/product\/38627","targetHints":{"allow":["GET"]}}],"collection":[{"href":"https:\/\/singuli.wpress.me\/index.php\/wp-json\/wp\/v2\/product"}],"about":[{"href":"https:\/\/singuli.wpress.me\/index.php\/wp-json\/wp\/v2\/types\/product"}],"version-history":[{"count":0,"href":"https:\/\/singuli.wpress.me\/index.php\/wp-json\/wp\/v2\/product\/38627\/revisions"}],"wp:featuredmedia":[{"embeddable":true,"href":"https:\/\/singuli.wpress.me\/index.php\/wp-json\/wp\/v2\/media\/38628"}],"wp:attachment":[{"href":"https:\/\/singuli.wpress.me\/index.php\/wp-json\/wp\/v2\/media?parent=38627"}],"wp:term":[{"taxonomy":"product_brand","embeddable":true,"href":"https:\/\/singuli.wpress.me\/index.php\/wp-json\/wp\/v2\/product_brand?post=38627"},{"taxonomy":"product_cat","embeddable":true,"href":"https:\/\/singuli.wpress.me\/index.php\/wp-json\/wp\/v2\/product_cat?post=38627"},{"taxonomy":"product_tag","embeddable":true,"href":"https:\/\/singuli.wpress.me\/index.php\/wp-json\/wp\/v2\/product_tag?post=38627"}],"curies":[{"name":"wp","href":"https:\/\/api.w.org\/{rel}","templated":true}]}}