{"id":38667,"date":"2026-04-18T18:11:26","date_gmt":"2026-04-18T18:11:26","guid":{"rendered":"https:\/\/singuli.wpress.me\/index.php\/proizvod\/disney-snjeguljica-princeza\/"},"modified":"2026-04-20T12:33:26","modified_gmt":"2026-04-20T12:33:26","slug":"disney-snjeguljica-princeza","status":"publish","type":"product","link":"https:\/\/singuli.wpress.me\/index.php\/proizvod\/disney-snjeguljica-princeza\/","title":{"rendered":"DISNEY Snjeguljica, princeza"},"content":{"rendered":"<p>Pustolovina vas \u010deka s Disney Princess lutkama!<\/p>\n<p>Upoznajte Snjeguljicu, inspiriranu ljubaznom i hrabrom princezom iz Disneyevog animiranog igranog filma \u201eSnjeguljica i sedam patuljaka\u201c koja je spremna ostvariti svoje snove!<\/p>\n<p>Pravi obo\u017eavatelji \u0107e prepoznati njezino lice i svjetlucavu suknju koju nosi Snjeguljica! Njen top je divnog dizajna, a cipelice i traka za kosu u potpunosti daju pravi izgled lutke kao iz filma!<\/p>\n<p>Kosa joj je savr\u0161eno stilizirana, a udovi su pokretni. <\/p>\n<p>Savr\u0161en je dar za djecu koja vole o\u017eiviti svoje omiljene filmske trenutke i zaroniti u svijet ma\u0161te!<\/p>\n<p>Skupi sve lutke Disneyjevih princeza za vrhunsku avanturu! <\/p>\n<p>Boje i dekoracije mogu se razlikovati.<\/p>\n","protected":false},"excerpt":{"rendered":"<p>Princeza Disney filmova<br \/>\nSnjeguljica je spremna za svaku avanturu<br \/>\nBoje i dekoracije mogu se razlikovati<\/p>\n","protected":false},"featured_media":38668,"template":"","meta":{"_seopress_robots_primary_cat":"","_seopress_titles_title":"","_seopress_titles_desc":"","_seopress_robots_index":"","iawp_total_views":0},"product_brand":[522],"product_cat":[221,291],"product_tag":[],"class_list":{"0":"post-38667","1":"product","2":"type-product","3":"status-publish","4":"has-post-thumbnail","6":"product_brand-disney","7":"product_cat-igracke","8":"product_cat-igracke-za-djecu-221","10":"first","11":"instock","12":"shipping-taxable","13":"purchasable","14":"product-type-simple"},"_links":{"self":[{"href":"https:\/\/singuli.wpress.me\/index.php\/wp-json\/wp\/v2\/product\/38667","targetHints":{"allow":["GET"]}}],"collection":[{"href":"https:\/\/singuli.wpress.me\/index.php\/wp-json\/wp\/v2\/product"}],"about":[{"href":"https:\/\/singuli.wpress.me\/index.php\/wp-json\/wp\/v2\/types\/product"}],"version-history":[{"count":0,"href":"https:\/\/singuli.wpress.me\/index.php\/wp-json\/wp\/v2\/product\/38667\/revisions"}],"wp:featuredmedia":[{"embeddable":true,"href":"https:\/\/singuli.wpress.me\/index.php\/wp-json\/wp\/v2\/media\/38668"}],"wp:attachment":[{"href":"https:\/\/singuli.wpress.me\/index.php\/wp-json\/wp\/v2\/media?parent=38667"}],"wp:term":[{"taxonomy":"product_brand","embeddable":true,"href":"https:\/\/singuli.wpress.me\/index.php\/wp-json\/wp\/v2\/product_brand?post=38667"},{"taxonomy":"product_cat","embeddable":true,"href":"https:\/\/singuli.wpress.me\/index.php\/wp-json\/wp\/v2\/product_cat?post=38667"},{"taxonomy":"product_tag","embeddable":true,"href":"https:\/\/singuli.wpress.me\/index.php\/wp-json\/wp\/v2\/product_tag?post=38667"}],"curies":[{"name":"wp","href":"https:\/\/api.w.org\/{rel}","templated":true}]}}