{"id":38675,"date":"2026-04-18T18:11:29","date_gmt":"2026-04-18T18:11:29","guid":{"rendered":"https:\/\/singuli.wpress.me\/index.php\/proizvod\/raid-sprej-protiv-mrava-i-zohara-3u1-30n-300-ml-2\/"},"modified":"2026-04-20T12:33:26","modified_gmt":"2026-04-20T12:33:26","slug":"raid-sprej-protiv-mrava-i-zohara-3u1-30n-300-ml-2","status":"publish","type":"product","link":"https:\/\/singuli.wpress.me\/index.php\/proizvod\/raid-sprej-protiv-mrava-i-zohara-3u1-30n-300-ml-2\/","title":{"rendered":"RAID, sprej, protiv mrava i \u017eohara, 3u1, 30N, 300\u00a0ml"},"content":{"rendered":"<p>Raid\u00ae Sprej protiv mrava i \u017eohara zahvaljuju\u0107i djelotvornoj formuli osigurava dugotrajnu za\u0161titu do 4 tjedna uni\u0161tavaju\u0107i \u017eohare i njihova jaja\u0161ca. <\/p>\n<p>Raspr\u0161ite i uni\u0161tite sve gmi\u017eu\u0107e insekte. <\/p>\n<p>Vrlo je u\u010dinkovit ne samo protiv \u017eohara, nego i protiv jaja koja nose. <\/p>\n<p>Nakon raspr\u0161ivanja sredstvo nastavlja uni\u0161tavati gmi\u017eu\u0107e insekte i do 4 tjedna. <\/p>\n<p>Formula ovog spreja djelotvorna je za gmi\u017eu\u0107e insekte poput: \u017eohara, mrava, paukova, stjenica i skakavaca. <\/p>\n","protected":false},"excerpt":{"rendered":"<p>Do 4 tjedna za\u0161tite<br \/>\nUni\u0161tava gmi\u017eu\u0107e insekte<br \/>\nUni\u0161tava jaja\u0161ca<\/p>\n","protected":false},"featured_media":38676,"template":"","meta":{"_seopress_robots_primary_cat":"","_seopress_titles_title":"","_seopress_titles_desc":"","_seopress_robots_index":"","iawp_total_views":0},"product_brand":[457],"product_cat":[268,300],"product_tag":[],"class_list":{"0":"post-38675","1":"product","2":"type-product","3":"status-publish","4":"has-post-thumbnail","6":"product_brand-raid","7":"product_cat-kozmetika-2","8":"product_cat-njega-kose-268","10":"first","11":"outofstock","12":"shipping-taxable","13":"purchasable","14":"product-type-simple"},"_links":{"self":[{"href":"https:\/\/singuli.wpress.me\/index.php\/wp-json\/wp\/v2\/product\/38675","targetHints":{"allow":["GET"]}}],"collection":[{"href":"https:\/\/singuli.wpress.me\/index.php\/wp-json\/wp\/v2\/product"}],"about":[{"href":"https:\/\/singuli.wpress.me\/index.php\/wp-json\/wp\/v2\/types\/product"}],"version-history":[{"count":0,"href":"https:\/\/singuli.wpress.me\/index.php\/wp-json\/wp\/v2\/product\/38675\/revisions"}],"wp:featuredmedia":[{"embeddable":true,"href":"https:\/\/singuli.wpress.me\/index.php\/wp-json\/wp\/v2\/media\/38676"}],"wp:attachment":[{"href":"https:\/\/singuli.wpress.me\/index.php\/wp-json\/wp\/v2\/media?parent=38675"}],"wp:term":[{"taxonomy":"product_brand","embeddable":true,"href":"https:\/\/singuli.wpress.me\/index.php\/wp-json\/wp\/v2\/product_brand?post=38675"},{"taxonomy":"product_cat","embeddable":true,"href":"https:\/\/singuli.wpress.me\/index.php\/wp-json\/wp\/v2\/product_cat?post=38675"},{"taxonomy":"product_tag","embeddable":true,"href":"https:\/\/singuli.wpress.me\/index.php\/wp-json\/wp\/v2\/product_tag?post=38675"}],"curies":[{"name":"wp","href":"https:\/\/api.w.org\/{rel}","templated":true}]}}