{"id":38702,"date":"2026-04-18T18:11:46","date_gmt":"2026-04-18T18:11:46","guid":{"rendered":"https:\/\/singuli.wpress.me\/index.php\/proizvod\/aeroshell-turbine-oil-555-turbinsko-ulje-24x0-946l-22704-l\/"},"modified":"2026-04-20T12:33:26","modified_gmt":"2026-04-20T12:33:26","slug":"aeroshell-turbine-oil-555-turbinsko-ulje-24x0-946l-22704-l","status":"publish","type":"product","link":"https:\/\/singuli.wpress.me\/index.php\/proizvod\/aeroshell-turbine-oil-555-turbinsko-ulje-24x0-946l-22704-l\/","title":{"rendered":"AEROSHELL TURBINE OIL 555, turbinsko ulje, 24&#215;0.946L, 22704\u00a0l"},"content":{"rendered":"<p>Sinteti\u010dko ulje za zrakoplovne turbine na bazi sinteti\u010dkih estera viskoznosti 5mm\u00b2\/s koje sadr\u017ei kombinaciju pa\u017eljivo odabranih izbalansiranih aditiva kako bi se pobolj\u0161ala toplinska i oksidacijska stabilnost i pasivizacija metala. Razvijeno prvenstveno kako bi se zadovoljili zahtjevi visokooptere\u0107enih STT motora i DEF STAN 91-100 i XAS-2345 specifikacija te je u potpunosti pogodno za ve\u0107inu civilnih i vojnih motora koj zahtjevaju ovakav tip ulja.<\/p>\n","protected":false},"excerpt":{"rendered":"<p>Sinteti\u010dko ulje za zrakoplovne turbine<br \/>\nBaza sinteti\u010dkih estera viskoznosti koja sadr\u017ei kombinaciju pa\u017eljivo odabranih izbalansiranih aditiva<br \/>\nU potpunosti pogodno za ve\u0107inu civilnih i vojnih motora<\/p>\n","protected":false},"featured_media":38703,"template":"","meta":{"_seopress_robots_primary_cat":"","_seopress_titles_title":"","_seopress_titles_desc":"","_seopress_robots_index":"","iawp_total_views":0},"product_brand":[482],"product_cat":[221,263],"product_tag":[],"class_list":{"0":"post-38702","1":"product","2":"type-product","3":"status-publish","4":"has-post-thumbnail","6":"product_brand-aeroshell","7":"product_cat-igracke","8":"product_cat-tematske-igracke-221","10":"first","11":"instock","12":"shipping-taxable","13":"purchasable","14":"product-type-simple"},"_links":{"self":[{"href":"https:\/\/singuli.wpress.me\/index.php\/wp-json\/wp\/v2\/product\/38702","targetHints":{"allow":["GET"]}}],"collection":[{"href":"https:\/\/singuli.wpress.me\/index.php\/wp-json\/wp\/v2\/product"}],"about":[{"href":"https:\/\/singuli.wpress.me\/index.php\/wp-json\/wp\/v2\/types\/product"}],"version-history":[{"count":0,"href":"https:\/\/singuli.wpress.me\/index.php\/wp-json\/wp\/v2\/product\/38702\/revisions"}],"wp:featuredmedia":[{"embeddable":true,"href":"https:\/\/singuli.wpress.me\/index.php\/wp-json\/wp\/v2\/media\/38703"}],"wp:attachment":[{"href":"https:\/\/singuli.wpress.me\/index.php\/wp-json\/wp\/v2\/media?parent=38702"}],"wp:term":[{"taxonomy":"product_brand","embeddable":true,"href":"https:\/\/singuli.wpress.me\/index.php\/wp-json\/wp\/v2\/product_brand?post=38702"},{"taxonomy":"product_cat","embeddable":true,"href":"https:\/\/singuli.wpress.me\/index.php\/wp-json\/wp\/v2\/product_cat?post=38702"},{"taxonomy":"product_tag","embeddable":true,"href":"https:\/\/singuli.wpress.me\/index.php\/wp-json\/wp\/v2\/product_tag?post=38702"}],"curies":[{"name":"wp","href":"https:\/\/api.w.org\/{rel}","templated":true}]}}