{"id":38704,"date":"2026-04-18T18:11:47","date_gmt":"2026-04-18T18:11:47","guid":{"rendered":"https:\/\/singuli.wpress.me\/index.php\/proizvod\/spirax-s3-atf-md3-ulje-za-diferencijale-209-l\/"},"modified":"2026-04-20T12:33:26","modified_gmt":"2026-04-20T12:33:26","slug":"spirax-s3-atf-md3-ulje-za-diferencijale-209-l","status":"publish","type":"product","link":"https:\/\/singuli.wpress.me\/index.php\/proizvod\/spirax-s3-atf-md3-ulje-za-diferencijale-209-l\/","title":{"rendered":"SPIRAX S3 ATF MD3, ulje za diferencijale, 209\u00a0l"},"content":{"rendered":"<p>Vrhunska teku\u0107ina za automatski prijenos temeljena na mineralnim uljima visokog indeksa viskoznosti i pa\u017eljivo odabranim aditivima. Mije\u0161a se kako bi zadovoljio stroge zahtjeve vode\u0107ih proizvo\u0111a\u010da automobilskih mjenja\u010da. Pru\u017ea dosljedan, pouzdan, gladak i nesmetan rad automobilskih prijenosnih sustava. Otporan na razgradnju ulja i odr\u017eava automatske mjenja\u010de \u010distima.<\/p>\n<p>Pogodno za uporabu u svim vozilima gdje su potrebne teku\u0107ine GM Dexron III, Ford Mercon ili Allison C-4.<\/p>\n","protected":false},"excerpt":{"rendered":"<p>Visok indeks viskoznosti<br \/>\nOtporan na razgradnju ulja<br \/>\nTeku\u0107ina za automatski prijenos<\/p>\n","protected":false},"featured_media":38705,"template":"","meta":{"_seopress_robots_primary_cat":"","_seopress_titles_title":"","_seopress_titles_desc":"","_seopress_robots_index":"","iawp_total_views":0},"product_brand":[371],"product_cat":[243,276],"product_tag":[],"class_list":{"0":"post-38704","1":"product","2":"type-product","3":"status-publish","4":"has-post-thumbnail","6":"product_brand-spirax","7":"product_cat-automobili-i-motori","8":"product_cat-industrijska-i-specijalna-ulja-243","10":"first","11":"outofstock","12":"shipping-taxable","13":"purchasable","14":"product-type-simple"},"_links":{"self":[{"href":"https:\/\/singuli.wpress.me\/index.php\/wp-json\/wp\/v2\/product\/38704","targetHints":{"allow":["GET"]}}],"collection":[{"href":"https:\/\/singuli.wpress.me\/index.php\/wp-json\/wp\/v2\/product"}],"about":[{"href":"https:\/\/singuli.wpress.me\/index.php\/wp-json\/wp\/v2\/types\/product"}],"version-history":[{"count":0,"href":"https:\/\/singuli.wpress.me\/index.php\/wp-json\/wp\/v2\/product\/38704\/revisions"}],"wp:featuredmedia":[{"embeddable":true,"href":"https:\/\/singuli.wpress.me\/index.php\/wp-json\/wp\/v2\/media\/38705"}],"wp:attachment":[{"href":"https:\/\/singuli.wpress.me\/index.php\/wp-json\/wp\/v2\/media?parent=38704"}],"wp:term":[{"taxonomy":"product_brand","embeddable":true,"href":"https:\/\/singuli.wpress.me\/index.php\/wp-json\/wp\/v2\/product_brand?post=38704"},{"taxonomy":"product_cat","embeddable":true,"href":"https:\/\/singuli.wpress.me\/index.php\/wp-json\/wp\/v2\/product_cat?post=38704"},{"taxonomy":"product_tag","embeddable":true,"href":"https:\/\/singuli.wpress.me\/index.php\/wp-json\/wp\/v2\/product_tag?post=38704"}],"curies":[{"name":"wp","href":"https:\/\/api.w.org\/{rel}","templated":true}]}}