{"id":38808,"date":"2026-04-18T18:12:28","date_gmt":"2026-04-18T18:12:28","guid":{"rendered":"https:\/\/singuli.wpress.me\/index.php\/proizvod\/naturella-dnevni-ulosci-normal-camomile-44-kom\/"},"modified":"2026-04-20T12:33:26","modified_gmt":"2026-04-20T12:33:26","slug":"naturella-dnevni-ulosci-normal-camomile-44-kom","status":"publish","type":"product","link":"https:\/\/singuli.wpress.me\/index.php\/proizvod\/naturella-dnevni-ulosci-normal-camomile-44-kom\/","title":{"rendered":"NATURELLA, dnevni ulo\u0161ci, Normal Camomile, 44\u00a0kom"},"content":{"rendered":"<p>Svaki novi dan nova je prilika za novi po\u010detak. Tanki i fleksibilni dnevni ulo\u0161ci Naturella Normal Camomile pru\u017eaju vam za\u0161titu i udobnost uz koje mo\u017eete \u017eivjeti svoje pravo ja.<\/p>\n","protected":false},"excerpt":{"rendered":"<p>Tanki i fleksibilni<br \/>\nZa cjelodnevnu svje\u017einu<br \/>\nMekani i nje\u017eni prema ko\u017ei intimnih dijelova tijela<\/p>\n","protected":false},"featured_media":38809,"template":"","meta":{"_seopress_robots_primary_cat":"","_seopress_titles_title":"","_seopress_titles_desc":"","_seopress_robots_index":"","iawp_total_views":0},"product_brand":[438],"product_cat":[211,288],"product_tag":[],"class_list":{"0":"post-38808","1":"product","2":"type-product","3":"status-publish","4":"has-post-thumbnail","6":"product_brand-naturella","7":"product_cat-njega-majke-i-djeteta","8":"product_cat-zenska-higijena-211","10":"first","11":"outofstock","12":"shipping-taxable","13":"purchasable","14":"product-type-simple"},"_links":{"self":[{"href":"https:\/\/singuli.wpress.me\/index.php\/wp-json\/wp\/v2\/product\/38808","targetHints":{"allow":["GET"]}}],"collection":[{"href":"https:\/\/singuli.wpress.me\/index.php\/wp-json\/wp\/v2\/product"}],"about":[{"href":"https:\/\/singuli.wpress.me\/index.php\/wp-json\/wp\/v2\/types\/product"}],"version-history":[{"count":0,"href":"https:\/\/singuli.wpress.me\/index.php\/wp-json\/wp\/v2\/product\/38808\/revisions"}],"wp:featuredmedia":[{"embeddable":true,"href":"https:\/\/singuli.wpress.me\/index.php\/wp-json\/wp\/v2\/media\/38809"}],"wp:attachment":[{"href":"https:\/\/singuli.wpress.me\/index.php\/wp-json\/wp\/v2\/media?parent=38808"}],"wp:term":[{"taxonomy":"product_brand","embeddable":true,"href":"https:\/\/singuli.wpress.me\/index.php\/wp-json\/wp\/v2\/product_brand?post=38808"},{"taxonomy":"product_cat","embeddable":true,"href":"https:\/\/singuli.wpress.me\/index.php\/wp-json\/wp\/v2\/product_cat?post=38808"},{"taxonomy":"product_tag","embeddable":true,"href":"https:\/\/singuli.wpress.me\/index.php\/wp-json\/wp\/v2\/product_tag?post=38808"}],"curies":[{"name":"wp","href":"https:\/\/api.w.org\/{rel}","templated":true}]}}