{"id":38816,"date":"2026-04-18T18:12:32","date_gmt":"2026-04-18T18:12:32","guid":{"rendered":"https:\/\/singuli.wpress.me\/index.php\/proizvod\/bison-hot-melt-hot-melt-patrone-za-vruce-lijepljenje-6x11mm\/"},"modified":"2026-04-20T12:33:26","modified_gmt":"2026-04-20T12:33:26","slug":"bison-hot-melt-hot-melt-patrone-za-vruce-lijepljenje-6x11mm","status":"publish","type":"product","link":"https:\/\/singuli.wpress.me\/index.php\/proizvod\/bison-hot-melt-hot-melt-patrone-za-vruce-lijepljenje-6x11mm\/","title":{"rendered":"BISON Hot Melt Hot Melt, patrone, za vru\u0107e lijepljenje, 6x11mm"},"content":{"rendered":"<p>Patrone ZA VRU\u0106E LIJEPLJENJE HOBBY<br \/>\nProzirne, sna\u017ene, okruglog oblika, promjera 11mm.<\/p>\n<p>Prozirne i visoke snage uz kratko vrijeme stvrdnjavanja.<\/p>\n<p>Otporno na vremenske uvjete i UV svjetlost, pra\u0161ke za pranje i deterd\u017eente. <\/p>\n<p>Lijepi mnoge porozne i neporozne materijale u sekundi poput drva, metala, kamena, stakla, plo\u010dica, keramike, ko\u017ee, tekstila i mnogih plastika. S velikim kapacitetom topljenja i pogodan je za samostalne projekte i sve popravke u ku\u0107anstvu. Gotovo sve materijale lijepi brzo, uredno, trajno i pouzdano. Idealno za pri\u010dvr\u0161\u0107ivanje, popravke, izoliranje i brtvljenje. Na primjer tepihe, potplate i potpetice za cipele, letve za monta\u017eu, lajsne ili lijepljenje labavih plo\u010dica. Vi\u0161enamjensko. Posebno za samostalne projekte i poluprofesionalnu upotrebu.<\/p>\n<p>Nije prikladno za PE, PP, PTFE, kao i materijale osjetljive na toplinu. Nose\u0107e elemente ili predmete koji su trajno pod optere\u0107enjem.<\/p>\n","protected":false},"excerpt":{"rendered":"<p>Promjer 11mm<br \/>\nOtporno na temperaturu do + 70 \u00b0 C<br \/>\nDobra elektri\u010dna izolacijska sposobnost<\/p>\n","protected":false},"featured_media":38817,"template":"","meta":{"_seopress_robots_primary_cat":"","_seopress_titles_title":"","_seopress_titles_desc":"","_seopress_robots_index":"","iawp_total_views":0},"product_brand":[494],"product_cat":[264,238],"product_tag":[],"class_list":{"0":"post-38816","1":"product","2":"type-product","3":"status-publish","4":"has-post-thumbnail","6":"product_brand-bison","7":"product_cat-ljepila-i-brtvila-238","8":"product_cat-sve-za-dom","10":"first","11":"instock","12":"shipping-taxable","13":"purchasable","14":"product-type-simple"},"_links":{"self":[{"href":"https:\/\/singuli.wpress.me\/index.php\/wp-json\/wp\/v2\/product\/38816","targetHints":{"allow":["GET"]}}],"collection":[{"href":"https:\/\/singuli.wpress.me\/index.php\/wp-json\/wp\/v2\/product"}],"about":[{"href":"https:\/\/singuli.wpress.me\/index.php\/wp-json\/wp\/v2\/types\/product"}],"version-history":[{"count":0,"href":"https:\/\/singuli.wpress.me\/index.php\/wp-json\/wp\/v2\/product\/38816\/revisions"}],"wp:featuredmedia":[{"embeddable":true,"href":"https:\/\/singuli.wpress.me\/index.php\/wp-json\/wp\/v2\/media\/38817"}],"wp:attachment":[{"href":"https:\/\/singuli.wpress.me\/index.php\/wp-json\/wp\/v2\/media?parent=38816"}],"wp:term":[{"taxonomy":"product_brand","embeddable":true,"href":"https:\/\/singuli.wpress.me\/index.php\/wp-json\/wp\/v2\/product_brand?post=38816"},{"taxonomy":"product_cat","embeddable":true,"href":"https:\/\/singuli.wpress.me\/index.php\/wp-json\/wp\/v2\/product_cat?post=38816"},{"taxonomy":"product_tag","embeddable":true,"href":"https:\/\/singuli.wpress.me\/index.php\/wp-json\/wp\/v2\/product_tag?post=38816"}],"curies":[{"name":"wp","href":"https:\/\/api.w.org\/{rel}","templated":true}]}}