{"id":38917,"date":"2026-04-18T18:13:02","date_gmt":"2026-04-18T18:13:02","guid":{"rendered":"https:\/\/singuli.wpress.me\/index.php\/proizvod\/morlina-s2-b-100-ulje-za-lezajeve-i-cirkulacijsko-ulje-209-l\/"},"modified":"2026-04-20T12:33:26","modified_gmt":"2026-04-20T12:33:26","slug":"morlina-s2-b-100-ulje-za-lezajeve-i-cirkulacijsko-ulje-209-l","status":"publish","type":"product","link":"https:\/\/singuli.wpress.me\/index.php\/proizvod\/morlina-s2-b-100-ulje-za-lezajeve-i-cirkulacijsko-ulje-209-l\/","title":{"rendered":"MORLINA S2 B 100, ulje za le\u017eajeve i cirkulacijsko ulje, 209\u00a0l"},"content":{"rendered":"<p>Ulja visokih performansi dizajnirana za pru\u017eanje izvrsne za\u0161tite ve\u0107ine industrijskih le\u017eajeva i cirkulacijskih sustava gdje je odvajanje ulja od vode vrlo va\u017ena karakteristika za vijek trajanja opreme. Mogu se upotrijebiti i u ostalim industrijskim prijenosima gdje nisu potrebna cirkulacijska svojstva s EP svojstvima. Zadovoljavaju ve\u0107inu osnovnih zahtjeva Morgan i Daniell standard za uobi\u010dajena ulja za podmazivanje le\u017eajeva.<\/p>\n<p><span style=\"font-weight: bold\">Specifikacija: <\/span>Morgan MORGOIL Lubricant Specification New Oil, Danieli Standard Oil 6.124249.F, DIN 51517-1-tip C, DIN 51517-2- tip CL<\/p>\n","protected":false},"excerpt":{"rendered":"<p>Ulje za le\u017eajeve i cirkulacijsko ulje<br \/>\nIzvrsna za\u0161tita industrijskih le\u017eajeva i cirkulacijskih sustava<br \/>\nMogu se upotrijebiti i u ostalim industrijskim prijenosima gdje nisu potrebna cirkulacijska svojstva s EP svojstvima<\/p>\n","protected":false},"featured_media":38918,"template":"","meta":{"_seopress_robots_primary_cat":"","_seopress_titles_title":"","_seopress_titles_desc":"","_seopress_robots_index":"","iawp_total_views":0},"product_brand":[755],"product_cat":[243,276],"product_tag":[],"class_list":{"0":"post-38917","1":"product","2":"type-product","3":"status-publish","4":"has-post-thumbnail","6":"product_brand-morlina","7":"product_cat-automobili-i-motori","8":"product_cat-industrijska-i-specijalna-ulja-243","10":"first","11":"outofstock","12":"shipping-taxable","13":"purchasable","14":"product-type-simple"},"_links":{"self":[{"href":"https:\/\/singuli.wpress.me\/index.php\/wp-json\/wp\/v2\/product\/38917","targetHints":{"allow":["GET"]}}],"collection":[{"href":"https:\/\/singuli.wpress.me\/index.php\/wp-json\/wp\/v2\/product"}],"about":[{"href":"https:\/\/singuli.wpress.me\/index.php\/wp-json\/wp\/v2\/types\/product"}],"version-history":[{"count":0,"href":"https:\/\/singuli.wpress.me\/index.php\/wp-json\/wp\/v2\/product\/38917\/revisions"}],"wp:featuredmedia":[{"embeddable":true,"href":"https:\/\/singuli.wpress.me\/index.php\/wp-json\/wp\/v2\/media\/38918"}],"wp:attachment":[{"href":"https:\/\/singuli.wpress.me\/index.php\/wp-json\/wp\/v2\/media?parent=38917"}],"wp:term":[{"taxonomy":"product_brand","embeddable":true,"href":"https:\/\/singuli.wpress.me\/index.php\/wp-json\/wp\/v2\/product_brand?post=38917"},{"taxonomy":"product_cat","embeddable":true,"href":"https:\/\/singuli.wpress.me\/index.php\/wp-json\/wp\/v2\/product_cat?post=38917"},{"taxonomy":"product_tag","embeddable":true,"href":"https:\/\/singuli.wpress.me\/index.php\/wp-json\/wp\/v2\/product_tag?post=38917"}],"curies":[{"name":"wp","href":"https:\/\/api.w.org\/{rel}","templated":true}]}}