{"id":38949,"date":"2026-04-18T18:13:15","date_gmt":"2026-04-18T18:13:15","guid":{"rendered":"https:\/\/singuli.wpress.me\/index.php\/proizvod\/pantene-pro-v-lively-color-sampon-za-kosu-obojana-kosa-400-ml\/"},"modified":"2026-04-20T12:33:26","modified_gmt":"2026-04-20T12:33:26","slug":"pantene-pro-v-lively-color-sampon-za-kosu-obojana-kosa-400-ml","status":"publish","type":"product","link":"https:\/\/singuli.wpress.me\/index.php\/proizvod\/pantene-pro-v-lively-color-sampon-za-kosu-obojana-kosa-400-ml\/","title":{"rendered":"PANTENE Pro-V Lively Color, \u0161ampon za kosu, obojana kosa, 400\u00a0ml"},"content":{"rendered":"<p>\u0160ampon Pantene Pro-V Lively Color s Pro-V formulom bogatom mje\u0161avinom hranjivih tvari. Nje\u017eno \u010disti i hrani kosu aktivnim Pro-V hranjivim tvarima da bi je oja\u010dao* iznutra te poma\u017ee za\u0161tititi vitalnost obojene kose.<br \/>\nOvaj \u0161ampon Pantene Lively Color:<br \/>\n\u2022 dodaje za\u0161titni sloj i tako poma\u017ee zadr\u017eati vlagu te kosi daje zdravu blistavost <br \/>\n\u2022 poma\u017ee za\u0161tititi va\u0161u obojanu kosu ili kosu s pramenovima od o\u0161te\u0107enja oblikovanjem<br \/>\n\u2022 njeguje obojenu kosu i ostavlja je glatkom na dodir<\/p>\n<p>*otpornost na o\u0161te\u0107enja uzrokovana oblikovanjem, u usporedbi sa \u0161amponima bez balzama<\/p>\n","protected":false},"excerpt":{"rendered":"<p>\u0160ampon za obojenu kosu, \u010duva boju, sjaj i glatko\u0107u<br \/>\nNutrijenti pro-v za kosu otporniju na o\u0161te\u0107enja<br \/>\nNa kosi ostavlja za\u0161titni sloj za ljep\u0161i sjaj<\/p>\n","protected":false},"featured_media":38950,"template":"","meta":{"_seopress_robots_primary_cat":"","_seopress_titles_title":"","_seopress_titles_desc":"","_seopress_robots_index":"","iawp_total_views":0},"product_brand":[411],"product_cat":[268,300],"product_tag":[],"class_list":{"0":"post-38949","1":"product","2":"type-product","3":"status-publish","4":"has-post-thumbnail","6":"product_brand-pantene","7":"product_cat-kozmetika-2","8":"product_cat-njega-kose-268","10":"first","11":"instock","12":"shipping-taxable","13":"purchasable","14":"product-type-simple"},"_links":{"self":[{"href":"https:\/\/singuli.wpress.me\/index.php\/wp-json\/wp\/v2\/product\/38949","targetHints":{"allow":["GET"]}}],"collection":[{"href":"https:\/\/singuli.wpress.me\/index.php\/wp-json\/wp\/v2\/product"}],"about":[{"href":"https:\/\/singuli.wpress.me\/index.php\/wp-json\/wp\/v2\/types\/product"}],"version-history":[{"count":0,"href":"https:\/\/singuli.wpress.me\/index.php\/wp-json\/wp\/v2\/product\/38949\/revisions"}],"wp:featuredmedia":[{"embeddable":true,"href":"https:\/\/singuli.wpress.me\/index.php\/wp-json\/wp\/v2\/media\/38950"}],"wp:attachment":[{"href":"https:\/\/singuli.wpress.me\/index.php\/wp-json\/wp\/v2\/media?parent=38949"}],"wp:term":[{"taxonomy":"product_brand","embeddable":true,"href":"https:\/\/singuli.wpress.me\/index.php\/wp-json\/wp\/v2\/product_brand?post=38949"},{"taxonomy":"product_cat","embeddable":true,"href":"https:\/\/singuli.wpress.me\/index.php\/wp-json\/wp\/v2\/product_cat?post=38949"},{"taxonomy":"product_tag","embeddable":true,"href":"https:\/\/singuli.wpress.me\/index.php\/wp-json\/wp\/v2\/product_tag?post=38949"}],"curies":[{"name":"wp","href":"https:\/\/api.w.org\/{rel}","templated":true}]}}