{"id":38984,"date":"2026-04-18T18:13:29","date_gmt":"2026-04-18T18:13:29","guid":{"rendered":"https:\/\/singuli.wpress.me\/index.php\/proizvod\/gadus-s3-u460a-1-5-visenamjenska-mast-180-kg\/"},"modified":"2026-04-20T12:33:27","modified_gmt":"2026-04-20T12:33:27","slug":"gadus-s3-u460a-1-5-visenamjenska-mast-180-kg","status":"publish","type":"product","link":"https:\/\/singuli.wpress.me\/index.php\/proizvod\/gadus-s3-u460a-1-5-visenamjenska-mast-180-kg\/","title":{"rendered":"GADUS S3 U460A 1.5, vi\u0161enamjenska mast, 180\u00a0kg"},"content":{"rendered":"<p>Vi\u0161enamjenska kalcij sulfonat kompleks mast za \u010deli\u010dane i te\u0161ko optere\u0107ene industrijske aplikacije. Ova mast osigurava izvrsne u\u010dinke kod industrijskih aplikacija sa srednjim i umjerenim brzinama koje rade kontinuirano pod te\u0161kim optere\u0107enjem.<\/p>\n","protected":false},"excerpt":{"rendered":"<p>Vi\u0161enamjenska kalcij sulfonat kompleks mast<br \/>\nNamijenjena \u010deli\u010danim i te\u0161ko optere\u0107enim industrijskim aplikacijama<br \/>\nOsigurava izvrsne u\u010dinke<\/p>\n","protected":false},"featured_media":38985,"template":"","meta":{"_seopress_robots_primary_cat":"","_seopress_titles_title":"","_seopress_titles_desc":"","_seopress_robots_index":"","iawp_total_views":0},"product_brand":[413],"product_cat":[268,278],"product_tag":[],"class_list":{"0":"post-38984","1":"product","2":"type-product","3":"status-publish","4":"has-post-thumbnail","6":"product_brand-gadus","7":"product_cat-kozmetika-2","8":"product_cat-njega-tijela-268","10":"first","11":"outofstock","12":"shipping-taxable","13":"purchasable","14":"product-type-simple"},"_links":{"self":[{"href":"https:\/\/singuli.wpress.me\/index.php\/wp-json\/wp\/v2\/product\/38984","targetHints":{"allow":["GET"]}}],"collection":[{"href":"https:\/\/singuli.wpress.me\/index.php\/wp-json\/wp\/v2\/product"}],"about":[{"href":"https:\/\/singuli.wpress.me\/index.php\/wp-json\/wp\/v2\/types\/product"}],"version-history":[{"count":0,"href":"https:\/\/singuli.wpress.me\/index.php\/wp-json\/wp\/v2\/product\/38984\/revisions"}],"wp:featuredmedia":[{"embeddable":true,"href":"https:\/\/singuli.wpress.me\/index.php\/wp-json\/wp\/v2\/media\/38985"}],"wp:attachment":[{"href":"https:\/\/singuli.wpress.me\/index.php\/wp-json\/wp\/v2\/media?parent=38984"}],"wp:term":[{"taxonomy":"product_brand","embeddable":true,"href":"https:\/\/singuli.wpress.me\/index.php\/wp-json\/wp\/v2\/product_brand?post=38984"},{"taxonomy":"product_cat","embeddable":true,"href":"https:\/\/singuli.wpress.me\/index.php\/wp-json\/wp\/v2\/product_cat?post=38984"},{"taxonomy":"product_tag","embeddable":true,"href":"https:\/\/singuli.wpress.me\/index.php\/wp-json\/wp\/v2\/product_tag?post=38984"}],"curies":[{"name":"wp","href":"https:\/\/api.w.org\/{rel}","templated":true}]}}