{"id":38988,"date":"2026-04-18T18:13:30","date_gmt":"2026-04-18T18:13:30","guid":{"rendered":"https:\/\/singuli.wpress.me\/index.php\/proizvod\/rimula-r5-lm-10w40-motorno-ulje-za-gospodarska-vozila-209-l\/"},"modified":"2026-04-20T12:33:27","modified_gmt":"2026-04-20T12:33:27","slug":"rimula-r5-lm-10w40-motorno-ulje-za-gospodarska-vozila-209-l","status":"publish","type":"product","link":"https:\/\/singuli.wpress.me\/index.php\/proizvod\/rimula-r5-lm-10w40-motorno-ulje-za-gospodarska-vozila-209-l\/","title":{"rendered":"RIMULA R5 LM 10W40, motorno ulje za gospodarska vozila, 209\u00a0l"},"content":{"rendered":"<p>Motorno ulje koje sadr\u017ei najnoviju kombinaciju visokou\u010dinkovitih aditiva s niskim sadr\u017eajem pepela, sumpora i fosfora (Low-SAPS) kompatibilno s najnovijim ispu\u0161nim sustavima uz u\u0161tedu energije. <\/p>\n<p>Snaga za\u0161tite dodatno je poja\u010dana upotrebom sinteti\u010dnih baznih ulja koja poja\u010davaju djelovanje aditiva za prilago\u0111avanje raznim uvjetima vo\u017enje i produljenom intervalu izmjene ulja.<\/p>\n<p><span style=\"font-weight: bold\">Specifikacija<\/span>: ACEA E6, MB-odobrenje 228.51, DAF (ACEA E6)<\/p>\n","protected":false},"excerpt":{"rendered":"<p>Niski sadr\u017eaj pepela, sumpora i fosfora<br \/>\nProduljeni interval izmjene ulja<br \/>\nSpecifikacija u opisu<\/p>\n","protected":false},"featured_media":38989,"template":"","meta":{"_seopress_robots_primary_cat":"","_seopress_titles_title":"","_seopress_titles_desc":"","_seopress_robots_index":"","iawp_total_views":0},"product_brand":[469],"product_cat":[243,276,272],"product_tag":[],"class_list":{"0":"post-38988","1":"product","2":"type-product","3":"status-publish","4":"has-post-thumbnail","6":"product_brand-rimula","7":"product_cat-automobili-i-motori","8":"product_cat-industrijska-i-specijalna-ulja-243","9":"product_cat-motorna-ulja-243","11":"first","12":"instock","13":"shipping-taxable","14":"purchasable","15":"product-type-simple"},"_links":{"self":[{"href":"https:\/\/singuli.wpress.me\/index.php\/wp-json\/wp\/v2\/product\/38988","targetHints":{"allow":["GET"]}}],"collection":[{"href":"https:\/\/singuli.wpress.me\/index.php\/wp-json\/wp\/v2\/product"}],"about":[{"href":"https:\/\/singuli.wpress.me\/index.php\/wp-json\/wp\/v2\/types\/product"}],"version-history":[{"count":0,"href":"https:\/\/singuli.wpress.me\/index.php\/wp-json\/wp\/v2\/product\/38988\/revisions"}],"wp:featuredmedia":[{"embeddable":true,"href":"https:\/\/singuli.wpress.me\/index.php\/wp-json\/wp\/v2\/media\/38989"}],"wp:attachment":[{"href":"https:\/\/singuli.wpress.me\/index.php\/wp-json\/wp\/v2\/media?parent=38988"}],"wp:term":[{"taxonomy":"product_brand","embeddable":true,"href":"https:\/\/singuli.wpress.me\/index.php\/wp-json\/wp\/v2\/product_brand?post=38988"},{"taxonomy":"product_cat","embeddable":true,"href":"https:\/\/singuli.wpress.me\/index.php\/wp-json\/wp\/v2\/product_cat?post=38988"},{"taxonomy":"product_tag","embeddable":true,"href":"https:\/\/singuli.wpress.me\/index.php\/wp-json\/wp\/v2\/product_tag?post=38988"}],"curies":[{"name":"wp","href":"https:\/\/api.w.org\/{rel}","templated":true}]}}