{"id":39032,"date":"2026-04-18T18:14:00","date_gmt":"2026-04-18T18:14:00","guid":{"rendered":"https:\/\/singuli.wpress.me\/index.php\/proizvod\/always-dailies-extra-protect-large-dnevni-ulosci-46-kom\/"},"modified":"2026-04-20T12:33:27","modified_gmt":"2026-04-20T12:33:27","slug":"always-dailies-extra-protect-large-dnevni-ulosci-46-kom","status":"publish","type":"product","link":"https:\/\/singuli.wpress.me\/index.php\/proizvod\/always-dailies-extra-protect-large-dnevni-ulosci-46-kom\/","title":{"rendered":"ALWAYS Dailies Extra Protect Large, dnevni ulo\u0161ci, 46\u00a0kom"},"content":{"rendered":"<p>Osje\u0107ajte se svje\u017ei i za\u0161ti\u0107eni tijekom cijelog dana uz dnevne ulo\u0161ke Always Dailies Long Plus Extra Protect. S tehnologijom za neutralizaciju neugodnih mirisa i upijaju\u0107im podru\u010djem, dnevni ulo\u0161ci Always Dailies Long Plus Extra Protect svojom du\u017eom duljinom nude vam izvrsnu za\u0161titu i svje\u017einu na koju Oni idealni su za vaginalni iscjedak, kao dodatna za\u0161tita kod neredovitih menstruacija i za dane slabe menstruacije ili slabog curenja.<\/p>\n<p>&#8211; Tehnologija neutralizacije mirisa omogu\u0107uje vam da se osje\u0107ate svje\u017ee i samouvjereno cijeli dan.<br \/>\n&#8211; Dnevni jastu\u010di\u0107i s bo\u010dnim za\u0161titnim zonama za bolju za\u0161titu od curenja.<br \/>\n&#8211; Dnevni ulo\u0161ci su ne\u0161to ve\u0107i u usporedbi s Always Dailies Normal Fresh &amp; Protect ulo\u0161cima za bolju za\u0161titu.<br \/>\n&#8211; Odobreno od strane dermatologa Skin Health Alliance.<br \/>\n&#8211; FSC certificirana ambala\u017ea.<\/p>\n<p>Upozorenje: Kako biste izbjegli opasnost od gu\u0161enja, dr\u017eite svu ambala\u017eu podalje od dojen\u010dadi i djece.<\/p>\n<p>Nemojte pu\u0161tati vodu u WC \u0161koljku. \u010cuvati na hladnom i suhom mjestu.<\/p>\n","protected":false},"excerpt":{"rendered":"<p>Do 100% za\u0161tite od neugodnih mirisa.<br \/>\nDermatolo\u0161ki provjereno.<br \/>\nS bo\u010dnim za\u0161titnim zonama za pobolj\u0161anu za\u0161titu od propu\u0161tanja.<\/p>\n","protected":false},"featured_media":39033,"template":"","meta":{"_seopress_robots_primary_cat":"","_seopress_titles_title":"","_seopress_titles_desc":"","_seopress_robots_index":"","iawp_total_views":0},"product_brand":[449],"product_cat":[211,288],"product_tag":[],"class_list":{"0":"post-39032","1":"product","2":"type-product","3":"status-publish","4":"has-post-thumbnail","6":"product_brand-always","7":"product_cat-njega-majke-i-djeteta","8":"product_cat-zenska-higijena-211","10":"first","11":"instock","12":"shipping-taxable","13":"purchasable","14":"product-type-simple"},"_links":{"self":[{"href":"https:\/\/singuli.wpress.me\/index.php\/wp-json\/wp\/v2\/product\/39032","targetHints":{"allow":["GET"]}}],"collection":[{"href":"https:\/\/singuli.wpress.me\/index.php\/wp-json\/wp\/v2\/product"}],"about":[{"href":"https:\/\/singuli.wpress.me\/index.php\/wp-json\/wp\/v2\/types\/product"}],"version-history":[{"count":0,"href":"https:\/\/singuli.wpress.me\/index.php\/wp-json\/wp\/v2\/product\/39032\/revisions"}],"wp:featuredmedia":[{"embeddable":true,"href":"https:\/\/singuli.wpress.me\/index.php\/wp-json\/wp\/v2\/media\/39033"}],"wp:attachment":[{"href":"https:\/\/singuli.wpress.me\/index.php\/wp-json\/wp\/v2\/media?parent=39032"}],"wp:term":[{"taxonomy":"product_brand","embeddable":true,"href":"https:\/\/singuli.wpress.me\/index.php\/wp-json\/wp\/v2\/product_brand?post=39032"},{"taxonomy":"product_cat","embeddable":true,"href":"https:\/\/singuli.wpress.me\/index.php\/wp-json\/wp\/v2\/product_cat?post=39032"},{"taxonomy":"product_tag","embeddable":true,"href":"https:\/\/singuli.wpress.me\/index.php\/wp-json\/wp\/v2\/product_tag?post=39032"}],"curies":[{"name":"wp","href":"https:\/\/api.w.org\/{rel}","templated":true}]}}