{"id":39055,"date":"2026-04-18T18:14:13","date_gmt":"2026-04-18T18:14:13","guid":{"rendered":"https:\/\/singuli.wpress.me\/index.php\/proizvod\/oral-b-io4-elektricna-cetkica-za-zube-quite-white\/"},"modified":"2026-04-20T12:33:27","modified_gmt":"2026-04-20T12:33:27","slug":"oral-b-io4-elektricna-cetkica-za-zube-quite-white","status":"publish","type":"product","link":"https:\/\/singuli.wpress.me\/index.php\/proizvod\/oral-b-io4-elektricna-cetkica-za-zube-quite-white\/","title":{"rendered":"ORAL-B iO4, elektri\u010dna \u010detkica za zube, Quite White"},"content":{"rendered":"<p><img decoding=\"async\" src=\"https:\/\/prod-minio-orbico.nd0.pl\/orbico.ohr\/Rich%20content\/01.jpg\" style=\"max-width: 100%;height: auto\" alt=\"Oral-B 1\"><br \/>\n<img decoding=\"async\" src=\"https:\/\/prod-minio-orbico.nd0.pl\/orbico.ohr\/Rich%20content\/02.jpg\" style=\"max-width: 100%;height: auto\" alt=\"Oral-B 2\"><br \/>\n<img decoding=\"async\" src=\"https:\/\/prod-minio-orbico.nd0.pl\/orbico.ohr\/Rich%20content\/03.jpg\" style=\"max-width: 100%;height: auto\" alt=\"Oral-B 3\"><br \/>\n<img decoding=\"async\" src=\"https:\/\/prod-minio-orbico.nd0.pl\/orbico.ohr\/Rich%20content\/06.jpg\" style=\"max-width: 100%;height: auto\" alt=\"Oral-B 4\"><br \/>\n<img decoding=\"async\" src=\"https:\/\/prod-minio-orbico.nd0.pl\/orbico.ohr\/Rich%20content\/07.jpg\" style=\"max-width: 100%;height: auto\" alt=\"Oral-B 5\"><br \/>\n<img decoding=\"async\" src=\"https:\/\/prod-minio-orbico.nd0.pl\/orbico.ohr\/Rich%20content\/08.jpg\" style=\"max-width: 100%;height: auto\" alt=\"Oral-B 7\"><br \/>\n<img decoding=\"async\" src=\"https:\/\/prod-minio-orbico.nd0.pl\/orbico.ohr\/Rich%20content\/09.jpg\" style=\"max-width: 100%;height: auto\" alt=\"Oral-B 8\"><br \/>\n<img decoding=\"async\" src=\"https:\/\/prod-minio-orbico.nd0.pl\/orbico.ohr\/Rich%20content\/10.jpg\" style=\"max-width: 100%;height: auto\" alt=\"Oral-B 9\"><br \/>\n<img decoding=\"async\" src=\"https:\/\/prod-minio-orbico.nd0.pl\/orbico.ohr\/Rich%20content\/11.jpg\" style=\"max-width: 100%;height: auto\" alt=\"Oral-B 10\"><br \/>\n<img decoding=\"async\" src=\"https:\/\/prod-minio-orbico.nd0.pl\/orbico.ohr\/Rich%20content\/12.jpg\" style=\"max-width: 100%;height: auto\" alt=\"Oral-B 11\"><\/p>\n","protected":false},"excerpt":{"rendered":"<p>Namijenjena osobama s osjetljivim zubima i desnima<br \/>\n100% zdravije desni u jednom tjednu<br \/>\n4 na\u010dina rada za pranje zubi prilago\u0111eno va\u0161im potrebama<\/p>\n","protected":false},"featured_media":39056,"template":"","meta":{"_seopress_robots_primary_cat":"","_seopress_titles_title":"","_seopress_titles_desc":"","_seopress_robots_index":"","iawp_total_views":0},"product_brand":[423],"product_cat":[293,192,292],"product_tag":[],"class_list":{"0":"post-39055","1":"product","2":"type-product","3":"status-publish","4":"has-post-thumbnail","6":"product_brand-oral-b-2","7":"product_cat-aparati-za-djecu-i-odrasle-292","8":"product_cat-aparati-za-osobnu-njegu","9":"product_cat-oralna-higijena-uredaji-192","11":"first","12":"outofstock","13":"shipping-taxable","14":"purchasable","15":"product-type-simple"},"_links":{"self":[{"href":"https:\/\/singuli.wpress.me\/index.php\/wp-json\/wp\/v2\/product\/39055","targetHints":{"allow":["GET"]}}],"collection":[{"href":"https:\/\/singuli.wpress.me\/index.php\/wp-json\/wp\/v2\/product"}],"about":[{"href":"https:\/\/singuli.wpress.me\/index.php\/wp-json\/wp\/v2\/types\/product"}],"version-history":[{"count":0,"href":"https:\/\/singuli.wpress.me\/index.php\/wp-json\/wp\/v2\/product\/39055\/revisions"}],"wp:featuredmedia":[{"embeddable":true,"href":"https:\/\/singuli.wpress.me\/index.php\/wp-json\/wp\/v2\/media\/39056"}],"wp:attachment":[{"href":"https:\/\/singuli.wpress.me\/index.php\/wp-json\/wp\/v2\/media?parent=39055"}],"wp:term":[{"taxonomy":"product_brand","embeddable":true,"href":"https:\/\/singuli.wpress.me\/index.php\/wp-json\/wp\/v2\/product_brand?post=39055"},{"taxonomy":"product_cat","embeddable":true,"href":"https:\/\/singuli.wpress.me\/index.php\/wp-json\/wp\/v2\/product_cat?post=39055"},{"taxonomy":"product_tag","embeddable":true,"href":"https:\/\/singuli.wpress.me\/index.php\/wp-json\/wp\/v2\/product_tag?post=39055"}],"curies":[{"name":"wp","href":"https:\/\/api.w.org\/{rel}","templated":true}]}}