{"id":39063,"date":"2026-04-18T18:14:15","date_gmt":"2026-04-18T18:14:15","guid":{"rendered":"https:\/\/singuli.wpress.me\/index.php\/proizvod\/paclan-folija-za-svjezinu-30m\/"},"modified":"2026-04-21T00:26:58","modified_gmt":"2026-04-21T00:26:58","slug":"paclan-folija-za-svjezinu-30m","status":"publish","type":"product","link":"https:\/\/singuli.wpress.me\/index.php\/proizvod\/paclan-folija-za-svjezinu-30m\/","title":{"rendered":"PACLAN, folija za svje\u017einu, 30m"},"content":{"rendered":"<p>Folija za hranu &#8211; \u0161irina folije 29 cm, du\u017eina 30 mTo su folije koje trebate, kad ste ispekli previ\u0161e kola\u010da za obiteljsku ve\u010deru, ili ste toliko kuhali, da \u010dak i desetak gostiju to nije moglo pojesti! Folija je nevjerojatno jaka, zadr\u017eava aromu, prianja na bilo koju vrstu hrane, \u0161tite\u0107i je od su\u0161enja.<\/p>\n","protected":false},"excerpt":{"rendered":"<p>\u0160irina folije 29cm, du\u017eina 30m<br \/>\nVi\u0161enamjenska<br \/>\nNe lijepi se na hranu<\/p>\n","protected":false},"featured_media":39064,"template":"","meta":{"_seopress_robots_primary_cat":"","_seopress_titles_title":"","_seopress_titles_desc":"","_seopress_robots_index":"","iawp_total_views":0},"product_brand":[474],"product_cat":[274,238],"product_tag":[],"class_list":{"0":"post-39063","1":"product","2":"type-product","3":"status-publish","4":"has-post-thumbnail","6":"product_brand-paclan","7":"product_cat-kucanski-pribor-238","8":"product_cat-sve-za-dom","10":"first","11":"instock","12":"shipping-taxable","13":"purchasable","14":"product-type-simple"},"_links":{"self":[{"href":"https:\/\/singuli.wpress.me\/index.php\/wp-json\/wp\/v2\/product\/39063","targetHints":{"allow":["GET"]}}],"collection":[{"href":"https:\/\/singuli.wpress.me\/index.php\/wp-json\/wp\/v2\/product"}],"about":[{"href":"https:\/\/singuli.wpress.me\/index.php\/wp-json\/wp\/v2\/types\/product"}],"version-history":[{"count":0,"href":"https:\/\/singuli.wpress.me\/index.php\/wp-json\/wp\/v2\/product\/39063\/revisions"}],"wp:featuredmedia":[{"embeddable":true,"href":"https:\/\/singuli.wpress.me\/index.php\/wp-json\/wp\/v2\/media\/39064"}],"wp:attachment":[{"href":"https:\/\/singuli.wpress.me\/index.php\/wp-json\/wp\/v2\/media?parent=39063"}],"wp:term":[{"taxonomy":"product_brand","embeddable":true,"href":"https:\/\/singuli.wpress.me\/index.php\/wp-json\/wp\/v2\/product_brand?post=39063"},{"taxonomy":"product_cat","embeddable":true,"href":"https:\/\/singuli.wpress.me\/index.php\/wp-json\/wp\/v2\/product_cat?post=39063"},{"taxonomy":"product_tag","embeddable":true,"href":"https:\/\/singuli.wpress.me\/index.php\/wp-json\/wp\/v2\/product_tag?post=39063"}],"curies":[{"name":"wp","href":"https:\/\/api.w.org\/{rel}","templated":true}]}}