{"id":39092,"date":"2026-04-18T18:14:25","date_gmt":"2026-04-18T18:14:25","guid":{"rendered":"https:\/\/singuli.wpress.me\/index.php\/proizvod\/tikves-lozova-rakija-0-4-1-l\/"},"modified":"2026-04-21T00:26:58","modified_gmt":"2026-04-21T00:26:58","slug":"tikves-lozova-rakija-0-4-1-l","status":"publish","type":"product","link":"https:\/\/singuli.wpress.me\/index.php\/proizvod\/tikves-lozova-rakija-0-4-1-l\/","title":{"rendered":"TIKVE\u0160 Lozova, rakija, 0.4, 1\u00a0l"},"content":{"rendered":"<p>Kroz stoljetnu tradiciju, vinarija Tikve\u0161 je nau\u010dila pa\u017eljivo odgajati vinovu lozu od vina i kreiraju idealnu osnovu za dobivanje \u010duvene tikve\u0161ke lozove rakije. Uvijek cijenjena i svuda tra\u017eena, sazrijevala je u hrastovim ba\u010dvama pod specijalnim uvjetima, preporuka kao naj\u010duveniji makedonski aperitiv.<\/p>\n","protected":false},"excerpt":{"rendered":"<p>Stoljetna tradicija vinarije<br \/>\nSazrijevala u hrastovim ba\u010dvama<br \/>\nNaj\u010duveniji makedonski aperitiv<\/p>\n","protected":false},"featured_media":39093,"template":"","meta":{"_seopress_robots_primary_cat":"","_seopress_titles_title":"","_seopress_titles_desc":"","_seopress_robots_index":"","iawp_total_views":0},"product_brand":[470],"product_cat":[298,261],"product_tag":[],"class_list":{"0":"post-39092","1":"product","2":"type-product","3":"status-publish","4":"has-post-thumbnail","6":"product_brand-tikves","7":"product_cat-alkoholna-pica-261","8":"product_cat-hrana-i-pice","10":"first","11":"outofstock","12":"shipping-taxable","13":"purchasable","14":"product-type-simple"},"_links":{"self":[{"href":"https:\/\/singuli.wpress.me\/index.php\/wp-json\/wp\/v2\/product\/39092","targetHints":{"allow":["GET"]}}],"collection":[{"href":"https:\/\/singuli.wpress.me\/index.php\/wp-json\/wp\/v2\/product"}],"about":[{"href":"https:\/\/singuli.wpress.me\/index.php\/wp-json\/wp\/v2\/types\/product"}],"version-history":[{"count":0,"href":"https:\/\/singuli.wpress.me\/index.php\/wp-json\/wp\/v2\/product\/39092\/revisions"}],"wp:featuredmedia":[{"embeddable":true,"href":"https:\/\/singuli.wpress.me\/index.php\/wp-json\/wp\/v2\/media\/39093"}],"wp:attachment":[{"href":"https:\/\/singuli.wpress.me\/index.php\/wp-json\/wp\/v2\/media?parent=39092"}],"wp:term":[{"taxonomy":"product_brand","embeddable":true,"href":"https:\/\/singuli.wpress.me\/index.php\/wp-json\/wp\/v2\/product_brand?post=39092"},{"taxonomy":"product_cat","embeddable":true,"href":"https:\/\/singuli.wpress.me\/index.php\/wp-json\/wp\/v2\/product_cat?post=39092"},{"taxonomy":"product_tag","embeddable":true,"href":"https:\/\/singuli.wpress.me\/index.php\/wp-json\/wp\/v2\/product_tag?post=39092"}],"curies":[{"name":"wp","href":"https:\/\/api.w.org\/{rel}","templated":true}]}}