{"id":39118,"date":"2026-04-18T18:14:41","date_gmt":"2026-04-18T18:14:41","guid":{"rendered":"https:\/\/singuli.wpress.me\/index.php\/proizvod\/raid-sprej-protiv-gmizucih-insekata-400-ml\/"},"modified":"2026-04-21T00:26:59","modified_gmt":"2026-04-21T00:26:59","slug":"raid-sprej-protiv-gmizucih-insekata-400-ml","status":"publish","type":"product","link":"https:\/\/singuli.wpress.me\/index.php\/proizvod\/raid-sprej-protiv-gmizucih-insekata-400-ml\/","title":{"rendered":"RAID, sprej, protiv gmi\u017eu\u0107ih insekata, 400\u00a0ml"},"content":{"rendered":"<p>Raid\u00ae Essentials Sprej protiv gmi\u017eu\u0107ih insekata pru\u017ea u\u010dinkovitu za\u0161titu vama i va\u0161oj obitelji. <\/p>\n<p>Njegova formula na bazi aktivnih biljnih sastojaka brzo djeluje i ubija ne\u017eeljene insekte poput mrava, \u017eohara, cvr\u010dka, buha, srebrnih ribica, ko\u017eojeda, \u0161triga, stonoga, pauka.<\/p>\n<p>Tako\u0111er koristi tehnologiju na vodenoj bazi.<\/p>\n<p>Siguran je za kori\u0161tenje u blizini djece i ku\u0107nih ljubimaca, kada se koristi prema uputama.<\/p>\n<p>Upute za uporabu:<br \/>\n1. Dobro protresite prije uporabe. Usmjerite mlaz daleko od lica i pritisnite raspr\u0161iva\u010d, dr\u017ee\u0107i sprej \u0161to uspravnije.<br \/>\n2. Nanesite direktno na gmi\u017eu\u0107eg insekta. Usmjerite mlaz prema insektu i \u010dvrsto pritisnite raspr\u0161iva\u010d. Dr\u017eite sprej 30 cm od insekta i raspr\u0161ite 1-2 sekunde.<br \/>\n3. Prije uporabe, preporu\u010duje se provjeriti mogu\u0107nost potencijalnog bojenja i \u0161tete na nekom neprimjetnom mjestu.<\/p>\n","protected":false},"excerpt":{"rendered":"<p>Brzo djelovanje<br \/>\nTehnolgoija na vodenoj bazi<br \/>\nSiguran za djecu i ku\u0107ne ljubimce<\/p>\n","protected":false},"featured_media":39119,"template":"","meta":{"_seopress_robots_primary_cat":"","_seopress_titles_title":"","_seopress_titles_desc":"","_seopress_robots_index":"","iawp_total_views":0},"product_brand":[457],"product_cat":[268,300],"product_tag":[],"class_list":{"0":"post-39118","1":"product","2":"type-product","3":"status-publish","4":"has-post-thumbnail","6":"product_brand-raid","7":"product_cat-kozmetika-2","8":"product_cat-njega-kose-268","10":"first","11":"instock","12":"shipping-taxable","13":"purchasable","14":"product-type-simple"},"_links":{"self":[{"href":"https:\/\/singuli.wpress.me\/index.php\/wp-json\/wp\/v2\/product\/39118","targetHints":{"allow":["GET"]}}],"collection":[{"href":"https:\/\/singuli.wpress.me\/index.php\/wp-json\/wp\/v2\/product"}],"about":[{"href":"https:\/\/singuli.wpress.me\/index.php\/wp-json\/wp\/v2\/types\/product"}],"version-history":[{"count":0,"href":"https:\/\/singuli.wpress.me\/index.php\/wp-json\/wp\/v2\/product\/39118\/revisions"}],"wp:featuredmedia":[{"embeddable":true,"href":"https:\/\/singuli.wpress.me\/index.php\/wp-json\/wp\/v2\/media\/39119"}],"wp:attachment":[{"href":"https:\/\/singuli.wpress.me\/index.php\/wp-json\/wp\/v2\/media?parent=39118"}],"wp:term":[{"taxonomy":"product_brand","embeddable":true,"href":"https:\/\/singuli.wpress.me\/index.php\/wp-json\/wp\/v2\/product_brand?post=39118"},{"taxonomy":"product_cat","embeddable":true,"href":"https:\/\/singuli.wpress.me\/index.php\/wp-json\/wp\/v2\/product_cat?post=39118"},{"taxonomy":"product_tag","embeddable":true,"href":"https:\/\/singuli.wpress.me\/index.php\/wp-json\/wp\/v2\/product_tag?post=39118"}],"curies":[{"name":"wp","href":"https:\/\/api.w.org\/{rel}","templated":true}]}}