{"id":39120,"date":"2026-04-18T18:14:42","date_gmt":"2026-04-18T18:14:42","guid":{"rendered":"https:\/\/singuli.wpress.me\/index.php\/proizvod\/twistshake-punjive-vrecice-za-hranu-3komx220ml\/"},"modified":"2026-04-20T12:33:27","modified_gmt":"2026-04-20T12:33:27","slug":"twistshake-punjive-vrecice-za-hranu-3komx220ml","status":"publish","type":"product","link":"https:\/\/singuli.wpress.me\/index.php\/proizvod\/twistshake-punjive-vrecice-za-hranu-3komx220ml\/","title":{"rendered":"TWISTSHAKE, punjive vre\u0107ice za hranu, 3komx220ml"},"content":{"rendered":"<p>Vi\u0161ekratna punjiva vre\u0107ica. Ne sadr\u017ei BPA i sigurna je za uporabu u perilici posu\u0111a i zamrziva\u010du. Napunite ka\u0161ama za ugodnu i hranjivu u\u017einu svojeg djeteta. Zapremnina 220ml. U paketu dolaze 3 Twistshake punjive vre\u0107ice.<\/p>\n","protected":false},"excerpt":{"rendered":"<p>Vi\u0161ekratne punjive vre\u0107ice\u2013 ekolo\u0161ki prihvatljive<br \/>\nDvostruki zatvara\u010d Ziplock \u2013 jam\u010di da sadr\u017eaj ne iscuri<br \/>\nSigurno za uporabu u zamrziva\u010du<\/p>\n","protected":false},"featured_media":39121,"template":"","meta":{"_seopress_robots_primary_cat":"","_seopress_titles_title":"","_seopress_titles_desc":"","_seopress_robots_index":"","iawp_total_views":0},"product_brand":[433],"product_cat":[274,238],"product_tag":[],"class_list":{"0":"post-39120","1":"product","2":"type-product","3":"status-publish","4":"has-post-thumbnail","6":"product_brand-twistshake","7":"product_cat-kucanski-pribor-238","8":"product_cat-sve-za-dom","10":"first","11":"outofstock","12":"shipping-taxable","13":"purchasable","14":"product-type-simple"},"_links":{"self":[{"href":"https:\/\/singuli.wpress.me\/index.php\/wp-json\/wp\/v2\/product\/39120","targetHints":{"allow":["GET"]}}],"collection":[{"href":"https:\/\/singuli.wpress.me\/index.php\/wp-json\/wp\/v2\/product"}],"about":[{"href":"https:\/\/singuli.wpress.me\/index.php\/wp-json\/wp\/v2\/types\/product"}],"version-history":[{"count":0,"href":"https:\/\/singuli.wpress.me\/index.php\/wp-json\/wp\/v2\/product\/39120\/revisions"}],"wp:featuredmedia":[{"embeddable":true,"href":"https:\/\/singuli.wpress.me\/index.php\/wp-json\/wp\/v2\/media\/39121"}],"wp:attachment":[{"href":"https:\/\/singuli.wpress.me\/index.php\/wp-json\/wp\/v2\/media?parent=39120"}],"wp:term":[{"taxonomy":"product_brand","embeddable":true,"href":"https:\/\/singuli.wpress.me\/index.php\/wp-json\/wp\/v2\/product_brand?post=39120"},{"taxonomy":"product_cat","embeddable":true,"href":"https:\/\/singuli.wpress.me\/index.php\/wp-json\/wp\/v2\/product_cat?post=39120"},{"taxonomy":"product_tag","embeddable":true,"href":"https:\/\/singuli.wpress.me\/index.php\/wp-json\/wp\/v2\/product_tag?post=39120"}],"curies":[{"name":"wp","href":"https:\/\/api.w.org\/{rel}","templated":true}]}}