{"id":39136,"date":"2026-04-18T18:14:48","date_gmt":"2026-04-18T18:14:48","guid":{"rendered":"https:\/\/singuli.wpress.me\/index.php\/proizvod\/games-drustvena-igra-pictionary-karte\/"},"modified":"2026-04-20T12:33:27","modified_gmt":"2026-04-20T12:33:27","slug":"games-drustvena-igra-pictionary-karte","status":"publish","type":"product","link":"https:\/\/singuli.wpress.me\/index.php\/proizvod\/games-drustvena-igra-pictionary-karte\/","title":{"rendered":"GAMES, dru\u0161tvena igra, Pictionary karte"},"content":{"rendered":"<p>Pictionary karte kombiniraju Pictionary i pantomimu u najlu\u0111oj igri, ali bez crtanja!<\/p>\n<p>Timovi se natje\u010du poga\u0111aju\u0107i pojmove samo uz pomo\u0107 jednostavnih slika na kartama sa slikama.<\/p>\n<p>4 ili vi\u0161e igra\u010da dijeli se u 2 tima koja se utrkuju koji \u0107e prije pogoditi pojam koriste\u0107i samo jednostavne slike na kartama i pantomimu.<\/p>\n<p>Kombinirajte slike, upotrebljavajte ih kao rekvizite, izra\u0111ujte scene s njima&#8230; jer slika vrijedi tisu\u0107u rije\u010di!<\/p>\n<p>Sadr\u017ei 2 seta karata s pojmovima koji su prilago\u0111eni odraslima i djeci.<\/p>\n","protected":false},"excerpt":{"rendered":"<p>Kombinacija Pictionarya i pantomine<br \/>\n4 ili vi\u0161e igra\u010da dijele se u 2 tima<br \/>\nSadr\u017ei 2 seta karata prilago\u0111enih djeci i odraslima<\/p>\n","protected":false},"featured_media":39137,"template":"","meta":{"_seopress_robots_primary_cat":"","_seopress_titles_title":"","_seopress_titles_desc":"","_seopress_robots_index":"","iawp_total_views":0},"product_brand":[390],"product_cat":[290,221],"product_tag":[],"class_list":{"0":"post-39136","1":"product","2":"type-product","3":"status-publish","4":"has-post-thumbnail","6":"product_brand-games","7":"product_cat-drustvene-igre-221","8":"product_cat-igracke","10":"first","11":"instock","12":"shipping-taxable","13":"purchasable","14":"product-type-simple"},"_links":{"self":[{"href":"https:\/\/singuli.wpress.me\/index.php\/wp-json\/wp\/v2\/product\/39136","targetHints":{"allow":["GET"]}}],"collection":[{"href":"https:\/\/singuli.wpress.me\/index.php\/wp-json\/wp\/v2\/product"}],"about":[{"href":"https:\/\/singuli.wpress.me\/index.php\/wp-json\/wp\/v2\/types\/product"}],"version-history":[{"count":0,"href":"https:\/\/singuli.wpress.me\/index.php\/wp-json\/wp\/v2\/product\/39136\/revisions"}],"wp:featuredmedia":[{"embeddable":true,"href":"https:\/\/singuli.wpress.me\/index.php\/wp-json\/wp\/v2\/media\/39137"}],"wp:attachment":[{"href":"https:\/\/singuli.wpress.me\/index.php\/wp-json\/wp\/v2\/media?parent=39136"}],"wp:term":[{"taxonomy":"product_brand","embeddable":true,"href":"https:\/\/singuli.wpress.me\/index.php\/wp-json\/wp\/v2\/product_brand?post=39136"},{"taxonomy":"product_cat","embeddable":true,"href":"https:\/\/singuli.wpress.me\/index.php\/wp-json\/wp\/v2\/product_cat?post=39136"},{"taxonomy":"product_tag","embeddable":true,"href":"https:\/\/singuli.wpress.me\/index.php\/wp-json\/wp\/v2\/product_tag?post=39136"}],"curies":[{"name":"wp","href":"https:\/\/api.w.org\/{rel}","templated":true}]}}