{"id":39167,"date":"2026-04-18T18:14:57","date_gmt":"2026-04-18T18:14:57","guid":{"rendered":"https:\/\/singuli.wpress.me\/index.php\/proizvod\/bison-poly-max-high-tack-express-ljepilo-i-silikon-425-g\/"},"modified":"2026-04-20T12:33:27","modified_gmt":"2026-04-20T12:33:27","slug":"bison-poly-max-high-tack-express-ljepilo-i-silikon-425-g","status":"publish","type":"product","link":"https:\/\/singuli.wpress.me\/index.php\/proizvod\/bison-poly-max-high-tack-express-ljepilo-i-silikon-425-g\/","title":{"rendered":"BISON Poly Max High Tack Express, ljepilo i silikon, 425\u00a0g"},"content":{"rendered":"<p>Univerzalno, potpuno prozirno monta\u017eno ljepilo s visokom po\u010detnom \u010dvrsto\u0107om i brzim postizanjem zavr\u0161ne snage.<\/p>\n<p>Vrlo velike inicijalne \u010dvrsto\u0107e i super brze zavr\u0161ne \u010dvrsto\u0107e. <\/p>\n<p>Za lijepljenje, u\u010dvr\u0161\u0107ivanje i brtvljenje gotovo svih vrsta gra\u0111evinskih materijala na gotovo sve podloge (glatke, porozne i neporozne).<\/p>\n","protected":false},"excerpt":{"rendered":"<p>Vrlo velika inicijalna snaga<br \/>\nIznimno sna\u017eno<br \/>\nTrajno elasti\u010dno<\/p>\n","protected":false},"featured_media":39168,"template":"","meta":{"_seopress_robots_primary_cat":"","_seopress_titles_title":"","_seopress_titles_desc":"","_seopress_robots_index":"","iawp_total_views":0},"product_brand":[494],"product_cat":[264,238],"product_tag":[],"class_list":{"0":"post-39167","1":"product","2":"type-product","3":"status-publish","4":"has-post-thumbnail","6":"product_brand-bison","7":"product_cat-ljepila-i-brtvila-238","8":"product_cat-sve-za-dom","10":"first","11":"outofstock","12":"shipping-taxable","13":"purchasable","14":"product-type-simple"},"_links":{"self":[{"href":"https:\/\/singuli.wpress.me\/index.php\/wp-json\/wp\/v2\/product\/39167","targetHints":{"allow":["GET"]}}],"collection":[{"href":"https:\/\/singuli.wpress.me\/index.php\/wp-json\/wp\/v2\/product"}],"about":[{"href":"https:\/\/singuli.wpress.me\/index.php\/wp-json\/wp\/v2\/types\/product"}],"version-history":[{"count":0,"href":"https:\/\/singuli.wpress.me\/index.php\/wp-json\/wp\/v2\/product\/39167\/revisions"}],"wp:featuredmedia":[{"embeddable":true,"href":"https:\/\/singuli.wpress.me\/index.php\/wp-json\/wp\/v2\/media\/39168"}],"wp:attachment":[{"href":"https:\/\/singuli.wpress.me\/index.php\/wp-json\/wp\/v2\/media?parent=39167"}],"wp:term":[{"taxonomy":"product_brand","embeddable":true,"href":"https:\/\/singuli.wpress.me\/index.php\/wp-json\/wp\/v2\/product_brand?post=39167"},{"taxonomy":"product_cat","embeddable":true,"href":"https:\/\/singuli.wpress.me\/index.php\/wp-json\/wp\/v2\/product_cat?post=39167"},{"taxonomy":"product_tag","embeddable":true,"href":"https:\/\/singuli.wpress.me\/index.php\/wp-json\/wp\/v2\/product_tag?post=39167"}],"curies":[{"name":"wp","href":"https:\/\/api.w.org\/{rel}","templated":true}]}}