{"id":39180,"date":"2026-04-18T18:15:01","date_gmt":"2026-04-18T18:15:01","guid":{"rendered":"https:\/\/singuli.wpress.me\/index.php\/proizvod\/wc-net-intense-gel-za-ciscenje-wc-skoljke-lavanda-750-ml\/"},"modified":"2026-04-20T12:33:27","modified_gmt":"2026-04-20T12:33:27","slug":"wc-net-intense-gel-za-ciscenje-wc-skoljke-lavanda-750-ml","status":"publish","type":"product","link":"https:\/\/singuli.wpress.me\/index.php\/proizvod\/wc-net-intense-gel-za-ciscenje-wc-skoljke-lavanda-750-ml\/","title":{"rendered":"WC NET Intense, gel za \u010di\u0161\u0107enje WC \u0161koljke, Lavanda, 750\u00a0ml"},"content":{"rendered":"<p>Dubinski \u010disti i higijenizira WC. Uklanja neugodne mirise iz WC \u0161koljke, ostavljaju\u0107i dugotrajan svje\u017ei miris. Njegova formula prianja uz stijenku WC \u0161koljke za zajam\u010denu u\u010dinkovitost.<\/p>\n","protected":false},"excerpt":{"rendered":"<p>Dubinski \u010disti<br \/>\nUklanja neugodne mirise iz WC \u0161koljke<br \/>\nDugotrajan svje\u017ei miris<\/p>\n","protected":false},"featured_media":39181,"template":"","meta":{"_seopress_robots_primary_cat":"","_seopress_titles_title":"","_seopress_titles_desc":"","_seopress_robots_index":"","iawp_total_views":0},"product_brand":[778],"product_cat":[284,238],"product_tag":[],"class_list":{"0":"post-39180","1":"product","2":"type-product","3":"status-publish","4":"has-post-thumbnail","6":"product_brand-wc-net","7":"product_cat-sredstva-za-ciscenje-238","8":"product_cat-sve-za-dom","10":"first","11":"instock","12":"shipping-taxable","13":"purchasable","14":"product-type-simple"},"_links":{"self":[{"href":"https:\/\/singuli.wpress.me\/index.php\/wp-json\/wp\/v2\/product\/39180","targetHints":{"allow":["GET"]}}],"collection":[{"href":"https:\/\/singuli.wpress.me\/index.php\/wp-json\/wp\/v2\/product"}],"about":[{"href":"https:\/\/singuli.wpress.me\/index.php\/wp-json\/wp\/v2\/types\/product"}],"version-history":[{"count":0,"href":"https:\/\/singuli.wpress.me\/index.php\/wp-json\/wp\/v2\/product\/39180\/revisions"}],"wp:featuredmedia":[{"embeddable":true,"href":"https:\/\/singuli.wpress.me\/index.php\/wp-json\/wp\/v2\/media\/39181"}],"wp:attachment":[{"href":"https:\/\/singuli.wpress.me\/index.php\/wp-json\/wp\/v2\/media?parent=39180"}],"wp:term":[{"taxonomy":"product_brand","embeddable":true,"href":"https:\/\/singuli.wpress.me\/index.php\/wp-json\/wp\/v2\/product_brand?post=39180"},{"taxonomy":"product_cat","embeddable":true,"href":"https:\/\/singuli.wpress.me\/index.php\/wp-json\/wp\/v2\/product_cat?post=39180"},{"taxonomy":"product_tag","embeddable":true,"href":"https:\/\/singuli.wpress.me\/index.php\/wp-json\/wp\/v2\/product_tag?post=39180"}],"curies":[{"name":"wp","href":"https:\/\/api.w.org\/{rel}","templated":true}]}}