{"id":39234,"date":"2026-04-19T02:22:53","date_gmt":"2026-04-19T02:22:53","guid":{"rendered":"https:\/\/singuli.wpress.me\/index.php\/proizvod\/helix-ultra-sp-0w20-motorno-ulje-za-osobna-vozila-12x1l-12-l\/"},"modified":"2026-04-20T12:33:27","modified_gmt":"2026-04-20T12:33:27","slug":"helix-ultra-sp-0w20-motorno-ulje-za-osobna-vozila-12x1l-12-l","status":"publish","type":"product","link":"https:\/\/singuli.wpress.me\/index.php\/proizvod\/helix-ultra-sp-0w20-motorno-ulje-za-osobna-vozila-12x1l-12-l\/","title":{"rendered":"HELIX ULTRA SP 0W20, motorno ulje za osobna vozila, 12x1l, 12\u00a0l"},"content":{"rendered":"<p>Potpuno sinteti\u010dko motorno ulje koje koristi jedinstvenu tehnologiju aktivnog \u010di\u0161\u0107enja kako bi pomoglo motorima visokih performansi da rade s maksimalnom u\u010dinkovito\u0161\u0107u poma\u017eu\u0107i ih za\u0161titi od naslaga i tro\u0161enja. <\/p>\n<p>Poma\u017ee u smanjenju trenja motora kako bi se pove\u0107ala ekonomi\u010dnost goriva. <\/p>\n<p>Nudi maksimalnu za\u0161titu u vrlo vru\u0107im i ekstremno hladnim klimama i te\u0161kim uvjetima vo\u017enje. <\/p>\n<p>Shell Helix Ultra SP posebno je dizajniran za najnovije benzinske motore s turboipunja\u010dem i izravnim ubrizgavanjem (TGDI) za za\u0161titu od LSPI efekta  (preuranjeno paljenje pri niskom broju okretaja i velikom optere\u0107enju). <\/p>\n<p>Tako\u0111er prikladno za moderne benzinske motore opremljene kataliti\u010dkim konverterima i recirkulacijom ispu\u0161nih plinova gdje je potrebna gradacijska viskoznost 0W-20.<\/p>\n<p><span style=\"font-weight: bold\">Specifikacija:<\/span> API SP, ILSAC GF-6A, GM dexos1 Gen 3 i Chrysler MS-6395.<\/p>\n","protected":false},"excerpt":{"rendered":"<p>Formulirano na bazi Shell PurePlus tehnologije<br \/>\nPoma\u017ee smanjiti trenje motora<br \/>\nSpecifikacija u opisu<\/p>\n","protected":false},"featured_media":39235,"template":"","meta":{"_seopress_robots_primary_cat":"","_seopress_titles_title":"","_seopress_titles_desc":"","_seopress_robots_index":"","iawp_total_views":0},"product_brand":[398],"product_cat":[243,272],"product_tag":[],"class_list":{"0":"post-39234","1":"product","2":"type-product","3":"status-publish","4":"has-post-thumbnail","6":"product_brand-helix","7":"product_cat-automobili-i-motori","8":"product_cat-motorna-ulja-243","10":"first","11":"instock","12":"shipping-taxable","13":"purchasable","14":"product-type-simple"},"_links":{"self":[{"href":"https:\/\/singuli.wpress.me\/index.php\/wp-json\/wp\/v2\/product\/39234","targetHints":{"allow":["GET"]}}],"collection":[{"href":"https:\/\/singuli.wpress.me\/index.php\/wp-json\/wp\/v2\/product"}],"about":[{"href":"https:\/\/singuli.wpress.me\/index.php\/wp-json\/wp\/v2\/types\/product"}],"version-history":[{"count":0,"href":"https:\/\/singuli.wpress.me\/index.php\/wp-json\/wp\/v2\/product\/39234\/revisions"}],"wp:featuredmedia":[{"embeddable":true,"href":"https:\/\/singuli.wpress.me\/index.php\/wp-json\/wp\/v2\/media\/39235"}],"wp:attachment":[{"href":"https:\/\/singuli.wpress.me\/index.php\/wp-json\/wp\/v2\/media?parent=39234"}],"wp:term":[{"taxonomy":"product_brand","embeddable":true,"href":"https:\/\/singuli.wpress.me\/index.php\/wp-json\/wp\/v2\/product_brand?post=39234"},{"taxonomy":"product_cat","embeddable":true,"href":"https:\/\/singuli.wpress.me\/index.php\/wp-json\/wp\/v2\/product_cat?post=39234"},{"taxonomy":"product_tag","embeddable":true,"href":"https:\/\/singuli.wpress.me\/index.php\/wp-json\/wp\/v2\/product_tag?post=39234"}],"curies":[{"name":"wp","href":"https:\/\/api.w.org\/{rel}","templated":true}]}}