{"id":39288,"date":"2026-04-19T02:23:14","date_gmt":"2026-04-19T02:23:14","guid":{"rendered":"https:\/\/singuli.wpress.me\/index.php\/proizvod\/helix-ultra-ect-c2-c3-0w30-motorno-ulje-za-osobna-vozila-55-l\/"},"modified":"2026-04-20T12:33:28","modified_gmt":"2026-04-20T12:33:28","slug":"helix-ultra-ect-c2-c3-0w30-motorno-ulje-za-osobna-vozila-55-l","status":"publish","type":"product","link":"https:\/\/singuli.wpress.me\/index.php\/proizvod\/helix-ultra-ect-c2-c3-0w30-motorno-ulje-za-osobna-vozila-55-l\/","title":{"rendered":"HELIX ULTRA ECT C2 C3 0W30, motorno ulje za osobna vozila, 55\u00a0l"},"content":{"rendered":"<p>Potpuno sinteti\u010dko motorno ulje formulirano na Shellovoj najnaprednijoj tehnologiji za naknadnu obradu ispu\u0161nih plinova Emissions Compatible Technology (ECT) koja odr\u017eava filter krutih \u010destica (DPF) \u010distim i omogu\u0107ava ostvarenje maksimalnih performansi motora. <\/p>\n<p>Osigurava smanjeno trenje i pri tome pru\u017ea pove\u0107anu u\u0161tedu goriva. <\/p>\n<p>Karakterizira ga nenadma\u0161na za\u0161tita od naslaga, najnaprednija Active Cleansing Technology, odli\u010dna oksidacijska stabilnost, niska viskoznost, superiorna antikorozivna za\u0161tita. <\/p>\n<p>Mo\u017ee se koristiti za moderne benzinske, dizelske motore kao i plinske. <\/p>\n<p>Prikladno za one motore koji trenutno koriste SAE 5W30 ili 10W30 gradaciju.<\/p>\n<p><span style=\"font-weight: bold\">Specifikacija: <\/span>ACEA C2, C3, API SN, VW Standard 504.00\/507.00, MB odobrenje 229.52, 229.51, 223.31, Fiat 9.55535-GS1, Porsche C30<\/p>\n","protected":false},"excerpt":{"rendered":"<p>Odr\u017eava filter krutih \u010destica \u010distim<br \/>\nNiska viskoznost i smanjeno trenje<br \/>\nSpecifikacija u opisu<\/p>\n","protected":false},"featured_media":39289,"template":"","meta":{"_seopress_robots_primary_cat":"","_seopress_titles_title":"","_seopress_titles_desc":"","_seopress_robots_index":"","iawp_total_views":0},"product_brand":[398],"product_cat":[243,272],"product_tag":[],"class_list":{"0":"post-39288","1":"product","2":"type-product","3":"status-publish","4":"has-post-thumbnail","6":"product_brand-helix","7":"product_cat-automobili-i-motori","8":"product_cat-motorna-ulja-243","10":"first","11":"instock","12":"shipping-taxable","13":"purchasable","14":"product-type-simple"},"_links":{"self":[{"href":"https:\/\/singuli.wpress.me\/index.php\/wp-json\/wp\/v2\/product\/39288","targetHints":{"allow":["GET"]}}],"collection":[{"href":"https:\/\/singuli.wpress.me\/index.php\/wp-json\/wp\/v2\/product"}],"about":[{"href":"https:\/\/singuli.wpress.me\/index.php\/wp-json\/wp\/v2\/types\/product"}],"version-history":[{"count":0,"href":"https:\/\/singuli.wpress.me\/index.php\/wp-json\/wp\/v2\/product\/39288\/revisions"}],"wp:featuredmedia":[{"embeddable":true,"href":"https:\/\/singuli.wpress.me\/index.php\/wp-json\/wp\/v2\/media\/39289"}],"wp:attachment":[{"href":"https:\/\/singuli.wpress.me\/index.php\/wp-json\/wp\/v2\/media?parent=39288"}],"wp:term":[{"taxonomy":"product_brand","embeddable":true,"href":"https:\/\/singuli.wpress.me\/index.php\/wp-json\/wp\/v2\/product_brand?post=39288"},{"taxonomy":"product_cat","embeddable":true,"href":"https:\/\/singuli.wpress.me\/index.php\/wp-json\/wp\/v2\/product_cat?post=39288"},{"taxonomy":"product_tag","embeddable":true,"href":"https:\/\/singuli.wpress.me\/index.php\/wp-json\/wp\/v2\/product_tag?post=39288"}],"curies":[{"name":"wp","href":"https:\/\/api.w.org\/{rel}","templated":true}]}}