{"id":39345,"date":"2026-04-19T02:23:33","date_gmt":"2026-04-19T02:23:33","guid":{"rendered":"https:\/\/singuli.wpress.me\/index.php\/proizvod\/gadinia-s3-30-ulje-za-srednjehodne-cetverotaktne-brodske-motore-209-l\/"},"modified":"2026-04-20T12:33:28","modified_gmt":"2026-04-20T12:33:28","slug":"gadinia-s3-30-ulje-za-srednjehodne-cetverotaktne-brodske-motore-209-l","status":"publish","type":"product","link":"https:\/\/singuli.wpress.me\/index.php\/proizvod\/gadinia-s3-30-ulje-za-srednjehodne-cetverotaktne-brodske-motore-209-l\/","title":{"rendered":"GADINIA S3 30, ulje za srednjehodne\/\u010detverotaktne brodske motore , 209\u00a0l"},"content":{"rendered":"<p><p><span style=\"font-weight: bold\">Visokokvalitetno vi\u0161enamjensko ulje<\/span> posebno dizajnirano za podmazivanje glavnih i pomo\u0107nih motora koji za pogon koriste destilatna dizelska goriva sa sadr\u017eajem sumpora od 1,0% m\/m i biodizel. Pogodna za uporabu u aplikacijama koje se obi\u010dno nalaze na brodu kao \u0161to su mjenja\u010di, kva\u010dila i statvene cijevi. Pru\u017ea izvrsnu oksidacijsku otpornost, termi\u010dku stabilnost i produljeni \u017eivotni vijek trajanja ulja,  pogotovo u motorima koji rade u te\u0161kim radnim uvjetima te pobolj\u0161anu otpornost na vodu i odvajanje u separatorima.<\/p>\n<p><span style=\"font-weight: bold\"><br \/>\nSpecifikacija:<\/span> Yanmar, Daihatsu, MTU CAT I, Simplex B&amp;V, Reintjes, Siemens\/Flender, Renk, Rheine.<\/p>\n<p><span style=\"font-weight: bold\">Sigurnosno upozorenje:<\/span>\n<\/p>\n<p><img decoding=\"async\" src=\"https:\/\/prod-minio-orbico.nd0.pl\/orbico.ohr\/Piktogrami\/Zdravlje.png\" alt=\"Zdravlje\" style=\"max-width: 10%;height: auto\">\n<\/p>\n<p>&#8211; H304 &#8211;&nbsp;Mo\u017ee biti smrtonosno ako se proguta i u\u0111e u di\u0161ni sustav.<\/p>\n","protected":false},"excerpt":{"rendered":"<p>Ulje za srednjehodne\/\u010detverotaktne brodske motore<br \/>\nPogodna za uporabu u brodskim mjenja\u010dima, kva\u010dilima i statvenim cijevima<br \/>\nOksidacijska otpornost<\/p>\n","protected":false},"featured_media":39346,"template":"","meta":{"_seopress_robots_primary_cat":"","_seopress_titles_title":"","_seopress_titles_desc":"","_seopress_robots_index":"","iawp_total_views":0},"product_brand":[498],"product_cat":[243,276],"product_tag":[],"class_list":{"0":"post-39345","1":"product","2":"type-product","3":"status-publish","4":"has-post-thumbnail","6":"product_brand-gadinia","7":"product_cat-automobili-i-motori","8":"product_cat-industrijska-i-specijalna-ulja-243","10":"first","11":"instock","12":"shipping-taxable","13":"purchasable","14":"product-type-simple"},"_links":{"self":[{"href":"https:\/\/singuli.wpress.me\/index.php\/wp-json\/wp\/v2\/product\/39345","targetHints":{"allow":["GET"]}}],"collection":[{"href":"https:\/\/singuli.wpress.me\/index.php\/wp-json\/wp\/v2\/product"}],"about":[{"href":"https:\/\/singuli.wpress.me\/index.php\/wp-json\/wp\/v2\/types\/product"}],"version-history":[{"count":0,"href":"https:\/\/singuli.wpress.me\/index.php\/wp-json\/wp\/v2\/product\/39345\/revisions"}],"wp:featuredmedia":[{"embeddable":true,"href":"https:\/\/singuli.wpress.me\/index.php\/wp-json\/wp\/v2\/media\/39346"}],"wp:attachment":[{"href":"https:\/\/singuli.wpress.me\/index.php\/wp-json\/wp\/v2\/media?parent=39345"}],"wp:term":[{"taxonomy":"product_brand","embeddable":true,"href":"https:\/\/singuli.wpress.me\/index.php\/wp-json\/wp\/v2\/product_brand?post=39345"},{"taxonomy":"product_cat","embeddable":true,"href":"https:\/\/singuli.wpress.me\/index.php\/wp-json\/wp\/v2\/product_cat?post=39345"},{"taxonomy":"product_tag","embeddable":true,"href":"https:\/\/singuli.wpress.me\/index.php\/wp-json\/wp\/v2\/product_tag?post=39345"}],"curies":[{"name":"wp","href":"https:\/\/api.w.org\/{rel}","templated":true}]}}