{"id":39355,"date":"2026-04-19T02:23:35","date_gmt":"2026-04-19T02:23:35","guid":{"rendered":"https:\/\/singuli.wpress.me\/index.php\/proizvod\/domo-do7348h-my-comfy-keramicki-grijac\/"},"modified":"2026-04-20T12:33:28","modified_gmt":"2026-04-20T12:33:28","slug":"domo-do7348h-my-comfy-keramicki-grijac","status":"publish","type":"product","link":"https:\/\/singuli.wpress.me\/index.php\/proizvod\/domo-do7348h-my-comfy-keramicki-grijac\/","title":{"rendered":"DOMO DO7348H My Comfy, kerami\u010dki grija\u010d"},"content":{"rendered":"<p>Sna\u017eno grijanje snage 1500 W, optimalna raspodjela topline zahvaljuju\u0107i inovativnoj centrifugalnoj tehnologiji. 2 razine snage: integrirana funkcija nisko-podesivog osciliranja temperature i uklonjivi filtri sa sigurnosnim senzorom koji ure\u0111aj odmah isklju\u010duje ako je pokriven za\u0161titom od pregrijavanja i integriranom ru\u010dkom za za\u0161titu od nagiba za lak\u0161i transport ure\u0111aja<\/p>\n","protected":false},"excerpt":{"rendered":"<p>2 postavke snage: visoka \u2013 niska<br \/>\nSigurnosni senzor\u00a0pru\u017ea sigurnu upotrebu<br \/>\nIma ugra\u0111enu ru\u010dku za jednostavno no\u0161enje<\/p>\n","protected":false},"featured_media":39356,"template":"","meta":{"_seopress_robots_primary_cat":"","_seopress_titles_title":"","_seopress_titles_desc":"","_seopress_robots_index":"","iawp_total_views":0},"product_brand":[255],"product_cat":[184,160],"product_tag":[],"class_list":{"0":"post-39355","1":"product","2":"type-product","3":"status-publish","4":"has-post-thumbnail","6":"product_brand-domo","7":"product_cat-kvaliteta-zraka-i-grijanje","8":"product_cat-mali-kucanski-aparati","10":"first","11":"outofstock","12":"shipping-taxable","13":"purchasable","14":"product-type-simple"},"_links":{"self":[{"href":"https:\/\/singuli.wpress.me\/index.php\/wp-json\/wp\/v2\/product\/39355","targetHints":{"allow":["GET"]}}],"collection":[{"href":"https:\/\/singuli.wpress.me\/index.php\/wp-json\/wp\/v2\/product"}],"about":[{"href":"https:\/\/singuli.wpress.me\/index.php\/wp-json\/wp\/v2\/types\/product"}],"version-history":[{"count":0,"href":"https:\/\/singuli.wpress.me\/index.php\/wp-json\/wp\/v2\/product\/39355\/revisions"}],"wp:featuredmedia":[{"embeddable":true,"href":"https:\/\/singuli.wpress.me\/index.php\/wp-json\/wp\/v2\/media\/39356"}],"wp:attachment":[{"href":"https:\/\/singuli.wpress.me\/index.php\/wp-json\/wp\/v2\/media?parent=39355"}],"wp:term":[{"taxonomy":"product_brand","embeddable":true,"href":"https:\/\/singuli.wpress.me\/index.php\/wp-json\/wp\/v2\/product_brand?post=39355"},{"taxonomy":"product_cat","embeddable":true,"href":"https:\/\/singuli.wpress.me\/index.php\/wp-json\/wp\/v2\/product_cat?post=39355"},{"taxonomy":"product_tag","embeddable":true,"href":"https:\/\/singuli.wpress.me\/index.php\/wp-json\/wp\/v2\/product_tag?post=39355"}],"curies":[{"name":"wp","href":"https:\/\/api.w.org\/{rel}","templated":true}]}}