{"id":39367,"date":"2026-04-19T02:23:40","date_gmt":"2026-04-19T02:23:40","guid":{"rendered":"https:\/\/singuli.wpress.me\/index.php\/proizvod\/lenor-fresh-air-effect-moonlight-lily-omeksivac-55-pranja-0-77-l\/"},"modified":"2026-04-20T12:33:28","modified_gmt":"2026-04-20T12:33:28","slug":"lenor-fresh-air-effect-moonlight-lily-omeksivac-55-pranja-0-77-l","status":"publish","type":"product","link":"https:\/\/singuli.wpress.me\/index.php\/proizvod\/lenor-fresh-air-effect-moonlight-lily-omeksivac-55-pranja-0-77-l\/","title":{"rendered":"LENOR Fresh Air Effect Moonlight Lily, omek\u0161iva\u010d, 55 pranja, 0.77\u00a0l"},"content":{"rendered":"<p>U\u017eivajte u rublju svje\u017eem kao da ste ga su\u0161ili vani na svje\u017eem zraku, \u010dak i kad ga su\u0161ite u ku\u0107i. <\/p>\n<p>Iznimno koncentrirana formula za svje\u017einu omek\u0161iva\u010da Lenor Fresh Air Effect pru\u017ea vam 55 pranja u maloj boci. <\/p>\n<p>Zahvaljuju\u0107i inovativnoj tehnologiji, trebate samo malu dozu kako bi rublje bilo svje\u017ee kao da se su\u0161ilo na svje\u017eem zraku, bez obzira na vremenske prilike. <\/p>\n<p>Lenor Fresh Air Effect Moonlight Lily Omek\u0161iva\u010d rublja je elegantan, cvjetnog mirisa, o\u010daravaju\u0107i. <\/p>\n<p>Orijentalni vihor inspiriran ljiljanima, ambrom i iskri\u010davim za\u010dinima prenosi osjetila u nepoznat svijet glamura i isku\u0161enja. <\/p>\n<p>Boca je izra\u0111ena od 100% reciklirane plastike (osim \u010depa, otvora za izlijevanje i omota) koja se mo\u017ee ponovno reciklirati (osim omota). <\/p>\n<p>Lenor Outdoorable razvijen je u suradnji s potro\u0161a\u010dima kako bi pru\u017eio osje\u0107aj svje\u017eine kao kad se rublje su\u0161i vani na svje\u017eem zraku, a nastavlja otpu\u0161tati svje\u017einu kad je rublje tek osu\u0161eno, kad je u ormaru, pa \u010dak i kad se kre\u0107ete.<\/p>\n","protected":false},"excerpt":{"rendered":"<p>\u0160titi tkanine od blije\u0111enja, stvaranja mucica i razvla\u010denja tijekom pranja<br \/>\nOmogu\u0107uje vam da u\u017eivate u rublju svje\u017eem kao da se su\u0161ilo vani, \u010dak i kad se su\u0161ilo unutra<br \/>\nBoca od 100 % reciklirane plastike (osim \u010depa, otvora za izlijevanje i omota) koja se mo\u017ee ponovno reciklirati (osim omota)<\/p>\n","protected":false},"featured_media":39368,"template":"","meta":{"_seopress_robots_primary_cat":"","_seopress_titles_title":"","_seopress_titles_desc":"","_seopress_robots_index":"","iawp_total_views":0},"product_brand":[446],"product_cat":[283,238],"product_tag":[],"class_list":{"0":"post-39367","1":"product","2":"type-product","3":"status-publish","4":"has-post-thumbnail","6":"product_brand-lenor","7":"product_cat-pranje-rublja-238","8":"product_cat-sve-za-dom","10":"first","11":"outofstock","12":"shipping-taxable","13":"purchasable","14":"product-type-simple"},"_links":{"self":[{"href":"https:\/\/singuli.wpress.me\/index.php\/wp-json\/wp\/v2\/product\/39367","targetHints":{"allow":["GET"]}}],"collection":[{"href":"https:\/\/singuli.wpress.me\/index.php\/wp-json\/wp\/v2\/product"}],"about":[{"href":"https:\/\/singuli.wpress.me\/index.php\/wp-json\/wp\/v2\/types\/product"}],"version-history":[{"count":0,"href":"https:\/\/singuli.wpress.me\/index.php\/wp-json\/wp\/v2\/product\/39367\/revisions"}],"wp:featuredmedia":[{"embeddable":true,"href":"https:\/\/singuli.wpress.me\/index.php\/wp-json\/wp\/v2\/media\/39368"}],"wp:attachment":[{"href":"https:\/\/singuli.wpress.me\/index.php\/wp-json\/wp\/v2\/media?parent=39367"}],"wp:term":[{"taxonomy":"product_brand","embeddable":true,"href":"https:\/\/singuli.wpress.me\/index.php\/wp-json\/wp\/v2\/product_brand?post=39367"},{"taxonomy":"product_cat","embeddable":true,"href":"https:\/\/singuli.wpress.me\/index.php\/wp-json\/wp\/v2\/product_cat?post=39367"},{"taxonomy":"product_tag","embeddable":true,"href":"https:\/\/singuli.wpress.me\/index.php\/wp-json\/wp\/v2\/product_tag?post=39367"}],"curies":[{"name":"wp","href":"https:\/\/api.w.org\/{rel}","templated":true}]}}