{"id":39457,"date":"2026-04-19T02:24:28","date_gmt":"2026-04-19T02:24:28","guid":{"rendered":"https:\/\/singuli.wpress.me\/index.php\/proizvod\/jar-sensitive-aloe-vera-pink-jasmine-tekuci-deterdzent-za-pranje-suda-450-ml\/"},"modified":"2026-04-20T12:33:28","modified_gmt":"2026-04-20T12:33:28","slug":"jar-sensitive-aloe-vera-pink-jasmine-tekuci-deterdzent-za-pranje-suda-450-ml","status":"publish","type":"product","link":"https:\/\/singuli.wpress.me\/index.php\/proizvod\/jar-sensitive-aloe-vera-pink-jasmine-tekuci-deterdzent-za-pranje-suda-450-ml\/","title":{"rendered":"JAR Sensitive Aloe Vera &amp; Pink Jasmine, teku\u0107i deterd\u017eent za pranje su\u0111a, 450\u00a0ml"},"content":{"rendered":"<p>Teku\u0107i deterd\u017eent za pranje posu\u0111a Jar Sensitive pru\u017ea vam snagu \u010di\u0161\u0107enja koju i o\u010dekujete od Jara u borbi protiv najtvrdokornije masno\u0107e na posu\u0111u, a istovremeno je blag i nje\u017ean prema rukama.<\/p>\n","protected":false},"excerpt":{"rendered":"<p>2 u 1: nemilosrdan prema masno\u0107i, nje\u017ean prema rukama<br \/>\nSvaka kap \u010disti veliku koli\u010dinu prljavog posu\u0111a<br \/>\nSna\u017ena formula Jara s lako\u0107om uklanja masno\u0107u sa svih vrsta posu\u0111a<\/p>\n","protected":false},"featured_media":39458,"template":"","meta":{"_seopress_robots_primary_cat":"","_seopress_titles_title":"","_seopress_titles_desc":"","_seopress_robots_index":"","iawp_total_views":0},"product_brand":[454],"product_cat":[314,238],"product_tag":[],"class_list":{"0":"post-39457","1":"product","2":"type-product","3":"status-publish","4":"has-post-thumbnail","6":"product_brand-jar","7":"product_cat-pranje-posuda-238","8":"product_cat-sve-za-dom","10":"first","11":"outofstock","12":"shipping-taxable","13":"purchasable","14":"product-type-simple"},"_links":{"self":[{"href":"https:\/\/singuli.wpress.me\/index.php\/wp-json\/wp\/v2\/product\/39457","targetHints":{"allow":["GET"]}}],"collection":[{"href":"https:\/\/singuli.wpress.me\/index.php\/wp-json\/wp\/v2\/product"}],"about":[{"href":"https:\/\/singuli.wpress.me\/index.php\/wp-json\/wp\/v2\/types\/product"}],"version-history":[{"count":0,"href":"https:\/\/singuli.wpress.me\/index.php\/wp-json\/wp\/v2\/product\/39457\/revisions"}],"wp:featuredmedia":[{"embeddable":true,"href":"https:\/\/singuli.wpress.me\/index.php\/wp-json\/wp\/v2\/media\/39458"}],"wp:attachment":[{"href":"https:\/\/singuli.wpress.me\/index.php\/wp-json\/wp\/v2\/media?parent=39457"}],"wp:term":[{"taxonomy":"product_brand","embeddable":true,"href":"https:\/\/singuli.wpress.me\/index.php\/wp-json\/wp\/v2\/product_brand?post=39457"},{"taxonomy":"product_cat","embeddable":true,"href":"https:\/\/singuli.wpress.me\/index.php\/wp-json\/wp\/v2\/product_cat?post=39457"},{"taxonomy":"product_tag","embeddable":true,"href":"https:\/\/singuli.wpress.me\/index.php\/wp-json\/wp\/v2\/product_tag?post=39457"}],"curies":[{"name":"wp","href":"https:\/\/api.w.org\/{rel}","templated":true}]}}