{"id":39487,"date":"2026-04-19T02:24:44","date_gmt":"2026-04-19T02:24:44","guid":{"rendered":"https:\/\/singuli.wpress.me\/index.php\/proizvod\/twistshake-posuda-za-hranu-350-ml-2\/"},"modified":"2026-04-21T00:27:00","modified_gmt":"2026-04-21T00:27:00","slug":"twistshake-posuda-za-hranu-350-ml-2","status":"publish","type":"product","link":"https:\/\/singuli.wpress.me\/index.php\/proizvod\/twistshake-posuda-za-hranu-350-ml-2\/","title":{"rendered":"TWISTSHAKE, posuda za hranu, 350\u00a0ml"},"content":{"rendered":"<p>Ova super prikladna Twistshake termo posudica za pohranjivanje hrane izra\u0111ena od nehr\u0111aju\u0107eg \u010delika savr\u0161ena je za \u0161etnje i putovanja. Uz ovu posudicu \u0107ete uvijek imati topli obrok za djecu.Uz posudicu dobijete i sklopivu \u017eli\u010dicu, koja je prikladna za mali\u0161ane. Za maksimalnu funkcionalnost (toplo ili hladno) savjetujemo, da posudicu napunite do kraja. Hrana mo\u017ee u posudici odr\u017eavati temperaturu \u010dak do 10 sati. Posudica ima gumeno dno \u0161to sprije\u010dava klizanje.Zapremnina: 350 ml. Prikladno od 6. mjeseca nadalje.<\/p>\n","protected":false},"excerpt":{"rendered":"<p>Termo posudica za pohranjivanje<br \/>\nIzra\u0111ena od nehr\u0111aju\u010deg \u010delika<br \/>\nHrana u posuditi odr\u017eava temperaturu do 10 sati<\/p>\n","protected":false},"featured_media":39488,"template":"","meta":{"_seopress_robots_primary_cat":"","_seopress_titles_title":"","_seopress_titles_desc":"","_seopress_robots_index":"","iawp_total_views":0},"product_brand":[433],"product_cat":[274,238],"product_tag":[],"class_list":{"0":"post-39487","1":"product","2":"type-product","3":"status-publish","4":"has-post-thumbnail","6":"product_brand-twistshake","7":"product_cat-kucanski-pribor-238","8":"product_cat-sve-za-dom","10":"first","11":"outofstock","12":"shipping-taxable","13":"purchasable","14":"product-type-simple"},"_links":{"self":[{"href":"https:\/\/singuli.wpress.me\/index.php\/wp-json\/wp\/v2\/product\/39487","targetHints":{"allow":["GET"]}}],"collection":[{"href":"https:\/\/singuli.wpress.me\/index.php\/wp-json\/wp\/v2\/product"}],"about":[{"href":"https:\/\/singuli.wpress.me\/index.php\/wp-json\/wp\/v2\/types\/product"}],"version-history":[{"count":0,"href":"https:\/\/singuli.wpress.me\/index.php\/wp-json\/wp\/v2\/product\/39487\/revisions"}],"wp:featuredmedia":[{"embeddable":true,"href":"https:\/\/singuli.wpress.me\/index.php\/wp-json\/wp\/v2\/media\/39488"}],"wp:attachment":[{"href":"https:\/\/singuli.wpress.me\/index.php\/wp-json\/wp\/v2\/media?parent=39487"}],"wp:term":[{"taxonomy":"product_brand","embeddable":true,"href":"https:\/\/singuli.wpress.me\/index.php\/wp-json\/wp\/v2\/product_brand?post=39487"},{"taxonomy":"product_cat","embeddable":true,"href":"https:\/\/singuli.wpress.me\/index.php\/wp-json\/wp\/v2\/product_cat?post=39487"},{"taxonomy":"product_tag","embeddable":true,"href":"https:\/\/singuli.wpress.me\/index.php\/wp-json\/wp\/v2\/product_tag?post=39487"}],"curies":[{"name":"wp","href":"https:\/\/api.w.org\/{rel}","templated":true}]}}