{"id":39534,"date":"2026-04-19T02:24:57","date_gmt":"2026-04-19T02:24:57","guid":{"rendered":"https:\/\/singuli.wpress.me\/index.php\/proizvod\/raid-sprej-protiv-mrava-i-zohara-s-usmjerivacem-400-ml-2\/"},"modified":"2026-04-21T00:27:00","modified_gmt":"2026-04-21T00:27:00","slug":"raid-sprej-protiv-mrava-i-zohara-s-usmjerivacem-400-ml-2","status":"publish","type":"product","link":"https:\/\/singuli.wpress.me\/index.php\/proizvod\/raid-sprej-protiv-mrava-i-zohara-s-usmjerivacem-400-ml-2\/","title":{"rendered":"RAID, sprej, protiv mrava i \u017eohara s usmjeriva\u010dem, 400\u00a0ml"},"content":{"rendered":"<p>Raid\u00ae Sprej protiv mrava i \u017eohara s usmjeriva\u010dem, zahvaljuju\u0107i djelotvornoj formuli osigurava dugotrajnu za\u0161titu do 4 tjedna uni\u0161tavaju\u0107i \u017eohare i njihova jaja\u0161ca. <\/p>\n<p>Pomo\u0107u cjev\u010dice raspr\u0161ite i uni\u0161tite sve gmi\u017eu\u0107e insekte. <\/p>\n<p>Nakon raspr\u0161ivanja sredstvo nastavlja uni\u0161tavati gmi\u017eu\u0107e insekte i do 4 tjedna.<\/p>\n<p>Formula ovog spreja djelotvorna je za gmi\u017eu\u0107e insekte poput: \u017eohara, mrava, paukova, stjenica i skakavaca. <\/p>\n<p>Usmjeravanje mlaza omogu\u0107uje vam preciznije ciljanje gmi\u017eu\u0107ih insekata na te\u0161ko dostupnim mjestima.<\/p>\n","protected":false},"excerpt":{"rendered":"<p>Sprej protiv mrava i \u017eohara<br \/>\nDugotrajna za\u0161tita do 4 tjedna<br \/>\nLaka upotreba<\/p>\n","protected":false},"featured_media":39535,"template":"","meta":{"_seopress_robots_primary_cat":"","_seopress_titles_title":"","_seopress_titles_desc":"","_seopress_robots_index":"","iawp_total_views":0},"product_brand":[457],"product_cat":[268,300],"product_tag":[],"class_list":{"0":"post-39534","1":"product","2":"type-product","3":"status-publish","4":"has-post-thumbnail","6":"product_brand-raid","7":"product_cat-kozmetika-2","8":"product_cat-njega-kose-268","10":"first","11":"instock","12":"shipping-taxable","13":"purchasable","14":"product-type-simple"},"_links":{"self":[{"href":"https:\/\/singuli.wpress.me\/index.php\/wp-json\/wp\/v2\/product\/39534","targetHints":{"allow":["GET"]}}],"collection":[{"href":"https:\/\/singuli.wpress.me\/index.php\/wp-json\/wp\/v2\/product"}],"about":[{"href":"https:\/\/singuli.wpress.me\/index.php\/wp-json\/wp\/v2\/types\/product"}],"version-history":[{"count":0,"href":"https:\/\/singuli.wpress.me\/index.php\/wp-json\/wp\/v2\/product\/39534\/revisions"}],"wp:featuredmedia":[{"embeddable":true,"href":"https:\/\/singuli.wpress.me\/index.php\/wp-json\/wp\/v2\/media\/39535"}],"wp:attachment":[{"href":"https:\/\/singuli.wpress.me\/index.php\/wp-json\/wp\/v2\/media?parent=39534"}],"wp:term":[{"taxonomy":"product_brand","embeddable":true,"href":"https:\/\/singuli.wpress.me\/index.php\/wp-json\/wp\/v2\/product_brand?post=39534"},{"taxonomy":"product_cat","embeddable":true,"href":"https:\/\/singuli.wpress.me\/index.php\/wp-json\/wp\/v2\/product_cat?post=39534"},{"taxonomy":"product_tag","embeddable":true,"href":"https:\/\/singuli.wpress.me\/index.php\/wp-json\/wp\/v2\/product_tag?post=39534"}],"curies":[{"name":"wp","href":"https:\/\/api.w.org\/{rel}","templated":true}]}}